CRAN Package Check Results for Package knitcitations

Last updated on 2021-04-20 23:47:46 CEST.

Flavor Version Tinstall Tcheck Ttotal Status Flags
r-devel-linux-x86_64-debian-clang 1.0.12 4.35 43.39 47.74 OK
r-devel-linux-x86_64-debian-gcc 1.0.12 3.33 33.22 36.55 OK
r-devel-linux-x86_64-fedora-clang 1.0.12 70.34 OK
r-devel-linux-x86_64-fedora-gcc 1.0.12 55.62 OK
r-devel-windows-ix86+x86_64 1.0.12 11.00 46.00 57.00 OK
r-devel-windows-x86_64-gcc10-UCRT 1.0.12 OK
r-patched-linux-x86_64 1.0.12 4.31 40.81 45.12 WARN
r-patched-solaris-x86 1.0.12 85.90 OK
r-release-linux-x86_64 1.0.12 4.25 41.08 45.33 OK
r-release-macos-x86_64 1.0.12 OK
r-release-windows-ix86+x86_64 1.0.12 10.00 58.00 68.00 OK
r-oldrel-macos-x86_64 1.0.12 OK
r-oldrel-windows-ix86+x86_64 1.0.12 16.00 59.00 75.00 OK

Check Details

Version: 1.0.12
Check: whether package can be installed
Result: WARN
    Found the following significant warnings:
     Rd warning: /tmp/RtmpGeepoq/R.INSTALL32d824698ba2/knitcitations/man/citep.Rd:17: file link ‘Citep’ in package ‘RefManageR’ does not exist and so has been treated as a topic
     Rd warning: /tmp/RtmpGeepoq/R.INSTALL32d824698ba2/knitcitations/man/citep.Rd:47: file link ‘Citep’ in package ‘RefManageR’ does not exist and so has been treated as a topic
     Rd warning: /tmp/RtmpGeepoq/R.INSTALL32d824698ba2/knitcitations/man/citet.Rd:17: file link ‘Citet’ in package ‘RefManageR’ does not exist and so has been treated as a topic
     Rd warning: /tmp/RtmpGeepoq/R.INSTALL32d824698ba2/knitcitations/man/citet.Rd:47: file link ‘Citep’ in package ‘RefManageR’ does not exist and so has been treated as a topic
Flavor: r-patched-linux-x86_64