CRAN Package Check Results for Package klausuR

Last updated on 2019-11-10 23:48:30 CET.

Flavor Version Tinstall Tcheck Ttotal Status Flags
r-devel-linux-x86_64-debian-clang 0.12-10 6.37 41.98 48.35 NOTE
r-devel-linux-x86_64-debian-gcc 0.12-10 5.19 32.50 37.69 NOTE
r-devel-linux-x86_64-fedora-clang 0.12-10 57.20 NOTE
r-devel-linux-x86_64-fedora-gcc 0.12-10 56.62 NOTE
r-devel-windows-ix86+x86_64 0.12-10 12.00 59.00 71.00 NOTE
r-patched-linux-x86_64 0.12-10 5.51 40.52 46.03 NOTE
r-patched-solaris-x86 0.12-10 78.50 NOTE
r-release-linux-x86_64 0.12-10 5.27 40.27 45.54 NOTE
r-release-windows-ix86+x86_64 0.12-10 15.00 57.00 72.00 NOTE
r-release-osx-x86_64 0.12-10 NOTE
r-oldrel-windows-ix86+x86_64 0.12-10 11.00 67.00 78.00 NOTE
r-oldrel-osx-x86_64 0.12-10 NOTE

Check Details

Version: 0.12-10
Check: package dependencies
Result: NOTE
    Package which this enhances but not available for checking: 'rkward'
Flavors: r-devel-linux-x86_64-debian-clang, r-devel-linux-x86_64-debian-gcc, r-devel-linux-x86_64-fedora-clang, r-devel-linux-x86_64-fedora-gcc, r-devel-windows-ix86+x86_64, r-patched-linux-x86_64, r-patched-solaris-x86, r-release-linux-x86_64, r-release-windows-ix86+x86_64, r-release-osx-x86_64, r-oldrel-windows-ix86+x86_64, r-oldrel-osx-x86_64

Version: 0.12-10
Check: R code for possible problems
Result: NOTE
    distrct.analysis : <anonymous> : <anonymous>: no visible global
     function definition for 'cor'
    grand.table: no visible global function definition for 'write.csv2'
    grand.table: no visible global function definition for 'write.csv'
    klausur: no visible global function definition for 'sd'
    klausur: no visible global function definition for 'na.omit'
    klausur.gen.marks : suggestion : <anonymous>: no visible global
     function definition for 'qnorm'
    klausur.mufo: no visible global function definition for 'sd'
    klausur.report: no visible global function definition for 'dev.off'
    klausur.report : tabellenbau: no visible global function definition for
     'capture.output'
    plot,klausuR-missing: no visible global function definition for
     'na.omit'
    plot,klausuR-missing: no visible global function definition for 'sd'
    plot,klausuR-missing : <anonymous>: no visible global function
     definition for 'dnorm'
    Undefined global functions or variables:
     capture.output cor dev.off dnorm na.omit qnorm sd write.csv
     write.csv2
    Consider adding
     importFrom("grDevices", "dev.off")
     importFrom("stats", "cor", "dnorm", "na.omit", "qnorm", "sd")
     importFrom("utils", "capture.output", "write.csv", "write.csv2")
    to your NAMESPACE file.
Flavors: r-devel-linux-x86_64-debian-clang, r-devel-linux-x86_64-debian-gcc, r-devel-linux-x86_64-fedora-clang, r-devel-linux-x86_64-fedora-gcc, r-devel-windows-ix86+x86_64, r-patched-linux-x86_64, r-patched-solaris-x86, r-release-linux-x86_64, r-release-windows-ix86+x86_64, r-release-osx-x86_64, r-oldrel-windows-ix86+x86_64, r-oldrel-osx-x86_64

Version: 0.12-10
Check: data for non-ASCII characters
Result: NOTE
     Note: found 8 marked UTF-8 strings
Flavors: r-devel-linux-x86_64-fedora-clang, r-devel-linux-x86_64-fedora-gcc, r-patched-solaris-x86, r-release-osx-x86_64, r-oldrel-osx-x86_64