Last updated on 2023-06-02 01:00:29 CEST.
Flavor | Version | Tinstall | Tcheck | Ttotal | Status | Flags |
---|---|---|---|---|---|---|
r-devel-linux-x86_64-debian-clang | 0.12-14 | 8.37 | 53.20 | 61.57 | NOTE | |
r-devel-linux-x86_64-debian-gcc | 0.12-14 | 5.17 | 40.60 | 45.77 | NOTE | |
r-devel-linux-x86_64-fedora-clang | 0.12-14 | 74.63 | NOTE | |||
r-devel-linux-x86_64-fedora-gcc | 0.12-14 | 71.39 | NOTE | |||
r-devel-windows-x86_64 | 0.12-14 | 8.00 | 62.00 | 70.00 | NOTE | |
r-patched-linux-x86_64 | 0.12-14 | NOTE | ||||
r-release-linux-x86_64 | 0.12-14 | 8.07 | 50.22 | 58.29 | NOTE | |
r-release-macos-arm64 | 0.12-14 | 26.00 | NOTE | |||
r-release-macos-x86_64 | 0.12-14 | 39.00 | NOTE | |||
r-release-windows-x86_64 | 0.12-14 | 10.00 | 70.00 | 80.00 | NOTE | |
r-oldrel-macos-arm64 | 0.12-14 | 32.00 | NOTE | |||
r-oldrel-macos-x86_64 | 0.12-14 | 36.00 | NOTE | |||
r-oldrel-windows-x86_64 | 0.12-14 | 12.00 | 72.00 | 84.00 | NOTE |
Version: 0.12-14
Check: package dependencies
Result: NOTE
Package which this enhances but not available for checking: ‘rkward’
Flavors: r-devel-linux-x86_64-debian-clang, r-devel-linux-x86_64-debian-gcc, r-devel-linux-x86_64-fedora-clang, r-devel-linux-x86_64-fedora-gcc, r-devel-windows-x86_64, r-patched-linux-x86_64, r-release-linux-x86_64, r-release-macos-arm64, r-release-macos-x86_64, r-release-windows-x86_64, r-oldrel-macos-arm64, r-oldrel-macos-x86_64, r-oldrel-windows-x86_64
Version: 0.12-14
Check: data for non-ASCII characters
Result: NOTE
Note: found 8 marked UTF-8 strings
Flavors: r-devel-linux-x86_64-fedora-clang, r-devel-linux-x86_64-fedora-gcc, r-oldrel-macos-x86_64