CRAN Package Check Results for Package kiwisR

Last updated on 2019-07-15 00:50:36 CEST.

Flavor Version Tinstall Tcheck Ttotal Status Flags
r-devel-linux-x86_64-debian-clang 0.1.6 1.68 26.12 27.80 OK
r-devel-linux-x86_64-debian-gcc 0.1.6 1.58 21.45 23.03 OK
r-devel-linux-x86_64-fedora-clang 0.1.6 32.48 OK
r-devel-linux-x86_64-fedora-gcc 0.1.6 31.09 OK
r-devel-windows-ix86+x86_64 0.1.6 5.00 86.00 91.00 OK
r-patched-linux-x86_64 0.1.6 2.06 27.02 29.08 OK
r-patched-solaris-x86 0.1.6 44.70 ERROR
r-release-linux-x86_64 0.1.6 1.76 26.30 28.06 OK
r-release-windows-ix86+x86_64 0.1.6 4.00 155.00 159.00 ERROR
r-release-osx-x86_64 0.1.6 OK
r-oldrel-windows-ix86+x86_64 0.1.6 4.00 126.00 130.00 OK
r-oldrel-osx-x86_64 0.1.6 OK

Check Details

Version: 0.1.6
Check: examples
Result: ERROR
    Running examples in ‘kiwisR-Ex.R’ failed
    The error most likely occurred in:
    
    > ### Name: ki_group_list
    > ### Title: Get list of available groups
    > ### Aliases: ki_group_list
    >
    > ### ** Examples
    >
    > ki_group_list(hub = 'swmc')
    Error in ki_group_list(hub = "swmc") :
     Query returned error: Timeout was reached: Operation timed out after 10000 milliseconds with 0 out of 0 bytes received
    Execution halted
Flavor: r-patched-solaris-x86

Version: 0.1.6
Check: examples
Result: ERROR
    Running examples in 'kiwisR-Ex.R' failed
    The error most likely occurred in:
    
    > ### Name: ki_group_list
    > ### Title: Get list of available groups
    > ### Aliases: ki_group_list
    >
    > ### ** Examples
    >
    > ki_group_list(hub = 'swmc')
    No encoding supplied: defaulting to UTF-8.
    Error in 2:nrow(json_content) : argument of length 0
    Calls: ki_group_list -> <Anonymous>
    Execution halted
Flavor: r-release-windows-ix86+x86_64