CRAN Package Check Results for Package kibior

Last updated on 2024-06-13 00:55:19 CEST.

Flavor Version Tinstall Tcheck Ttotal Status Flags
r-devel-linux-x86_64-debian-clang 0.1.1 12.60 75.19 87.79 NOTE
r-devel-linux-x86_64-debian-gcc 0.1.1 0.84 1.93 2.77 ERROR
r-devel-linux-x86_64-fedora-clang 0.1.1 113.82 NOTE
r-devel-linux-x86_64-fedora-gcc 0.1.1 120.72 NOTE
r-devel-windows-x86_64 0.1.1 10.00 83.00 93.00 NOTE
r-patched-linux-x86_64 0.1.1 13.90 72.18 86.08 NOTE
r-release-linux-x86_64 0.1.1 7.28 69.92 77.20 NOTE
r-release-macos-arm64 0.1.1 38.00 NOTE
r-release-macos-x86_64 0.1.1 58.00 NOTE
r-release-windows-x86_64 0.1.1 9.00 85.00 94.00 NOTE
r-oldrel-macos-arm64 0.1.1 50.00 NOTE
r-oldrel-macos-x86_64 0.1.1 56.00 NOTE
r-oldrel-windows-x86_64 0.1.1 13.00 90.00 103.00 NOTE

Check Details

Version: 0.1.1
Check: LazyData
Result: NOTE 'LazyData' is specified without a 'data' directory Flavors: r-devel-linux-x86_64-debian-clang, r-devel-linux-x86_64-fedora-clang, r-devel-linux-x86_64-fedora-gcc, r-devel-windows-x86_64, r-patched-linux-x86_64, r-release-linux-x86_64, r-release-macos-arm64, r-release-macos-x86_64, r-release-windows-x86_64, r-oldrel-macos-arm64, r-oldrel-macos-x86_64, r-oldrel-windows-x86_64

Version: 0.1.1
Check: package dependencies
Result: ERROR Packages required but not available: 'stringr', 'purrr', 'rio', 'tibble', 'dplyr', 'tidyr' Packages suggested but not available for checking: 'ggplot2', 'readr', 'testthat' See section ‘The DESCRIPTION file’ in the ‘Writing R Extensions’ manual. Flavor: r-devel-linux-x86_64-debian-gcc

Version: 0.1.1
Check: installed package size
Result: NOTE installed size is 5.0Mb sub-directories of 1Mb or more: doc 3.2Mb extdata 1.2Mb Flavors: r-devel-linux-x86_64-fedora-clang, r-release-macos-arm64, r-release-macos-x86_64, r-oldrel-macos-x86_64

Version: 0.1.1
Check: dependencies in R code
Result: NOTE Namespaces in Imports field not imported from: ‘Biostrings’ ‘Rsamtools’ ‘rtracklayer’ All declared Imports should be used. Flavors: r-devel-linux-x86_64-fedora-clang, r-devel-linux-x86_64-fedora-gcc