Last updated on 2021-01-24 23:47:34 CET.
Flavor | Version | Tinstall | Tcheck | Ttotal | Status | Flags |
---|---|---|---|---|---|---|
r-devel-linux-x86_64-debian-clang | 0.3.1 | 214.44 | 138.00 | 352.44 | OK | |
r-devel-linux-x86_64-debian-gcc | 0.3.1 | 133.71 | 98.10 | 231.81 | OK | |
r-devel-linux-x86_64-fedora-clang | 0.3.1 | 479.24 | NOTE | |||
r-devel-linux-x86_64-fedora-gcc | 0.3.1 | 382.85 | OK | |||
r-devel-windows-ix86+x86_64 | 0.3.1 | 463.00 | 229.00 | 692.00 | OK | |
r-patched-linux-x86_64 | 0.3.1 | 163.32 | 134.38 | 297.70 | OK | |
r-patched-solaris-x86 | 0.3.1 | 395.10 | OK | |||
r-release-linux-x86_64 | 0.3.1 | 156.18 | 135.95 | 292.13 | OK | |
r-release-macos-x86_64 | 0.3.1 | NOTE | ||||
r-release-windows-ix86+x86_64 | 0.3.1 | 397.00 | 283.00 | 680.00 | OK | |
r-oldrel-macos-x86_64 | 0.3.1 | NOTE | ||||
r-oldrel-windows-ix86+x86_64 | 0.3.1 | 342.00 | 267.00 | 609.00 | OK |
Version: 0.3.1
Check: installed package size
Result: NOTE
installed size is 13.6Mb
sub-directories of 1Mb or more:
libs 13.2Mb
Flavors: r-devel-linux-x86_64-fedora-clang, r-release-macos-x86_64, r-oldrel-macos-x86_64