CRAN Package Check Results for Package keyATM

Last updated on 2024-07-13 00:55:28 CEST.

Flavor Version Tinstall Tcheck Ttotal Status Flags
r-devel-linux-x86_64-debian-clang 0.5.2 264.36 251.65 516.01 OK
r-devel-linux-x86_64-debian-gcc 0.5.2 173.53 171.11 344.64 OK
r-devel-linux-x86_64-fedora-clang 0.5.2 710.94 OK
r-devel-linux-x86_64-fedora-gcc 0.5.2 727.98 OK
r-devel-windows-x86_64 0.5.2 198.00 204.00 402.00 NOTE
r-patched-linux-x86_64 0.5.2 212.36 242.19 454.55 OK
r-release-linux-x86_64 0.5.2 151.80 237.64 389.44 OK
r-release-macos-arm64 0.5.2 154.00 NOTE
r-release-macos-x86_64 0.5.2 166.00 NOTE
r-release-windows-x86_64 0.5.2 200.00 202.00 402.00 OK
r-oldrel-macos-arm64 0.5.2 169.00 NOTE
r-oldrel-macos-x86_64 0.5.2 240.00 NOTE
r-oldrel-windows-x86_64 0.5.2 242.00 240.00 482.00 OK

Check Details

Version: 0.5.2
Check: Rd cross-references
Result: NOTE Found the following Rd file(s) with Rd \link{} targets missing package anchors: read_keywords.Rd: dictionary Please provide package anchors for all Rd \link{} targets not in the package itself and the base packages. Flavor: r-devel-windows-x86_64

Version: 0.5.2
Check: installed package size
Result: NOTE installed size is 11.6Mb sub-directories of 1Mb or more: libs 11.1Mb Flavors: r-release-macos-arm64, r-release-macos-x86_64, r-oldrel-macos-arm64, r-oldrel-macos-x86_64