Last updated on 2021-01-18 23:49:33 CET.
Flavor | Version | Tinstall | Tcheck | Ttotal | Status | Flags |
---|---|---|---|---|---|---|
r-devel-linux-x86_64-debian-clang | 1.2 | 2.94 | 63.16 | 66.10 | NOTE | |
r-devel-linux-x86_64-debian-gcc | 1.2 | 2.06 | 47.82 | 49.88 | NOTE | |
r-devel-linux-x86_64-fedora-clang | 1.2 | 88.21 | NOTE | |||
r-devel-linux-x86_64-fedora-gcc | 1.2 | 80.00 | NOTE | |||
r-devel-windows-ix86+x86_64 | 1.2 | 4.00 | 85.00 | 89.00 | NOTE | |
r-patched-linux-x86_64 | 1.2 | 2.70 | 58.05 | 60.75 | NOTE | |
r-patched-solaris-x86 | 1.2 | 132.80 | NOTE | |||
r-release-linux-x86_64 | 1.2 | 2.79 | 57.84 | 60.63 | NOTE | |
r-release-macos-x86_64 | 1.2 | NOTE | ||||
r-release-windows-ix86+x86_64 | 1.2 | 5.00 | 77.00 | 82.00 | NOTE | |
r-oldrel-macos-x86_64 | 1.2 | NOTE | ||||
r-oldrel-windows-ix86+x86_64 | 1.2 | 4.00 | 65.00 | 69.00 | NOTE |
Version: 1.2
Check: DESCRIPTION meta-information
Result: NOTE
Malformed Title field: should not end in a period.
Checking should be performed on sources prepared by 'R CMD build'.
Flavors: r-devel-linux-x86_64-debian-clang, r-devel-linux-x86_64-debian-gcc, r-devel-linux-x86_64-fedora-clang, r-devel-linux-x86_64-fedora-gcc, r-devel-windows-ix86+x86_64, r-patched-linux-x86_64, r-patched-solaris-x86, r-release-linux-x86_64, r-release-macos-x86_64, r-release-windows-ix86+x86_64, r-oldrel-macos-x86_64, r-oldrel-windows-ix86+x86_64
Version: 1.2
Check: dependencies in R code
Result: NOTE
Packages in Depends field not imported from:
'chron' 'date' 'evir'
These packages need to be imported from (in the NAMESPACE file)
for when this namespace is loaded but not attached.
Flavors: r-devel-linux-x86_64-debian-clang, r-devel-linux-x86_64-debian-gcc, r-devel-linux-x86_64-fedora-clang, r-devel-linux-x86_64-fedora-gcc, r-devel-windows-ix86+x86_64, r-patched-linux-x86_64, r-patched-solaris-x86, r-release-linux-x86_64, r-release-macos-x86_64, r-release-windows-ix86+x86_64, r-oldrel-macos-x86_64, r-oldrel-windows-ix86+x86_64
Version: 1.2
Check: R code for possible problems
Result: NOTE
ALbw: no visible global function definition for 'sd'
ALbw: no visible global function definition for 'quantile'
CVbw: no visible global function definition for 'quantile'
PBbw: no visible global function definition for 'sd'
PBbw: no visible global function definition for 'IQR'
kernel_function: no visible global function definition for 'dnorm'
kernel_function_distribution: no visible global function definition for
'pnorm'
simp_int: no visible global function definition for 'approx'
Undefined global functions or variables:
IQR approx dnorm pnorm quantile sd
Consider adding
importFrom("stats", "IQR", "approx", "dnorm", "pnorm", "quantile",
"sd")
to your NAMESPACE file.
Flavors: r-devel-linux-x86_64-debian-clang, r-devel-linux-x86_64-debian-gcc, r-devel-linux-x86_64-fedora-clang, r-devel-linux-x86_64-fedora-gcc, r-devel-windows-ix86+x86_64, r-patched-linux-x86_64, r-patched-solaris-x86, r-release-linux-x86_64, r-release-macos-x86_64, r-release-windows-ix86+x86_64, r-oldrel-macos-x86_64, r-oldrel-windows-ix86+x86_64