CRAN Package Check Results for Package kerDAA

Last updated on 2024-06-21 00:57:14 CEST.

Flavor Version Tinstall Tcheck Ttotal Status Flags
r-devel-linux-x86_64-debian-clang 0.1.1 2.17 22.29 24.46 OK
r-devel-linux-x86_64-debian-gcc 0.1.1 1.51 18.04 19.55 OK
r-devel-linux-x86_64-fedora-clang 0.1.1 32.37 NOTE
r-devel-linux-x86_64-fedora-gcc 0.1.1 30.30 NOTE
r-devel-windows-x86_64 0.1.1 3.00 40.00 43.00 OK
r-patched-linux-x86_64 0.1.1 2.09 22.26 24.35 OK
r-release-linux-x86_64 0.1.1 1.74 21.77 23.51 OK
r-release-macos-arm64 0.1.1 15.00 OK
r-release-macos-x86_64 0.1.1 22.00 OK
r-release-windows-x86_64 0.1.1 3.00 42.00 45.00 OK
r-oldrel-macos-arm64 0.1.1 17.00 OK
r-oldrel-macos-x86_64 0.1.1 32.00 OK
r-oldrel-windows-x86_64 0.1.1 3.00 42.00 45.00 OK

Check Details

Version: 0.1.1
Check: dependencies in R code
Result: NOTE Namespace in Imports field not imported from: ‘mvtnorm’ All declared Imports should be used. Flavors: r-devel-linux-x86_64-fedora-clang, r-devel-linux-x86_64-fedora-gcc