CRAN Package Check Results for Package kangar00

Last updated on 2019-08-11 23:47:32 CEST.

Flavor Version Tinstall Tcheck Ttotal Status Flags
r-devel-linux-x86_64-debian-clang 1.3 16.56 142.45 159.01 OK
r-devel-linux-x86_64-debian-gcc 1.3 14.49 109.05 123.54 OK
r-devel-linux-x86_64-fedora-clang 1.3 187.36 OK
r-devel-linux-x86_64-fedora-gcc 1.3 181.69 OK
r-devel-windows-ix86+x86_64 1.3 41.00 226.00 267.00 OK
r-patched-linux-x86_64 1.3 14.70 138.22 152.92 OK
r-patched-solaris-x86 1.3 296.60 OK
r-release-linux-x86_64 1.3 15.00 137.17 152.17 OK
r-release-windows-ix86+x86_64 1.3 43.00 143.00 186.00 OK
r-release-osx-x86_64 1.3 ERROR
r-oldrel-windows-ix86+x86_64 1.3 27.00 197.00 224.00 OK
r-oldrel-osx-x86_64 1.3 OK

Check Details

Version: 1.3
Check: package dependencies
Result: ERROR
    Package required but not available: ‘biomaRt’
    
    See section ‘The DESCRIPTION file’ in the ‘Writing R Extensions’
    manual.
Flavor: r-release-osx-x86_64