CRAN Package Check Results for Package kangar00

Last updated on 2019-05-25 02:49:26 CEST.

Flavor Version Tinstall Tcheck Ttotal Status Flags
r-devel-linux-x86_64-debian-clang 1.3 14.61 136.02 150.63 OK
r-devel-linux-x86_64-debian-gcc 1.3 14.52 101.48 116.00 OK
r-devel-linux-x86_64-fedora-clang 1.3 178.28 OK
r-devel-linux-x86_64-fedora-gcc 1.3 173.96 OK
r-devel-windows-ix86+x86_64 1.3 31.00 141.00 172.00 OK
r-patched-linux-x86_64 1.3 OK
r-patched-solaris-x86 1.3 284.20 OK
r-release-linux-x86_64 1.3 16.57 133.37 149.94 OK
r-release-windows-ix86+x86_64 1.3 39.00 147.00 186.00 OK
r-release-osx-x86_64 1.3 ERROR
r-oldrel-windows-ix86+x86_64 1.3 25.00 139.00 164.00 OK
r-oldrel-osx-x86_64 1.3 OK

Check Details

Version: 1.3
Check: package dependencies
Result: ERROR
    Package required but not available: ‘biomaRt’
    
    See section ‘The DESCRIPTION file’ in the ‘Writing R Extensions’
    manual.
Flavor: r-release-osx-x86_64