CRAN Package Check Results for Package jsonlite

Last updated on 2019-09-15 23:46:22 CEST.

Flavor Version Tinstall Tcheck Ttotal Status Flags
r-devel-linux-x86_64-debian-clang 1.6 8.74 43.09 51.83 OK
r-devel-linux-x86_64-debian-gcc 1.6 5.98 34.35 40.33 OK
r-devel-linux-x86_64-fedora-clang 1.6 63.32 OK
r-devel-linux-x86_64-fedora-gcc 1.6 61.47 OK
r-devel-windows-ix86+x86_64 1.6 66.00 73.00 139.00 OK
r-patched-linux-x86_64 1.6 5.16 42.59 47.75 OK
r-patched-solaris-x86 1.6 80.90 WARN
r-release-linux-x86_64 1.6 6.74 42.46 49.20 OK
r-release-windows-ix86+x86_64 1.6 40.00 72.00 112.00 OK
r-release-osx-x86_64 1.6 OK
r-oldrel-windows-ix86+x86_64 1.6 61.00 68.00 129.00 OK
r-oldrel-osx-x86_64 1.6 OK

Additional issues

LTO

Check Details

Version: 1.6
Check: for unstated dependencies in ‘tests’
Result: WARN
    Warning in deparse(e[[2L]]) :
     it is not known that wchar_t is Unicode on this platform
    Warning in deparse(e[[2L]]) :
     it is not known that wchar_t is Unicode on this platform
    Warning in deparse(e[[2L]]) :
     it is not known that wchar_t is Unicode on this platform
    Warning in deparse(e[[2L]]) :
     it is not known that wchar_t is Unicode on this platform
    Warning in deparse(e[[2L]]) :
     it is not known that wchar_t is Unicode on this platform
    Warning in deparse(e[[2L]]) :
     it is not known that wchar_t is Unicode on this platform
    Warning in deparse(e[[2L]]) :
     it is not known that wchar_t is Unicode on this platform
    Warning in deparse(e[[2L]]) :
     it is not known that wchar_t is Unicode on this platform
    Warning in deparse(e[[2L]]) :
     it is not known that wchar_t is Unicode on this platform
    Warning in deparse(e[[2L]]) :
     it is not known that wchar_t is Unicode on this platform
Flavor: r-patched-solaris-x86