CRAN Package Check Results for Package jskm

Last updated on 2021-04-22 23:49:43 CEST.

Flavor Version Tinstall Tcheck Ttotal Status Flags
r-devel-linux-x86_64-debian-clang 0.4.2 9.64 126.21 135.85 NOTE
r-devel-linux-x86_64-debian-gcc 0.4.2 7.67 91.56 99.23 NOTE
r-devel-linux-x86_64-fedora-clang 0.4.2 178.14 NOTE
r-devel-linux-x86_64-fedora-gcc 0.4.2 157.12 NOTE
r-devel-windows-ix86+x86_64 0.4.2 24.00 119.00 143.00 NOTE
r-devel-windows-x86_64-gcc10-UCRT 0.4.2 NOTE
r-patched-linux-x86_64 0.4.2 9.76 116.08 125.84 OK
r-patched-solaris-x86 0.4.2 224.00 OK
r-release-linux-x86_64 0.4.2 9.70 116.47 126.17 OK
r-release-macos-x86_64 0.4.2 OK
r-release-windows-ix86+x86_64 0.4.2 24.00 148.00 172.00 OK
r-oldrel-macos-x86_64 0.4.2 OK
r-oldrel-windows-ix86+x86_64 0.4.2 39.00 141.00 180.00 OK

Check Details

Version: 0.4.2
Check: LazyData
Result: NOTE
     'LazyData' is specified without a 'data' directory
Flavors: r-devel-linux-x86_64-debian-clang, r-devel-linux-x86_64-debian-gcc, r-devel-linux-x86_64-fedora-clang, r-devel-linux-x86_64-fedora-gcc, r-devel-windows-ix86+x86_64, r-devel-windows-x86_64-gcc10-UCRT