CRAN Package Check Results for Package jpgrid

Last updated on 2022-11-26 23:58:18 CET.

Flavor Version Tinstall Tcheck Ttotal Status Flags
r-devel-linux-x86_64-debian-clang 0.2.0 9.86 75.48 85.34 OK
r-devel-linux-x86_64-debian-gcc 0.2.0 8.56 57.50 66.06 OK
r-devel-linux-x86_64-fedora-clang 0.2.0 114.90 NOTE
r-devel-linux-x86_64-fedora-gcc 0.2.0 118.38 NOTE
r-devel-windows-x86_64 0.2.0 30.00 104.00 134.00 OK
r-patched-linux-x86_64 0.2.0 OK
r-release-linux-x86_64 0.2.0 7.88 69.59 77.47 OK
r-release-macos-arm64 0.2.0 35.00 NOTE
r-release-macos-x86_64 0.2.0 46.00 NOTE
r-release-windows-x86_64 0.2.0 28.00 100.00 128.00 OK
r-oldrel-macos-arm64 0.2.0 33.00 NOTE
r-oldrel-macos-x86_64 0.2.0 49.00 NOTE
r-oldrel-windows-ix86+x86_64 0.2.0 22.00 95.00 117.00 OK

Check Details

Version: 0.2.0
Check: data for non-ASCII characters
Result: NOTE
     Note: found 461377 marked UTF-8 strings
Flavors: r-devel-linux-x86_64-fedora-clang, r-devel-linux-x86_64-fedora-gcc, r-release-macos-arm64, r-release-macos-x86_64, r-oldrel-macos-arm64, r-oldrel-macos-x86_64