Last updated on 2019-12-08 23:47:26 CET.
Flavor | Version | Tinstall | Tcheck | Ttotal | Status | Flags |
---|---|---|---|---|---|---|
r-devel-linux-x86_64-debian-clang | 0.1-8.1 | 2.57 | 19.05 | 21.62 | OK | |
r-devel-linux-x86_64-debian-gcc | 0.1-8.1 | 2.06 | 15.06 | 17.12 | OK | |
r-devel-linux-x86_64-fedora-clang | 0.1-8.1 | 27.63 | NOTE | |||
r-devel-linux-x86_64-fedora-gcc | 0.1-8.1 | 25.75 | NOTE | |||
r-devel-windows-ix86+x86_64 | 0.1-8.1 | 9.00 | 46.00 | 55.00 | OK | |
r-devel-windows-ix86+x86_64-gcc8 | 0.1-8.1 | 9.00 | 37.00 | 46.00 | OK | |
r-patched-linux-x86_64 | 0.1-8.1 | 1.98 | 17.69 | 19.67 | OK | |
r-patched-solaris-x86 | 0.1-8.1 | 38.80 | OK | |||
r-release-linux-x86_64 | 0.1-8.1 | 2.11 | 17.54 | 19.65 | OK | |
r-release-windows-ix86+x86_64 | 0.1-8.1 | 12.00 | 46.00 | 58.00 | OK | |
r-release-osx-x86_64 | 0.1-8.1 | OK | ||||
r-oldrel-windows-ix86+x86_64 | 0.1-8.1 | 6.00 | 34.00 | 40.00 | OK | |
r-oldrel-osx-x86_64 | 0.1-8.1 | OK |
Version: 0.1-8.1
Check: compiled code
Result: NOTE
File ‘jpeg/libs/jpeg.so’:
Found no calls to: ‘R_registerRoutines’, ‘R_useDynamicSymbols’
It is good practice to register native routines and to disable symbol
search.
See ‘Writing portable packages’ in the ‘Writing R Extensions’ manual.
Flavors: r-devel-linux-x86_64-fedora-clang, r-devel-linux-x86_64-fedora-gcc