CRAN Package Check Results for Package jpeg

Last updated on 2019-07-22 06:47:41 CEST.

Flavor Version Tinstall Tcheck Ttotal Status Flags
r-devel-linux-x86_64-debian-clang 0.1-8 2.47 17.72 20.19 OK
r-devel-linux-x86_64-debian-gcc 0.1-8 1.64 14.83 16.47 OK
r-devel-linux-x86_64-fedora-clang 0.1-8 25.00 NOTE
r-devel-linux-x86_64-fedora-gcc 0.1-8 23.67 NOTE
r-devel-windows-ix86+x86_64 0.1-8 8.00 35.00 43.00 OK
r-patched-linux-x86_64 0.1-8 2.34 17.60 19.94 OK
r-patched-solaris-x86 0.1-8 43.00 OK
r-release-linux-x86_64 0.1-8 2.05 17.69 19.74 OK
r-release-windows-ix86+x86_64 0.1-8 9.00 55.00 64.00 OK
r-release-osx-x86_64 0.1-8 OK
r-oldrel-windows-ix86+x86_64 0.1-8 7.00 34.00 41.00 OK
r-oldrel-osx-x86_64 0.1-8 OK

Additional issues

rchk

Check Details

Version: 0.1-8
Check: compiled code
Result: NOTE
    File ‘jpeg/libs/jpeg.so’:
     Found no calls to: ‘R_registerRoutines’, ‘R_useDynamicSymbols’
    
    It is good practice to register native routines and to disable symbol
    search.
    
    See ‘Writing portable packages’ in the ‘Writing R Extensions’ manual.
Flavors: r-devel-linux-x86_64-fedora-clang, r-devel-linux-x86_64-fedora-gcc