CRAN Package Check Results for Package jointseg

Last updated on 2020-05-24 23:47:47 CEST.

Flavor Version Tinstall Tcheck Ttotal Status Flags
r-devel-linux-x86_64-debian-clang 1.0.2 7.61 75.16 82.77 OK
r-devel-linux-x86_64-debian-gcc 1.0.2 5.64 57.79 63.43 OK
r-devel-linux-x86_64-fedora-clang 1.0.2 105.49 OK
r-devel-linux-x86_64-fedora-gcc 1.0.2 104.40 OK
r-patched-linux-x86_64 1.0.2 6.41 73.48 79.89 OK
r-patched-solaris-x86 1.0.2 143.10 OK
r-release-linux-x86_64 1.0.2 6.21 73.87 80.08 OK
r-release-osx-x86_64 1.0.2 NOTE
r-release-windows-ix86+x86_64 1.0.2 20.00 179.00 199.00 OK
r-oldrel-osx-x86_64 1.0.2 OK
r-oldrel-windows-ix86+x86_64 1.0.2 18.00 155.00 173.00 OK

Check Details

Version: 1.0.2
Check: package dependencies
Result: NOTE
    Package suggested but not available for checking: ‘PSCBS’
Flavor: r-release-osx-x86_64

Version: 1.0.2
Check: Rd cross-references
Result: NOTE
    Package unavailable to check Rd xrefs: ‘PSCBS’
Flavor: r-release-osx-x86_64