CRAN Package Check Results for Package jointseg

Last updated on 2019-07-22 06:47:41 CEST.

Flavor Version Tinstall Tcheck Ttotal Status Flags
r-devel-linux-x86_64-debian-clang 1.0.2 6.90 64.01 70.91 OK
r-devel-linux-x86_64-debian-gcc 1.0.2 4.70 49.72 54.42 OK
r-devel-linux-x86_64-fedora-clang 1.0.2 89.35 OK
r-devel-linux-x86_64-fedora-gcc 1.0.2 84.24 OK
r-devel-windows-ix86+x86_64 1.0.2 15.00 154.00 169.00 OK
r-patched-linux-x86_64 1.0.2 5.52 62.72 68.24 OK
r-patched-solaris-x86 1.0.2 142.00 OK
r-release-linux-x86_64 1.0.2 6.02 62.32 68.34 OK
r-release-windows-ix86+x86_64 1.0.2 17.00 114.00 131.00 OK
r-release-osx-x86_64 1.0.2 ERROR
r-oldrel-windows-ix86+x86_64 1.0.2 20.00 145.00 165.00 OK
r-oldrel-osx-x86_64 1.0.2 OK

Check Details

Version: 1.0.2
Check: package dependencies
Result: ERROR
    Package required but not available: ‘DNAcopy’
    
    Package suggested but not available for checking: ‘PSCBS’
    
    See section ‘The DESCRIPTION file’ in the ‘Writing R Extensions’
    manual.
Flavor: r-release-osx-x86_64