CRAN Package Check Results for Package jointseg

Last updated on 2019-05-19 02:46:33 CEST.

Flavor Version Tinstall Tcheck Ttotal Status Flags
r-devel-linux-x86_64-debian-clang 1.0.2 6.42 64.27 70.69 OK
r-devel-linux-x86_64-debian-gcc 1.0.2 5.14 49.73 54.87 OK
r-devel-linux-x86_64-fedora-clang 1.0.2 90.86 OK
r-devel-linux-x86_64-fedora-gcc 1.0.2 87.71 OK
r-devel-windows-ix86+x86_64 1.0.2 24.00 154.00 178.00 OK
r-patched-linux-x86_64 1.0.2 6.47 62.38 68.85 OK
r-patched-solaris-x86 1.0.2 131.60 OK
r-release-linux-x86_64 1.0.2 5.07 62.93 68.00 OK
r-release-windows-ix86+x86_64 1.0.2 24.00 151.00 175.00 OK
r-release-osx-x86_64 1.0.2 ERROR
r-oldrel-windows-ix86+x86_64 1.0.2 16.00 148.00 164.00 OK
r-oldrel-osx-x86_64 1.0.2 OK

Check Details

Version: 1.0.2
Check: package dependencies
Result: ERROR
    Package required but not available: ‘DNAcopy’
    
    Package suggested but not available for checking: ‘PSCBS’
    
    See section ‘The DESCRIPTION file’ in the ‘Writing R Extensions’
    manual.
Flavor: r-release-osx-x86_64