CRAN Package Check Results for Package joineRML

Last updated on 2022-09-26 23:58:16 CEST.

Flavor Version Tinstall Tcheck Ttotal Status Flags
r-devel-linux-x86_64-debian-clang 0.4.5 114.15 524.90 639.05 OK
r-devel-linux-x86_64-debian-gcc 0.4.5 95.46 383.17 478.63 OK
r-devel-linux-x86_64-fedora-clang 0.4.5 803.26 OK
r-devel-linux-x86_64-fedora-gcc 0.4.5 760.20 OK
r-devel-windows-x86_64 0.4.5 117.00 668.00 785.00 OK
r-patched-linux-x86_64 0.4.5 97.29 496.00 593.29 OK
r-release-linux-x86_64 0.4.5 77.70 499.11 576.81 OK
r-release-macos-arm64 0.4.5 197.00 NOTE
r-release-macos-x86_64 0.4.5 310.00 NOTE
r-release-windows-x86_64 0.4.5 214.00 652.00 866.00 OK
r-oldrel-macos-arm64 0.4.5 264.00 NOTE
r-oldrel-macos-x86_64 0.4.5 376.00 NOTE
r-oldrel-windows-ix86+x86_64 0.4.5 268.00 909.00 1177.00 OK

Check Details

Version: 0.4.5
Check: installed package size
Result: NOTE
     installed size is 6.8Mb
     sub-directories of 1Mb or more:
     data 1.3Mb
     libs 4.2Mb
Flavors: r-release-macos-arm64, r-release-macos-x86_64, r-oldrel-macos-arm64, r-oldrel-macos-x86_64