CRAN Package Check Results for Package joineRML

Last updated on 2019-07-22 06:47:41 CEST.

Flavor Version Tinstall Tcheck Ttotal Status Flags
r-devel-linux-x86_64-debian-clang 0.4.2 87.68 227.01 314.69 NOTE
r-devel-linux-x86_64-debian-gcc 0.4.2 72.16 259.77 331.93 NOTE
r-devel-linux-x86_64-fedora-clang 0.4.2 398.65 NOTE
r-devel-linux-x86_64-fedora-gcc 0.4.2 390.05 NOTE
r-devel-windows-ix86+x86_64 0.4.2 151.00 457.00 608.00 OK
r-patched-linux-x86_64 0.4.2 84.98 264.64 349.62 NOTE
r-patched-solaris-x86 0.4.2 683.80 OK
r-release-linux-x86_64 0.4.2 85.14 273.65 358.79 NOTE
r-release-windows-ix86+x86_64 0.4.2 157.00 342.00 499.00 OK
r-release-osx-x86_64 0.4.2 NOTE
r-oldrel-windows-ix86+x86_64 0.4.2 219.00 437.00 656.00 OK
r-oldrel-osx-x86_64 0.4.2 NOTE

Check Details

Version: 0.4.2
Check: use of SHLIB_OPENMP_*FLAGS in Makefiles
Result: NOTE
     src/Makevars: SHLIB_OPENMP_CXXFLAGS is included in PKG_CXXFLAGS but not in PKG_LIBS
     src/Makevars: SHLIB_OPENMP_CFLAGS is included in PKG_LIBS but linking is by C++
     src/Makevars.win: SHLIB_OPENMP_CXXFLAGS is included in PKG_CXXFLAGS but not in PKG_LIBS
     src/Makevars.win: SHLIB_OPENMP_CFLAGS is included in PKG_LIBS but linking is by C++
    Use of these macros is discussed in sect 1.2.1.1 of 'Writing R
    Extensions'. The macros for different languages may differ so the
    matching macro must be used in PKG_CXXFLAGS (etc) and match that used
    in PKG_LIBS (except for Fortran: see the manual).
Flavors: r-devel-linux-x86_64-debian-clang, r-devel-linux-x86_64-debian-gcc, r-devel-linux-x86_64-fedora-clang, r-devel-linux-x86_64-fedora-gcc, r-patched-linux-x86_64, r-release-linux-x86_64

Version: 0.4.2
Check: installed package size
Result: NOTE
     installed size is 6.3Mb
     sub-directories of 1Mb or more:
     data 1.3Mb
     libs 3.8Mb
Flavors: r-devel-linux-x86_64-fedora-clang, r-release-osx-x86_64, r-oldrel-osx-x86_64