CRAN Package Check Results for Package jmvcore

Last updated on 2019-07-22 06:47:41 CEST.

Flavor Version Tinstall Tcheck Ttotal Status Flags
r-devel-linux-x86_64-debian-clang 1.0.0 23.56 29.67 53.23 OK
r-devel-linux-x86_64-debian-gcc 1.0.0 19.45 23.52 42.97 OK
r-devel-linux-x86_64-fedora-clang 1.0.0 64.65 OK
r-devel-linux-x86_64-fedora-gcc 1.0.0 63.72 OK
r-devel-windows-ix86+x86_64 1.0.0 35.00 52.00 87.00 OK
r-patched-linux-x86_64 1.0.0 23.28 28.79 52.07 OK
r-patched-solaris-x86 1.0.0 89.00 NOTE
r-release-linux-x86_64 1.0.0 19.18 29.05 48.23 OK
r-release-windows-ix86+x86_64 1.0.0 26.00 42.00 68.00 OK
r-release-osx-x86_64 1.0.0 OK
r-oldrel-windows-ix86+x86_64 1.0.0 39.00 41.00 80.00 WARN
r-oldrel-osx-x86_64 1.0.0 OK

Check Details

Version: 1.0.0
Check: package dependencies
Result: NOTE
    Package suggested but not available for checking: ‘RProtoBuf’
Flavor: r-patched-solaris-x86

Version: 1.0.0
Check: whether package can be installed
Result: WARN
    Found the following significant warnings:
     Warning: S3 methods '.DollarNames.Message', '.DollarNames.Descriptor', '.DollarNames.EnumDescriptor', '.DollarNames.EnumValueDescriptor', '.DollarNames.FileDescriptor', '.DollarNames.FieldDescriptor', '.DollarNames.ServiceDescriptor', '.DollarNames.MethodDescriptor', '.DollarNames.ZeroCopyInputStream', '.DollarNames.ZeroCopyOutputStream', 'with.Message', 'within.Message', 'as.list.Message', 'as.list.Descriptor', 'as.list.EnumDescriptor', 'as.list.FileDescriptor', 'as.list.ServiceDescriptor', 'all.equal.Message' were declared in NAMESPACE but not found
Flavor: r-oldrel-windows-ix86+x86_64