Last updated on 2022-08-08 23:52:59 CEST.
Flavor | Version | Tinstall | Tcheck | Ttotal | Status | Flags |
---|---|---|---|---|---|---|
r-devel-linux-x86_64-debian-clang | 0.2.4 | 53.11 | 61.29 | 114.40 | OK | |
r-devel-linux-x86_64-debian-gcc | 0.2.4 | 39.65 | 47.36 | 87.01 | OK | |
r-devel-linux-x86_64-fedora-clang | 0.2.4 | 165.42 | OK | |||
r-devel-linux-x86_64-fedora-gcc | 0.2.4 | 155.07 | OK | |||
r-devel-windows-x86_64 | 0.2.4 | 46.00 | 103.00 | 149.00 | OK | |
r-patched-linux-x86_64 | 0.2.4 | 46.20 | 59.80 | 106.00 | OK | |
r-release-linux-x86_64 | 0.2.4 | OK | ||||
r-release-macos-arm64 | 0.2.4 | 40.00 | NOTE | |||
r-release-macos-x86_64 | 0.2.4 | 55.00 | NOTE | |||
r-release-windows-x86_64 | 0.2.4 | 47.00 | 104.00 | 151.00 | OK | |
r-oldrel-macos-arm64 | 0.2.4 | 43.00 | NOTE | |||
r-oldrel-macos-x86_64 | 0.2.4 | 77.00 | NOTE | |||
r-oldrel-windows-ix86+x86_64 | 0.2.4 | 123.00 | 121.00 | 244.00 | OK |
Version: 0.2.4
Check: installed package size
Result: NOTE
installed size is 6.0Mb
sub-directories of 1Mb or more:
libs 4.7Mb
Flavors: r-release-macos-arm64, r-release-macos-x86_64, r-oldrel-macos-arm64, r-oldrel-macos-x86_64