CRAN Package Check Results for Package jarbes

Last updated on 2022-06-24 23:50:14 CEST.

Flavor Version Tinstall Tcheck Ttotal Status Flags
r-devel-linux-x86_64-debian-clang 2.0.0 12.35 80.19 92.54 OK
r-devel-linux-x86_64-debian-gcc 2.0.0 7.33 59.61 66.94 OK
r-devel-linux-x86_64-fedora-clang 2.0.0 116.37 NOTE
r-devel-linux-x86_64-fedora-gcc 2.0.0 116.08 NOTE
r-devel-windows-x86_64 2.0.0 34.00 107.00 141.00 OK
r-patched-linux-x86_64 2.0.0 6.48 76.55 83.03 OK
r-release-linux-x86_64 2.0.0 6.46 75.30 81.76 OK
r-release-macos-arm64 2.0.0 38.00 NOTE
r-release-macos-x86_64 2.0.0 50.00 NOTE
r-release-windows-x86_64 2.0.0 26.00 117.00 143.00 OK
r-oldrel-macos-arm64 2.0.0 36.00 NOTE
r-oldrel-macos-x86_64 2.0.0 48.00 NOTE
r-oldrel-windows-ix86+x86_64 2.0.0 24.00 97.00 121.00 OK

Check Details

Version: 2.0.0
Check: dependencies in R code
Result: NOTE
    Namespaces in Imports field not imported from:
     ‘grid’ ‘mcmcplots’ ‘tidyverse’
     All declared Imports should be used.
Flavors: r-devel-linux-x86_64-fedora-clang, r-devel-linux-x86_64-fedora-gcc, r-release-macos-arm64, r-release-macos-x86_64, r-oldrel-macos-arm64, r-oldrel-macos-x86_64