Last updated on 2022-05-22 23:51:46 CEST.
Flavor | Version | Tinstall | Tcheck | Ttotal | Status | Flags |
---|---|---|---|---|---|---|
r-devel-linux-x86_64-debian-clang | 2.1.0 | 7.57 | 107.15 | 114.72 | NOTE | |
r-devel-linux-x86_64-debian-gcc | 2.1.0 | 6.26 | 79.67 | 85.93 | NOTE | |
r-devel-linux-x86_64-fedora-clang | 2.1.0 | 132.33 | NOTE | |||
r-devel-linux-x86_64-fedora-gcc | 2.1.0 | 131.72 | NOTE | |||
r-devel-windows-x86_64 | 2.1.0 | 34.00 | 128.00 | 162.00 | NOTE | |
r-patched-linux-x86_64 | 2.1.0 | 9.66 | 101.00 | 110.66 | NOTE | |
r-release-linux-x86_64 | 2.1.0 | 6.73 | 101.77 | 108.50 | NOTE | |
r-release-macos-arm64 | 2.1.0 | 35.00 | NOTE | |||
r-release-macos-x86_64 | 2.1.0 | 78.00 | NOTE | |||
r-release-windows-x86_64 | 2.1.0 | 33.00 | 136.00 | 169.00 | NOTE | |
r-oldrel-macos-arm64 | 2.1.0 | 52.00 | NOTE | |||
r-oldrel-macos-x86_64 | 2.1.0 | 74.00 | NOTE | |||
r-oldrel-windows-ix86+x86_64 | 2.1.0 | 19.00 | 119.00 | 138.00 | WARN |
Version: 2.1.0
Check: LazyData
Result: NOTE
'LazyData' is specified without a 'data' directory
Flavors: r-devel-linux-x86_64-debian-clang, r-devel-linux-x86_64-debian-gcc, r-devel-linux-x86_64-fedora-clang, r-devel-linux-x86_64-fedora-gcc, r-devel-windows-x86_64, r-patched-linux-x86_64, r-release-linux-x86_64, r-release-macos-arm64, r-release-macos-x86_64, r-release-windows-x86_64, r-oldrel-macos-arm64, r-oldrel-macos-x86_64, r-oldrel-windows-ix86+x86_64
Version: 2.1.0
Check: re-building of vignette outputs
Result: WARN
Error(s) in re-building vignettes:
--- re-building 'janitor.Rmd' using rmarkdown
Error: processing vignette 'janitor.Rmd' failed with diagnostics:
only `math_method = 'mathjax'` is supported with earlier version than Pandoc 2.0
--- failed re-building 'janitor.Rmd'
--- re-building 'tabyls.Rmd' using rmarkdown
Error: processing vignette 'tabyls.Rmd' failed with diagnostics:
only `math_method = 'mathjax'` is supported with earlier version than Pandoc 2.0
--- failed re-building 'tabyls.Rmd'
SUMMARY: processing the following files failed:
'janitor.Rmd' 'tabyls.Rmd'
Error: Vignette re-building failed.
Execution halted
Flavor: r-oldrel-windows-ix86+x86_64