CRAN Package Check Results for Package janeaustenr

Last updated on 2022-08-08 23:52:59 CEST.

Flavor Version Tinstall Tcheck Ttotal Status Flags
r-devel-linux-x86_64-debian-clang 0.1.5 3.23 26.99 30.22 OK
r-devel-linux-x86_64-debian-gcc 0.1.5 3.05 20.91 23.96 OK
r-devel-linux-x86_64-fedora-clang 0.1.5 47.26 NOTE
r-devel-linux-x86_64-fedora-gcc 0.1.5 46.88 NOTE
r-devel-windows-x86_64 0.1.5 29.00 53.00 82.00 OK
r-patched-linux-x86_64 0.1.5 3.78 25.32 29.10 OK
r-release-linux-x86_64 0.1.5 OK
r-release-macos-arm64 0.1.5 16.00 NOTE
r-release-macos-x86_64 0.1.5 24.00 NOTE
r-release-windows-x86_64 0.1.5 24.00 50.00 74.00 OK
r-oldrel-macos-arm64 0.1.5 25.00 NOTE
r-oldrel-macos-x86_64 0.1.5 32.00 NOTE
r-oldrel-windows-ix86+x86_64 0.1.5 7.00 50.00 57.00 OK

Check Details

Version: 0.1.5
Check: data for non-ASCII characters
Result: NOTE
     Note: found 1 marked UTF-8 string
Flavors: r-devel-linux-x86_64-fedora-clang, r-devel-linux-x86_64-fedora-gcc, r-release-macos-arm64, r-release-macos-x86_64, r-oldrel-macos-arm64, r-oldrel-macos-x86_64