Last updated on 2023-06-02 01:00:29 CEST.
Flavor | Version | Tinstall | Tcheck | Ttotal | Status | Flags |
---|---|---|---|---|---|---|
r-devel-linux-x86_64-debian-clang | 0.1.11 | 5.91 | 70.61 | 76.52 | OK | |
r-devel-linux-x86_64-debian-gcc | 0.1.11 | 6.33 | 53.89 | 60.22 | OK | |
r-devel-linux-x86_64-fedora-clang | 0.1.11 | 97.69 | OK | |||
r-devel-linux-x86_64-fedora-gcc | 0.1.11 | 104.00 | OK | |||
r-devel-windows-x86_64 | 0.1.11 | 8.00 | 83.00 | 91.00 | OK | |
r-patched-linux-x86_64 | 0.1.11 | OK | ||||
r-release-linux-x86_64 | 0.1.11 | 8.24 | 67.27 | 75.51 | OK | |
r-release-macos-arm64 | 0.1.11 | 41.00 | NOTE | |||
r-release-macos-x86_64 | 0.1.11 | 58.00 | NOTE | |||
r-release-windows-x86_64 | 0.1.11 | 10.00 | 90.00 | 100.00 | OK | |
r-oldrel-macos-arm64 | 0.1.11 | 42.00 | NOTE | |||
r-oldrel-macos-x86_64 | 0.1.11 | 50.00 | OK | |||
r-oldrel-windows-x86_64 | 0.1.11 | 10.00 | 86.00 | 96.00 | OK |
Version: 0.1.11
Check: installed package size
Result: NOTE
installed size is 5.6Mb
sub-directories of 1Mb or more:
data 4.0Mb
doc 1.3Mb
Flavors: r-release-macos-arm64, r-release-macos-x86_64, r-oldrel-macos-arm64