CRAN Package Check Results for Package jSonarR

Last updated on 2019-07-15 00:50:36 CEST.

Flavor Version Tinstall Tcheck Ttotal Status Flags
r-devel-linux-x86_64-debian-clang 1.1.1 2.18 24.26 26.44 NOTE
r-devel-linux-x86_64-debian-gcc 1.1.1 1.75 19.96 21.71 NOTE
r-devel-linux-x86_64-fedora-clang 1.1.1 32.51 NOTE
r-devel-linux-x86_64-fedora-gcc 1.1.1 34.42 NOTE
r-devel-windows-ix86+x86_64 1.1.1 5.00 35.00 40.00 NOTE
r-patched-linux-x86_64 1.1.1 2.09 24.28 26.37 NOTE
r-patched-solaris-x86 1.1.1 53.50 NOTE
r-release-linux-x86_64 1.1.1 2.46 24.45 26.91 NOTE
r-release-windows-ix86+x86_64 1.1.1 5.00 51.00 56.00 NOTE
r-release-osx-x86_64 1.1.1 NOTE
r-oldrel-windows-ix86+x86_64 1.1.1 4.00 37.00 41.00 NOTE
r-oldrel-osx-x86_64 1.1.1 NOTE

Check Details

Version: 1.1.1
Check: R code for possible problems
Result: NOTE
    sonarCSV: no visible global function definition for 'read.csv'
    Undefined global functions or variables:
     read.csv
    Consider adding
     importFrom("utils", "read.csv")
    to your NAMESPACE file.
Flavors: r-devel-linux-x86_64-debian-clang, r-devel-linux-x86_64-debian-gcc, r-devel-linux-x86_64-fedora-clang, r-devel-linux-x86_64-fedora-gcc, r-devel-windows-ix86+x86_64, r-patched-linux-x86_64, r-patched-solaris-x86, r-release-linux-x86_64, r-release-windows-ix86+x86_64, r-release-osx-x86_64, r-oldrel-windows-ix86+x86_64, r-oldrel-osx-x86_64