CRAN Package Check Results for Package ivx

Last updated on 2021-03-01 23:48:58 CET.

Flavor Version Tinstall Tcheck Ttotal Status Flags
r-devel-linux-x86_64-debian-clang 1.1.0 OK
r-devel-linux-x86_64-debian-gcc 1.1.0 32.09 38.72 70.81 OK
r-devel-linux-x86_64-fedora-clang 1.1.0 133.38 OK
r-devel-linux-x86_64-fedora-gcc 1.1.0 118.49 OK
r-devel-windows-ix86+x86_64 1.1.0 77.00 84.00 161.00 OK
r-patched-linux-x86_64 1.1.0 34.06 48.70 82.76 OK
r-patched-solaris-x86 1.1.0 134.00 OK
r-release-linux-x86_64 1.1.0 36.36 48.58 84.94 OK
r-release-macos-x86_64 1.1.0 OK
r-release-windows-ix86+x86_64 1.1.0 99.00 4.00 103.00 ERROR
r-oldrel-macos-x86_64 1.1.0 OK
r-oldrel-windows-ix86+x86_64 1.1.0 67.00 76.00 143.00 OK

Check Details

Version: 1.1.0
Check: whether package can be installed
Result: ERROR
    Installation failed.
Flavor: r-release-windows-ix86+x86_64