CRAN Package Check Results for Package ivreg

Last updated on 2021-03-02 23:48:34 CET.

Flavor Version Tinstall Tcheck Ttotal Status Flags
r-devel-linux-x86_64-debian-clang 0.5-0 OK
r-devel-linux-x86_64-debian-gcc 0.5-0 5.45 64.21 69.66 OK
r-devel-linux-x86_64-fedora-clang 0.5-0 116.85 NOTE
r-devel-linux-x86_64-fedora-gcc 0.5-0 106.97 OK
r-devel-windows-ix86+x86_64 0.5-0 16.00 124.00 140.00 NOTE
r-patched-linux-x86_64 0.5-0 5.90 80.33 86.23 OK
r-patched-solaris-x86 0.5-0 147.50 NOTE
r-release-linux-x86_64 0.5-0 6.76 79.81 86.57 OK
r-release-macos-x86_64 0.5-0 NOTE
r-release-windows-ix86+x86_64 0.5-0 12.00 92.00 104.00 NOTE
r-oldrel-macos-x86_64 0.5-0 NOTE
r-oldrel-windows-ix86+x86_64 0.5-0 14.00 109.00 123.00 NOTE

Check Details

Version: 0.5-0
Check: installed package size
Result: NOTE
     installed size is 5.1Mb
     sub-directories of 1Mb or more:
     doc 4.8Mb
Flavors: r-devel-linux-x86_64-fedora-clang, r-devel-windows-ix86+x86_64, r-patched-solaris-x86, r-release-macos-x86_64, r-release-windows-ix86+x86_64, r-oldrel-macos-x86_64, r-oldrel-windows-ix86+x86_64