CRAN Package Check Results for Package ivprobit

Last updated on 2022-08-18 23:58:28 CEST.

Flavor Version Tinstall Tcheck Ttotal Status Flags
r-devel-linux-x86_64-debian-clang 1.1 2.20 22.39 24.59 OK
r-devel-linux-x86_64-debian-gcc 1.1 1.38 17.95 19.33 OK
r-devel-linux-x86_64-fedora-clang 1.1 40.83 NOTE
r-devel-linux-x86_64-fedora-gcc 1.1 39.68 NOTE
r-devel-windows-x86_64 1.1 11.00 46.00 57.00 OK
r-patched-linux-x86_64 1.1 1.56 21.51 23.07 OK
r-release-linux-x86_64 1.1 OK
r-release-macos-arm64 1.1 14.00 NOTE
r-release-macos-x86_64 1.1 22.00 NOTE
r-release-windows-x86_64 1.1 5.00 44.00 49.00 OK
r-oldrel-macos-arm64 1.1 15.00 NOTE
r-oldrel-macos-x86_64 1.1 24.00 NOTE
r-oldrel-windows-ix86+x86_64 1.1 4.00 27.00 31.00 OK

Check Details

Version: 1.1
Check: dependencies in R code
Result: NOTE
    Namespace in Imports field not imported from: ‘methods’
     All declared Imports should be used.
Flavors: r-devel-linux-x86_64-fedora-clang, r-devel-linux-x86_64-fedora-gcc, r-release-macos-arm64, r-release-macos-x86_64, r-oldrel-macos-arm64, r-oldrel-macos-x86_64