CRAN Package Check Results for Package ivpack

Last updated on 2021-02-25 23:49:01 CET.

Flavor Version Tinstall Tcheck Ttotal Status Flags
r-devel-linux-x86_64-debian-clang 1.2 10.24 86.19 96.43 NOTE
r-devel-linux-x86_64-debian-gcc 1.2 8.27 64.38 72.65 NOTE
r-devel-linux-x86_64-fedora-clang 1.2 122.43 NOTE
r-devel-linux-x86_64-fedora-gcc 1.2 108.39 NOTE
r-devel-windows-ix86+x86_64 1.2 16.00 81.00 97.00 NOTE
r-patched-linux-x86_64 1.2 9.94 79.16 89.10 NOTE
r-patched-solaris-x86 1.2 164.40 NOTE
r-release-linux-x86_64 1.2 9.41 78.97 88.38 NOTE
r-release-macos-x86_64 1.2 NOTE
r-release-windows-ix86+x86_64 1.2 24.00 4.00 28.00 ERROR
r-oldrel-macos-x86_64 1.2 NOTE
r-oldrel-windows-ix86+x86_64 1.2 15.00 96.00 111.00 NOTE

Check Details

Version: 1.2
Check: DESCRIPTION meta-information
Result: NOTE
    Malformed Title field: should not end in a period.
Flavors: r-devel-linux-x86_64-debian-clang, r-devel-linux-x86_64-debian-gcc, r-devel-linux-x86_64-fedora-clang, r-devel-linux-x86_64-fedora-gcc, r-devel-windows-ix86+x86_64, r-patched-linux-x86_64, r-patched-solaris-x86, r-release-linux-x86_64, r-release-macos-x86_64, r-oldrel-macos-x86_64, r-oldrel-windows-ix86+x86_64

Version: 1.2
Check: R code for possible problems
Result: NOTE
    ARsensitivity.ci: no visible global function definition for 'residuals'
    ARsensitivity.ci: no visible global function definition for 'lm'
    ARsensitivity.ci: no visible global function definition for 'qf'
    ARsensitivity.ci: no visible global function definition for 'fitted'
    ARsensitivity.power: no visible global function definition for 'qf'
    ARsensitivity.power: no visible global function definition for 'pf'
    ARsensitivity.size: no visible global function definition for 'qf'
    ARsensitivity.size: no visible global function definition for 'pf'
    anderson.rubin.ci: no visible global function definition for 'qf'
    anderson.rubin.ci: no visible global function definition for 'fitted'
    anderson.rubin.ci: no visible global function definition for 'lm'
    power.iv: no visible global function definition for 'qf'
    power.iv: no visible global function definition for 'pf'
    Undefined global functions or variables:
     fitted lm pf qf residuals
    Consider adding
     importFrom("stats", "fitted", "lm", "pf", "qf", "residuals")
    to your NAMESPACE file.
Flavors: r-devel-linux-x86_64-debian-clang, r-devel-linux-x86_64-debian-gcc, r-devel-linux-x86_64-fedora-clang, r-devel-linux-x86_64-fedora-gcc, r-devel-windows-ix86+x86_64, r-patched-linux-x86_64, r-patched-solaris-x86, r-release-linux-x86_64, r-release-macos-x86_64, r-oldrel-macos-x86_64, r-oldrel-windows-ix86+x86_64

Version: 1.2
Check: whether package can be installed
Result: ERROR
    Installation failed.
Flavor: r-release-windows-ix86+x86_64