CRAN Package Check Results for Package ivitr

Last updated on 2023-01-28 23:51:41 CET.

Flavor Version Tinstall Tcheck Ttotal Status Flags
r-devel-linux-x86_64-debian-clang 0.1.0 2.47 39.85 42.32 NOTE
r-devel-linux-x86_64-debian-gcc 0.1.0 2.47 30.75 33.22 NOTE
r-devel-linux-x86_64-fedora-clang 0.1.0 54.02 NOTE
r-devel-linux-x86_64-fedora-gcc 0.1.0 52.41 NOTE
r-devel-windows-x86_64 0.1.0 10.00 63.00 73.00 NOTE
r-patched-linux-x86_64 0.1.0 2.06 38.29 40.35 NOTE
r-release-linux-x86_64 0.1.0 2.36 39.22 41.58 NOTE
r-release-macos-arm64 0.1.0 21.00 NOTE
r-release-macos-x86_64 0.1.0 36.00 NOTE
r-release-windows-x86_64 0.1.0 11.00 65.00 76.00 NOTE
r-oldrel-macos-arm64 0.1.0 28.00 NOTE
r-oldrel-macos-x86_64 0.1.0 34.00 NOTE
r-oldrel-windows-ix86+x86_64 0.1.0 8.00 64.00 72.00 NOTE

Check Details

Version: 0.1.0
Check: package dependencies
Result: NOTE
    Package suggested but not available for checking: ‘locClass’
Flavors: r-devel-linux-x86_64-debian-clang, r-devel-linux-x86_64-debian-gcc, r-devel-linux-x86_64-fedora-clang, r-devel-linux-x86_64-fedora-gcc, r-devel-windows-x86_64, r-patched-linux-x86_64, r-release-linux-x86_64, r-release-macos-arm64, r-release-macos-x86_64, r-release-windows-x86_64, r-oldrel-macos-arm64, r-oldrel-macos-x86_64, r-oldrel-windows-ix86+x86_64