CRAN Package Check Results for Package isotracer

Last updated on 2022-07-02 23:50:39 CEST.

Flavor Version Tinstall Tcheck Ttotal Status Flags
r-devel-linux-x86_64-debian-clang 1.1.3 339.00 294.60 633.60 NOTE
r-devel-linux-x86_64-debian-gcc 1.1.3 181.80 222.58 404.38 NOTE
r-devel-linux-x86_64-fedora-clang 1.1.3 764.85 NOTE
r-devel-linux-x86_64-fedora-gcc 1.1.3 644.30 NOTE
r-devel-windows-x86_64 1.1.3 647.00 381.00 1028.00 NOTE
r-patched-linux-x86_64 1.1.3 188.47 279.51 467.98 NOTE
r-release-linux-x86_64 1.1.3 139.96 282.92 422.88 NOTE
r-release-macos-arm64 1.1.3 188.00 NOTE
r-release-macos-x86_64 1.1.3 345.00 NOTE
r-release-windows-x86_64 1.1.3 730.00 374.00 1104.00 NOTE
r-oldrel-macos-arm64 1.1.3 176.00 NOTE
r-oldrel-macos-x86_64 1.1.3 242.00 NOTE
r-oldrel-windows-ix86+x86_64 1.1.3 110.00 12.00 122.00 ERROR

Check Details

Version: 1.1.3
Check: for GNU extensions in Makefiles
Result: NOTE
    GNU make is a SystemRequirements.
Flavors: r-devel-linux-x86_64-debian-clang, r-devel-linux-x86_64-debian-gcc, r-devel-linux-x86_64-fedora-clang, r-devel-linux-x86_64-fedora-gcc, r-devel-windows-x86_64, r-patched-linux-x86_64, r-release-linux-x86_64, r-release-macos-arm64, r-release-macos-x86_64, r-release-windows-x86_64, r-oldrel-macos-arm64, r-oldrel-macos-x86_64

Version: 1.1.3
Check: installed package size
Result: NOTE
     installed size is 45.0Mb
     sub-directories of 1Mb or more:
     doc 2.9Mb
     libs 40.0Mb
Flavors: r-devel-linux-x86_64-fedora-clang, r-devel-windows-x86_64, r-release-macos-arm64, r-release-macos-x86_64, r-release-windows-x86_64, r-oldrel-macos-arm64, r-oldrel-macos-x86_64

Version: 1.1.3
Check: whether package can be installed
Result: ERROR
    Installation failed.
Flavor: r-oldrel-windows-ix86+x86_64