CRAN Package Check Results for Package isodistrreg

Last updated on 2022-01-21 23:48:50 CET.

Flavor Version Tinstall Tcheck Ttotal Status Flags
r-devel-linux-x86_64-debian-clang 0.1.0 45.02 95.01 140.03 OK
r-devel-linux-x86_64-debian-gcc 0.1.0 30.50 74.57 105.07 OK
r-devel-linux-x86_64-fedora-clang 0.1.0 180.65 NOTE
r-devel-linux-x86_64-fedora-gcc 0.1.0 159.59 NOTE
r-devel-windows-x86_64-new-UL 0.1.0 93.00 145.00 238.00 OK
r-devel-windows-x86_64-new-TK 0.1.0 NOTE
r-patched-linux-x86_64 0.1.0 38.38 93.39 131.77 OK
r-release-linux-x86_64 0.1.0 31.80 92.60 124.40 OK
r-release-macos-arm64 0.1.0 NOTE
r-release-macos-x86_64 0.1.0 NOTE
r-release-windows-ix86+x86_64 0.1.0 91.00 154.00 245.00 OK
r-oldrel-macos-x86_64 0.1.0 NOTE
r-oldrel-windows-ix86+x86_64 0.1.0 93.00 153.00 246.00 OK

Check Details

Version: 0.1.0
Check: dependencies in R code
Result: NOTE
    Namespace in Imports field not imported from: ‘Rcpp’
     All declared Imports should be used.
Flavors: r-devel-linux-x86_64-fedora-clang, r-devel-linux-x86_64-fedora-gcc, r-devel-windows-x86_64-new-TK, r-release-macos-arm64, r-release-macos-x86_64, r-oldrel-macos-x86_64