CRAN Package Check Results for Package isdals

Last updated on 2022-09-27 23:55:36 CEST.

Flavor Version Tinstall Tcheck Ttotal Status Flags
r-devel-linux-x86_64-debian-clang 3.0.0 2.69 56.02 58.71 NOTE
r-devel-linux-x86_64-debian-gcc 3.0.0 1.98 44.01 45.99 NOTE
r-devel-linux-x86_64-fedora-clang 3.0.0 85.98 NOTE
r-devel-linux-x86_64-fedora-gcc 3.0.0 81.27 NOTE
r-devel-windows-x86_64 3.0.0 30.00 122.00 152.00 NOTE
r-patched-linux-x86_64 3.0.0 3.71 54.03 57.74 OK
r-release-linux-x86_64 3.0.0 2.77 54.34 57.11 OK
r-release-macos-arm64 3.0.0 28.00 OK
r-release-macos-x86_64 3.0.0 42.00 OK
r-release-windows-x86_64 3.0.0 30.00 116.00 146.00 OK
r-oldrel-macos-arm64 3.0.0 27.00 OK
r-oldrel-macos-x86_64 3.0.0 45.00 OK
r-oldrel-windows-ix86+x86_64 3.0.0 7.00 92.00 99.00 OK

Check Details

Version: 3.0.0
Check: Rd files
Result: NOTE
    checkRd: (-1) pine.Rd:20: Escaped LaTeX specials: \&
Flavors: r-devel-linux-x86_64-debian-clang, r-devel-linux-x86_64-debian-gcc, r-devel-linux-x86_64-fedora-clang, r-devel-linux-x86_64-fedora-gcc, r-devel-windows-x86_64