CRAN Package Check Results for Package irr

Last updated on 2020-01-19 23:46:47 CET.

Flavor Version Tinstall Tcheck Ttotal Status Flags
r-devel-linux-x86_64-debian-clang 0.84.1 4.02 29.50 33.52 OK
r-devel-linux-x86_64-debian-gcc 0.84.1 3.59 23.35 26.94 OK
r-devel-linux-x86_64-fedora-clang 0.84.1 42.22 OK
r-devel-linux-x86_64-fedora-gcc 0.84.1 41.00 OK
r-devel-windows-ix86+x86_64 0.84.1 12.00 54.00 66.00 OK
r-devel-windows-ix86+x86_64-gcc8 0.84.1 8.00 64.00 72.00 OK
r-patched-linux-x86_64 0.84.1 3.22 27.28 30.50 NOTE
r-patched-solaris-x86 0.84.1 53.20 OK
r-release-linux-x86_64 0.84.1 2.98 26.79 29.77 NOTE
r-release-windows-ix86+x86_64 0.84.1 6.00 69.00 75.00 OK
r-release-osx-x86_64 0.84.1 OK
r-oldrel-windows-ix86+x86_64 0.84.1 8.00 37.00 45.00 OK
r-oldrel-osx-x86_64 0.84.1 OK

Check Details

Version: 0.84.1
Check: Rd line widths
Result: NOTE
    Rd file 'N2.cohen.kappa.Rd':
     \examples lines wider than 100 characters:
     N2.cohen.kappa(c(0.2, 0.25, 0.55), k1=0.6, k0=0.4)
    
    These lines will be truncated in the PDF manual.
Flavors: r-patched-linux-x86_64, r-release-linux-x86_64