CRAN Package Check Results for Package irace

Last updated on 2019-11-10 23:48:30 CET.

Flavor Version Tinstall Tcheck Ttotal Status Flags
r-devel-linux-x86_64-debian-clang 3.3 8.53 76.61 85.14 OK
r-devel-linux-x86_64-debian-gcc 3.3 5.42 57.81 63.23 OK
r-devel-linux-x86_64-fedora-clang 3.3 103.04 OK
r-devel-linux-x86_64-fedora-gcc 3.3 99.55 OK
r-devel-windows-ix86+x86_64 3.3 12.00 92.00 104.00 OK
r-patched-linux-x86_64 3.3 6.70 73.01 79.71 OK
r-patched-solaris-x86 3.3 119.50 OK
r-release-linux-x86_64 3.3 6.58 72.26 78.84 OK
r-release-windows-ix86+x86_64 3.3 18.00 124.00 142.00 OK
r-release-osx-x86_64 3.3 NOTE
r-oldrel-windows-ix86+x86_64 3.3 13.00 120.00 133.00 OK
r-oldrel-osx-x86_64 3.3 NOTE

Check Details

Version: 3.3
Check: package dependencies
Result: NOTE
    Package suggested but not available for checking: ‘Rmpi’
Flavors: r-release-osx-x86_64, r-oldrel-osx-x86_64