CRAN Package Check Results for Package irace

Last updated on 2019-07-22 06:47:40 CEST.

Flavor Version Tinstall Tcheck Ttotal Status Flags
r-devel-linux-x86_64-debian-clang 3.3 6.99 76.74 83.73 OK
r-devel-linux-x86_64-debian-gcc 3.3 5.70 60.49 66.19 OK
r-devel-linux-x86_64-fedora-clang 3.3 97.51 OK
r-devel-linux-x86_64-fedora-gcc 3.3 97.51 OK
r-devel-windows-ix86+x86_64 3.3 11.00 109.00 120.00 OK
r-patched-linux-x86_64 3.3 6.82 73.44 80.26 OK
r-patched-solaris-x86 3.3 124.50 OK
r-release-linux-x86_64 3.3 7.29 73.18 80.47 OK
r-release-windows-ix86+x86_64 3.3 8.00 85.00 93.00 OK
r-release-osx-x86_64 3.3 NOTE
r-oldrel-windows-ix86+x86_64 3.3 12.00 75.00 87.00 OK
r-oldrel-osx-x86_64 3.3 NOTE

Check Details

Version: 3.3
Check: package dependencies
Result: NOTE
    Package suggested but not available for checking: ‘Rmpi’
Flavors: r-release-osx-x86_64, r-oldrel-osx-x86_64