CRAN Package Check Results for Package iotools

Last updated on 2020-09-26 23:46:36 CEST.

Flavor Version Tinstall Tcheck Ttotal Status Flags
r-devel-linux-x86_64-debian-clang 0.3-1 5.53 31.71 37.24 NOTE
r-devel-linux-x86_64-debian-gcc 0.3-1 4.35 25.06 29.41 NOTE
r-devel-linux-x86_64-fedora-clang 0.3-1 54.46 NOTE
r-devel-linux-x86_64-fedora-gcc 0.3-1 44.91 NOTE
r-devel-windows-ix86+x86_64 0.3-1 20.00 66.00 86.00 NOTE
r-patched-linux-x86_64 0.3-1 4.56 30.89 35.45 NOTE
r-patched-solaris-x86 0.3-1 66.10 NOTE
r-release-linux-x86_64 0.3-1 4.80 31.30 36.10 NOTE
r-release-macos-x86_64 0.3-1 NOTE
r-release-windows-ix86+x86_64 0.3-1 17.00 66.00 83.00 NOTE
r-oldrel-macos-x86_64 0.3-1 NOTE
r-oldrel-windows-ix86+x86_64 0.3-1 18.00 67.00 85.00 NOTE

Check Details

Version: 0.3-1
Check: compiled code
Result: NOTE
    File 'iotools/libs/iotools.so':
     Found non-API calls to R: 'R_GetConnection', 'R_ReadConnection',
     'R_WriteConnection'
    
    Compiled code should not call non-API entry points in R.
    
    See 'Writing portable packages' in the 'Writing R Extensions' manual.
Flavors: r-devel-linux-x86_64-debian-clang, r-devel-linux-x86_64-debian-gcc, r-patched-linux-x86_64, r-patched-solaris-x86, r-release-linux-x86_64, r-release-macos-x86_64, r-oldrel-macos-x86_64

Version: 0.3-1
Check: compiled code
Result: NOTE
    File ‘iotools/libs/iotools.so’:
     Found non-API calls to R: ‘R_GetConnection’, ‘R_ReadConnection’,
     ‘R_WriteConnection’
    File ‘iotools/libs/iotools.so’:
     Found no calls to: ‘R_registerRoutines’, ‘R_useDynamicSymbols’
    
    Compiled code should not call non-API entry points in R.
    It is good practice to register native routines and to disable symbol
    search.
    
    See ‘Writing portable packages’ in the ‘Writing R Extensions’ manual.
Flavors: r-devel-linux-x86_64-fedora-clang, r-devel-linux-x86_64-fedora-gcc

Version: 0.3-1
Check: compiled code
Result: NOTE
    File 'iotools/libs/i386/iotools.dll':
     Found non-API calls to R: 'R_GetConnection', 'R_ReadConnection',
     'R_WriteConnection'
    File 'iotools/libs/x64/iotools.dll':
     Found non-API calls to R: 'R_GetConnection', 'R_ReadConnection',
     'R_WriteConnection'
    
    Compiled code should not call non-API entry points in R.
    
    See 'Writing portable packages' in the 'Writing R Extensions' manual.
Flavors: r-devel-windows-ix86+x86_64, r-release-windows-ix86+x86_64, r-oldrel-windows-ix86+x86_64