Last updated on 2022-06-26 23:52:01 CEST.
Flavor | Version | Tinstall | Tcheck | Ttotal | Status | Flags |
---|---|---|---|---|---|---|
r-devel-linux-x86_64-debian-clang | 1.4.2 | 4.12 | 52.19 | 56.31 | OK | |
r-devel-linux-x86_64-debian-gcc | 1.4.2 | 2.82 | 39.61 | 42.43 | OK | |
r-devel-linux-x86_64-fedora-clang | 1.4.2 | 82.18 | NOTE | |||
r-devel-linux-x86_64-fedora-gcc | 1.4.2 | 80.65 | OK | |||
r-devel-windows-x86_64 | 1.4.2 | 20.00 | 113.00 | 133.00 | OK | |
r-patched-linux-x86_64 | 1.4.2 | 3.46 | 49.22 | 52.68 | OK | |
r-release-linux-x86_64 | 1.4.2 | 4.13 | 49.86 | 53.99 | OK | |
r-release-macos-arm64 | 1.4.2 | 27.00 | OK | |||
r-release-macos-x86_64 | 1.4.2 | 37.00 | OK | |||
r-release-windows-x86_64 | 1.4.2 | 23.00 | 111.00 | 134.00 | OK | |
r-oldrel-macos-arm64 | 1.4.2 | 27.00 | OK | |||
r-oldrel-macos-x86_64 | 1.4.2 | 35.00 | OK | |||
r-oldrel-windows-ix86+x86_64 | 1.4.2 | 8.00 | 87.00 | 95.00 | OK |
Version: 1.4.2
Check: Rd cross-references
Result: NOTE
Undeclared packages ‘nlstools’, ‘lme4’ in Rd xrefs
Flavor: r-devel-linux-x86_64-fedora-clang