CRAN Package Check Results for Package intsurvbin

Last updated on 2020-10-28 23:47:16 CET.

Flavor Version Tinstall Tcheck Ttotal Status Flags
r-devel-linux-x86_64-debian-clang 0.0.4 3.01 42.48 45.49 OK
r-devel-linux-x86_64-debian-gcc 0.0.4 2.30 32.59 34.89 OK
r-devel-linux-x86_64-fedora-clang 0.0.4 62.54 NOTE
r-devel-linux-x86_64-fedora-gcc 0.0.4 54.12 NOTE
r-devel-windows-ix86+x86_64 0.0.4 5.00 63.00 68.00 OK
r-patched-linux-x86_64 0.0.4 2.99 40.77 43.76 OK
r-patched-solaris-x86 0.0.4 80.70 NOTE
r-release-linux-x86_64 0.0.4 2.90 40.12 43.02 OK
r-release-macos-x86_64 0.0.4 NOTE
r-release-windows-ix86+x86_64 0.0.4 4.00 44.00 48.00 OK
r-oldrel-macos-x86_64 0.0.4 NOTE
r-oldrel-windows-ix86+x86_64 0.0.4 4.00 63.00 67.00 OK

Check Details

Version: 0.0.4
Check: dependencies in R code
Result: NOTE
    Namespace in Imports field not imported from: ‘mgcv’
     All declared Imports should be used.
Flavors: r-devel-linux-x86_64-fedora-clang, r-devel-linux-x86_64-fedora-gcc, r-patched-solaris-x86, r-release-macos-x86_64, r-oldrel-macos-x86_64