Last updated on 2021-01-18 23:49:32 CET.
Flavor | Version | Tinstall | Tcheck | Ttotal | Status | Flags |
---|---|---|---|---|---|---|
r-devel-linux-x86_64-debian-clang | 1.1-12 | 19.40 | 200.74 | 220.14 | OK | |
r-devel-linux-x86_64-debian-gcc | 1.1-12 | 16.25 | 150.96 | 167.21 | OK | |
r-devel-linux-x86_64-fedora-clang | 1.1-12 | 280.35 | WARN | |||
r-devel-linux-x86_64-fedora-gcc | 1.1-12 | 274.92 | WARN | |||
r-devel-windows-ix86+x86_64 | 1.1-12 | 32.00 | 183.00 | 215.00 | OK | |
r-patched-linux-x86_64 | 1.1-12 | 17.76 | 183.91 | 201.67 | OK | |
r-patched-solaris-x86 | 1.1-12 | 325.80 | OK | |||
r-release-linux-x86_64 | 1.1-12 | 17.64 | 184.99 | 202.63 | OK | |
r-release-macos-x86_64 | 1.1-12 | OK | ||||
r-release-windows-ix86+x86_64 | 1.1-12 | 35.00 | 182.00 | 217.00 | OK | |
r-oldrel-macos-x86_64 | 1.1-12 | OK | ||||
r-oldrel-windows-ix86+x86_64 | 1.1-12 | 29.00 | 158.00 | 187.00 | OK |
Version: 1.1-12
Check: whether package can be installed
Result: WARN
Found the following significant warnings:
Warning: namespace ‘DBI’ is not available and has been replaced
Flavors: r-devel-linux-x86_64-fedora-clang, r-devel-linux-x86_64-fedora-gcc