Last updated on 2022-08-18 23:58:28 CEST.
Flavor | Version | Tinstall | Tcheck | Ttotal | Status | Flags |
---|---|---|---|---|---|---|
r-devel-linux-x86_64-debian-clang | 1.0 | 1.45 | 19.60 | 21.05 | NOTE | |
r-devel-linux-x86_64-debian-gcc | 1.0 | 1.44 | 15.20 | 16.64 | NOTE | |
r-devel-linux-x86_64-fedora-clang | 1.0 | 37.09 | NOTE | |||
r-devel-linux-x86_64-fedora-gcc | 1.0 | 36.39 | NOTE | |||
r-devel-windows-x86_64 | 1.0 | 14.00 | 42.00 | 56.00 | NOTE | |
r-patched-linux-x86_64 | 1.0 | 2.15 | 18.83 | 20.98 | NOTE | |
r-release-linux-x86_64 | 1.0 | NOTE | ||||
r-release-macos-arm64 | 1.0 | 14.00 | NOTE | |||
r-release-macos-x86_64 | 1.0 | 20.00 | NOTE | |||
r-release-windows-x86_64 | 1.0 | 5.00 | 42.00 | 47.00 | NOTE | |
r-oldrel-macos-arm64 | 1.0 | 15.00 | NOTE | |||
r-oldrel-macos-x86_64 | 1.0 | 24.00 | NOTE | |||
r-oldrel-windows-ix86+x86_64 | 1.0 | 4.00 | 29.00 | 33.00 | NOTE |
Version: 1.0
Check: DESCRIPTION meta-information
Result: NOTE
Malformed Title field: should not end in a period.
Flavors: r-devel-linux-x86_64-debian-clang, r-devel-linux-x86_64-debian-gcc, r-devel-linux-x86_64-fedora-clang, r-devel-linux-x86_64-fedora-gcc, r-devel-windows-x86_64, r-patched-linux-x86_64, r-release-linux-x86_64, r-release-macos-arm64, r-release-macos-x86_64, r-release-windows-x86_64, r-oldrel-macos-arm64, r-oldrel-macos-x86_64, r-oldrel-windows-ix86+x86_64