Last updated on 2022-06-28 23:54:06 CEST.
Flavor | Version | Tinstall | Tcheck | Ttotal | Status | Flags |
---|---|---|---|---|---|---|
r-devel-linux-x86_64-debian-clang | 2019.12.5 | 4.83 | 35.74 | 40.57 | OK | |
r-devel-linux-x86_64-debian-gcc | 2019.12.5 | 4.21 | 27.90 | 32.11 | OK | |
r-devel-linux-x86_64-fedora-clang | 2019.12.5 | 58.94 | NOTE | |||
r-devel-linux-x86_64-fedora-gcc | 2019.12.5 | 59.35 | OK | |||
r-devel-windows-x86_64 | 2019.12.5 | 89.00 | 73.00 | 162.00 | OK | |
r-patched-linux-x86_64 | 2019.12.5 | 6.91 | 34.29 | 41.20 | OK | |
r-release-linux-x86_64 | 2019.12.5 | 4.59 | 33.88 | 38.47 | OK | |
r-release-macos-arm64 | 2019.12.5 | 23.00 | OK | |||
r-release-macos-x86_64 | 2019.12.5 | 31.00 | OK | |||
r-release-windows-x86_64 | 2019.12.5 | 63.00 | 73.00 | 136.00 | OK | |
r-oldrel-macos-arm64 | 2019.12.5 | 27.00 | OK | |||
r-oldrel-macos-x86_64 | 2019.12.5 | 39.00 | OK | |||
r-oldrel-windows-ix86+x86_64 | 2019.12.5 | 11.00 | 60.00 | 71.00 | OK |
Version: 2019.12.5
Check: Rd cross-references
Result: NOTE
Undeclared package ‘R.methodsS3’ in Rd xrefs
Flavor: r-devel-linux-x86_64-fedora-clang