CRAN Package Check Results for Package infraFDTD.assist

Last updated on 2022-12-02 23:50:30 CET.

Flavor Version Tinstall Tcheck Ttotal Status Flags
r-devel-linux-x86_64-debian-clang 0.6 2.90 27.52 30.42 NOTE
r-devel-linux-x86_64-debian-gcc 0.6 2.27 21.72 23.99 NOTE
r-devel-linux-x86_64-fedora-clang 0.6 52.23 NOTE
r-devel-linux-x86_64-fedora-gcc 0.6 50.82 NOTE
r-devel-windows-x86_64 0.6 14.00 57.00 71.00 OK
r-patched-linux-x86_64 0.6 2.73 27.25 29.98 NOTE
r-release-linux-x86_64 0.6 2.38 27.25 29.63 NOTE
r-release-macos-arm64 0.6 20.00 OK
r-release-macos-x86_64 0.6 30.00 OK
r-release-windows-x86_64 0.6 13.00 56.00 69.00 OK
r-oldrel-macos-arm64 0.6 21.00 OK
r-oldrel-macos-x86_64 0.6 32.00 OK
r-oldrel-windows-ix86+x86_64 0.6 7.00 54.00 61.00 OK

Check Details

Version: 0.6
Check: for non-standard things in the check directory
Result: NOTE
    Found the following files/directories:
     'c.txt' 'rho.txt' 'sta.txt' 'topo.txt'
Flavors: r-devel-linux-x86_64-debian-clang, r-devel-linux-x86_64-debian-gcc, r-devel-linux-x86_64-fedora-clang, r-devel-linux-x86_64-fedora-gcc, r-patched-linux-x86_64, r-release-linux-x86_64