CRAN Package Check Results for Package infinitefactor

Last updated on 2022-11-28 22:51:25 CET.

Flavor Version Tinstall Tcheck Ttotal Status Flags
r-devel-linux-x86_64-debian-clang 1.0 60.80 84.15 144.95 OK
r-devel-linux-x86_64-debian-gcc 1.0 50.23 60.92 111.15 OK
r-devel-linux-x86_64-fedora-clang 1.0 203.19 OK
r-devel-linux-x86_64-fedora-gcc 1.0 208.18 OK
r-devel-windows-x86_64 1.0 70.00 132.00 202.00 OK
r-patched-linux-x86_64 1.0 51.11 77.70 128.81 OK
r-release-linux-x86_64 1.0 53.38 79.86 133.24 OK
r-release-macos-arm64 1.0 48.00 NOTE
r-release-macos-x86_64 1.0 85.00 OK
r-release-windows-x86_64 1.0 65.00 130.00 195.00 OK
r-oldrel-macos-arm64 1.0 62.00 NOTE
r-oldrel-macos-x86_64 1.0 77.00 NOTE
r-oldrel-windows-ix86+x86_64 1.0 150.00 165.00 315.00 OK

Check Details

Version: 1.0
Check: installed package size
Result: NOTE
     installed size is 5.2Mb
     sub-directories of 1Mb or more:
     libs 5.1Mb
Flavors: r-release-macos-arm64, r-oldrel-macos-arm64, r-oldrel-macos-x86_64