CRAN Package Check Results for Package inferCSN

Last updated on 2024-07-20 00:56:51 CEST.

Flavor Version Tinstall Tcheck Ttotal Status Flags
r-devel-linux-x86_64-debian-clang 1.0.5 295.53 159.05 454.58 OK
r-devel-linux-x86_64-debian-gcc 1.0.5 167.41 118.93 286.34 OK
r-devel-linux-x86_64-fedora-clang 1.0.5 631.25 OK
r-devel-linux-x86_64-fedora-gcc 1.0.5 648.94 OK
r-devel-windows-x86_64 1.0.5 184.00 164.00 348.00 OK
r-patched-linux-x86_64 1.0.5 157.72 153.30 311.02 OK
r-release-linux-x86_64 1.0.5 179.54 153.49 333.03 OK
r-release-macos-arm64 1.0.5 129.00 NOTE
r-release-macos-x86_64 1.0.5 229.00 NOTE
r-release-windows-x86_64 1.0.5 220.00 156.00 376.00 OK
r-oldrel-macos-arm64 1.0.5 136.00 NOTE
r-oldrel-macos-x86_64 1.0.5 184.00 NOTE
r-oldrel-windows-x86_64 1.0.5 269.00 208.00 477.00 OK

Check Details

Version: 1.0.5
Check: installed package size
Result: NOTE installed size is 11.9Mb sub-directories of 1Mb or more: libs 10.7Mb Flavors: r-release-macos-arm64, r-release-macos-x86_64, r-oldrel-macos-arm64, r-oldrel-macos-x86_64