CRAN Package Check Results for Package indirect

Last updated on 2022-06-29 23:53:21 CEST.

Flavor Version Tinstall Tcheck Ttotal Status Flags
r-devel-linux-x86_64-debian-clang 0.2.1 2.18 37.62 39.80 OK
r-devel-linux-x86_64-debian-gcc 0.2.1 2.43 29.71 32.14 OK
r-devel-linux-x86_64-fedora-clang 0.2.1 62.37 WARN
r-devel-linux-x86_64-fedora-gcc 0.2.1 61.79 WARN
r-devel-windows-x86_64 0.2.1 19.00 88.00 107.00 OK
r-patched-linux-x86_64 0.2.1 2.90 37.46 40.36 OK
r-release-linux-x86_64 0.2.1 3.08 37.51 40.59 OK
r-release-macos-arm64 0.2.1 23.00 OK
r-release-macos-x86_64 0.2.1 29.00 OK
r-release-windows-x86_64 0.2.1 17.00 85.00 102.00 OK
r-oldrel-macos-arm64 0.2.1 25.00 OK
r-oldrel-macos-x86_64 0.2.1 30.00 OK
r-oldrel-windows-ix86+x86_64 0.2.1 7.00 61.00 68.00 OK

Check Details

Version: 0.2.1
Check: package dependencies
Result: WARN
    Requires (indirectly) orphaned package: ‘gtools’
Flavors: r-devel-linux-x86_64-fedora-clang, r-devel-linux-x86_64-fedora-gcc