CRAN Package Check Results for Package incubate

Last updated on 2024-06-14 00:53:45 CEST.

Flavor Version Tinstall Tcheck Ttotal Status Flags
r-devel-linux-x86_64-debian-clang 1.2.1 9.19 103.40 112.59 OK
r-devel-linux-x86_64-debian-gcc 1.2.1 0.40 1.70 2.10 ERROR
r-devel-linux-x86_64-fedora-clang 1.2.1 142.48 OK
r-devel-linux-x86_64-fedora-gcc 1.2.1 134.28 OK
r-devel-windows-x86_64 1.2.1 10.00 93.00 103.00 OK
r-patched-linux-x86_64 1.2.1 10.07 101.88 111.95 OK
r-release-linux-x86_64 1.2.1 10.50 100.76 111.26 OK
r-release-macos-arm64 1.2.1 38.00 OK
r-release-macos-x86_64 1.2.1 64.00 OK
r-release-windows-x86_64 1.2.1 10.00 93.00 103.00 OK
r-oldrel-macos-arm64 1.2.1 47.00 OK
r-oldrel-macos-x86_64 1.2.1 79.00 OK
r-oldrel-windows-x86_64 1.2.1 13.00 113.00 126.00 OK

Check Details

Version: 1.2.1
Check: package dependencies
Result: ERROR Packages required but not available: 'purrr', 'tibble' Packages suggested but not available for checking: 'ggplot2', 'testthat' See section ‘The DESCRIPTION file’ in the ‘Writing R Extensions’ manual. Flavor: r-devel-linux-x86_64-debian-gcc