CRAN Package Check Results for Package imputeMulti

Last updated on 2024-06-14 00:53:45 CEST.

Flavor Version Tinstall Tcheck Ttotal Status Flags
r-devel-linux-x86_64-debian-clang 0.8.4 34.13 168.75 202.88 OK
r-devel-linux-x86_64-debian-gcc 0.8.4 20.26 43.44 63.70 ERROR
r-devel-linux-x86_64-fedora-clang 0.8.4 265.83 OK
r-devel-linux-x86_64-fedora-gcc 0.8.4 263.06 OK
r-devel-windows-x86_64 0.8.4 26.00 171.00 197.00 OK
r-patched-linux-x86_64 0.8.4 26.85 173.77 200.62 OK
r-release-linux-x86_64 0.8.4 27.66 174.98 202.64 OK
r-release-macos-arm64 0.8.4 72.00 OK
r-release-macos-x86_64 0.8.4 110.00 OK
r-release-windows-x86_64 0.8.4 26.00 178.00 204.00 OK
r-oldrel-macos-arm64 0.8.4 78.00 OK
r-oldrel-macos-x86_64 0.8.4 121.00 OK
r-oldrel-windows-x86_64 0.8.4 26.00 196.00 222.00 OK

Check Details

Version: 0.8.4
Check: package dependencies
Result: NOTE Package suggested but not available for checking: ‘testthat’ Flavor: r-devel-linux-x86_64-debian-gcc

Version: 0.8.4
Check: tests
Result: ERROR Running ‘testthat.R’ [0s/0s] Running the tests in ‘tests/testthat.R’ failed. Complete output: > library(testthat) Error in library(testthat) : there is no package called 'testthat' Execution halted Flavor: r-devel-linux-x86_64-debian-gcc