CRAN Package Check Results for Package impactr

Last updated on 2022-11-29 22:53:39 CET.

Flavor Version Tinstall Tcheck Ttotal Status Flags
r-devel-linux-x86_64-debian-clang 0.4.1 31.50 68.27 99.77 NOTE
r-devel-linux-x86_64-debian-gcc 0.4.1 20.76 51.37 72.13 NOTE
r-devel-linux-x86_64-fedora-clang 0.4.1 139.50 NOTE
r-devel-linux-x86_64-fedora-gcc 0.4.1 136.55 NOTE
r-devel-windows-x86_64 0.4.1 34.00 121.00 155.00 NOTE
r-patched-linux-x86_64 0.4.1 21.60 60.17 81.77 NOTE
r-release-linux-x86_64 0.4.1 17.99 56.39 74.38 NOTE
r-release-macos-arm64 0.4.1 37.00 NOTE
r-release-macos-x86_64 0.4.1 49.00 NOTE
r-release-windows-x86_64 0.4.1 50.00 118.00 168.00 NOTE
r-oldrel-macos-arm64 0.4.1 40.00 NOTE
r-oldrel-macos-x86_64 0.4.1 48.00 NOTE
r-oldrel-windows-ix86+x86_64 0.4.1 81.00 133.00 214.00 NOTE

Check Details

Version: 0.4.1
Check: package dependencies
Result: NOTE
    Package suggested but not available for checking: 'accdata'
Flavors: r-devel-linux-x86_64-debian-clang, r-devel-linux-x86_64-debian-gcc, r-devel-linux-x86_64-fedora-clang, r-devel-linux-x86_64-fedora-gcc, r-devel-windows-x86_64, r-patched-linux-x86_64, r-release-linux-x86_64, r-release-macos-arm64, r-release-macos-x86_64, r-release-windows-x86_64, r-oldrel-macos-arm64, r-oldrel-macos-x86_64, r-oldrel-windows-ix86+x86_64