CRAN Package Check Results for Package imgrec

Last updated on 2023-01-30 00:31:15 CET.

Flavor Version Tinstall Tcheck Ttotal Status Flags
r-devel-linux-x86_64-debian-clang 0.1.3 5.07 44.98 50.05 OK
r-devel-linux-x86_64-debian-gcc 0.1.3 4.31 39.05 43.36 OK
r-devel-linux-x86_64-fedora-clang 0.1.3 71.97 NOTE
r-devel-linux-x86_64-fedora-gcc 0.1.3 80.40 NOTE
r-devel-windows-x86_64 0.1.3 16.00 82.00 98.00 OK
r-patched-linux-x86_64 0.1.3 4.21 45.93 50.14 OK
r-release-linux-x86_64 0.1.3 4.28 44.28 48.56 OK
r-release-macos-arm64 0.1.3 26.00 NOTE
r-release-macos-x86_64 0.1.3 43.00 NOTE
r-release-windows-x86_64 0.1.3 18.00 84.00 102.00 OK
r-oldrel-macos-arm64 0.1.3 28.00 NOTE
r-oldrel-macos-x86_64 0.1.3 34.00 NOTE
r-oldrel-windows-ix86+x86_64 0.1.3 14.00 77.00 91.00 OK

Check Details

Version: 0.1.3
Check: dependencies in R code
Result: NOTE
    Namespace in Imports field not imported from: ‘knitr’
     All declared Imports should be used.
Flavors: r-devel-linux-x86_64-fedora-clang, r-devel-linux-x86_64-fedora-gcc, r-release-macos-arm64, r-release-macos-x86_64, r-oldrel-macos-arm64, r-oldrel-macos-x86_64