CRAN Package Check Results for Package igraphtosonia

Last updated on 2021-04-14 23:47:14 CEST.

Flavor Version Tinstall Tcheck Ttotal Status Flags
r-devel-linux-x86_64-debian-clang 1.0 2.20 28.67 30.87 NOTE
r-devel-linux-x86_64-debian-gcc 1.0 1.63 22.59 24.22 NOTE
r-devel-linux-x86_64-fedora-clang 1.0 46.53 NOTE
r-devel-linux-x86_64-fedora-gcc 1.0 36.65 NOTE
r-devel-windows-ix86+x86_64 1.0 5.00 47.00 52.00 NOTE
r-devel-windows-x86_64-gcc10-UCRT 1.0 NOTE
r-patched-linux-x86_64 1.0 2.00 27.98 29.98 NOTE
r-patched-solaris-x86 1.0 60.10 NOTE
r-release-linux-x86_64 1.0 2.27 27.90 30.17 NOTE
r-release-macos-x86_64 1.0 NOTE
r-release-windows-ix86+x86_64 1.0 4.00 44.00 48.00 NOTE
r-oldrel-macos-x86_64 1.0 NOTE
r-oldrel-windows-ix86+x86_64 1.0 4.00 31.00 35.00 NOTE

Check Details

Version: 1.0
Check: DESCRIPTION meta-information
Result: NOTE
    Malformed Description field: should contain one or more complete sentences.
Flavors: r-devel-linux-x86_64-debian-clang, r-devel-linux-x86_64-debian-gcc, r-devel-linux-x86_64-fedora-clang, r-devel-linux-x86_64-fedora-gcc, r-devel-windows-ix86+x86_64, r-devel-windows-x86_64-gcc10-UCRT, r-patched-linux-x86_64, r-patched-solaris-x86, r-release-linux-x86_64, r-release-macos-x86_64, r-release-windows-ix86+x86_64, r-oldrel-macos-x86_64, r-oldrel-windows-ix86+x86_64