CRAN Package Check Results for Package igraphinshiny

Last updated on 2021-04-14 23:47:14 CEST.

Flavor Version Tinstall Tcheck Ttotal Status Flags
r-devel-linux-x86_64-debian-clang 0.1 3.18 36.58 39.76 NOTE
r-devel-linux-x86_64-debian-gcc 0.1 2.41 29.11 31.52 NOTE
r-devel-linux-x86_64-fedora-clang 0.1 57.80 NOTE
r-devel-linux-x86_64-fedora-gcc 0.1 47.51 NOTE
r-devel-windows-ix86+x86_64 0.1 9.00 59.00 68.00 NOTE
r-devel-windows-x86_64-gcc10-UCRT 0.1 NOTE
r-patched-linux-x86_64 0.1 3.22 35.50 38.72 OK
r-patched-solaris-x86 0.1 77.60 OK
r-release-linux-x86_64 0.1 3.04 35.78 38.82 OK
r-release-macos-x86_64 0.1 OK
r-release-windows-ix86+x86_64 0.1 29.00 55.00 84.00 OK
r-oldrel-macos-x86_64 0.1 OK
r-oldrel-windows-ix86+x86_64 0.1 7.00 42.00 49.00 OK

Check Details

Version: 0.1
Check: LazyData
Result: NOTE
     'LazyData' is specified without a 'data' directory
Flavors: r-devel-linux-x86_64-debian-clang, r-devel-linux-x86_64-debian-gcc, r-devel-linux-x86_64-fedora-clang, r-devel-linux-x86_64-fedora-gcc, r-devel-windows-ix86+x86_64, r-devel-windows-x86_64-gcc10-UCRT