Last updated on 2021-02-25 23:49:00 CET.
Flavor | Version | Tinstall | Tcheck | Ttotal | Status | Flags |
---|---|---|---|---|---|---|
r-devel-linux-x86_64-debian-clang | 1.2.6 | 241.65 | 217.32 | 458.97 | OK | |
r-devel-linux-x86_64-debian-gcc | 1.2.6 | 174.49 | 165.05 | 339.54 | OK | |
r-devel-linux-x86_64-fedora-clang | 1.2.6 | 628.86 | NOTE | |||
r-devel-linux-x86_64-fedora-gcc | 1.2.6 | 560.95 | OK | |||
r-devel-windows-ix86+x86_64 | 1.2.6 | 594.00 | 312.00 | 906.00 | NOTE | |
r-patched-linux-x86_64 | 1.2.6 | 192.52 | 198.41 | 390.93 | OK | |
r-patched-solaris-x86 | 1.2.6 | 674.70 | NOTE | |||
r-release-linux-x86_64 | 1.2.6 | 192.25 | 201.16 | 393.41 | OK | |
r-release-macos-x86_64 | 1.2.6 | NOTE | ||||
r-release-windows-ix86+x86_64 | 1.2.6 | 638.00 | 4.00 | 642.00 | ERROR | |
r-oldrel-macos-x86_64 | 1.2.6 | NOTE | ||||
r-oldrel-windows-ix86+x86_64 | 1.2.6 | 549.00 | 386.00 | 935.00 | NOTE |
Version: 1.2.6
Check: installed package size
Result: NOTE
installed size is 17.7Mb
sub-directories of 1Mb or more:
R 1.4Mb
help 1.1Mb
libs 14.7Mb
Flavors: r-devel-linux-x86_64-fedora-clang, r-devel-windows-ix86+x86_64, r-patched-solaris-x86, r-release-macos-x86_64, r-oldrel-macos-x86_64, r-oldrel-windows-ix86+x86_64
Version: 1.2.6
Check: whether package can be installed
Result: ERROR
Installation failed.
Flavor: r-release-windows-ix86+x86_64
Version: 1.2.6
Check: dependencies in R code
Result: NOTE
No protocol specified
No protocol specified
Flavor: r-oldrel-macos-x86_64