CRAN Package Check Results for Package igraph

Last updated on 2019-02-18 02:48:53 CET.

Flavor Version Tinstall Tcheck Ttotal Status Flags
r-devel-linux-x86_64-debian-clang 1.2.4 217.82 253.43 471.25 OK
r-devel-linux-x86_64-debian-gcc 1.2.4 159.45 199.82 359.27 OK
r-devel-linux-x86_64-fedora-clang 1.2.4 638.47 NOTE
r-devel-linux-x86_64-fedora-gcc 1.2.4 555.58 OK
r-devel-windows-ix86+x86_64 1.2.4 762.00 616.00 1378.00 NOTE
r-patched-linux-x86_64 1.2.4 182.59 242.31 424.90 OK
r-patched-solaris-x86 1.2.4 878.50 NOTE
r-release-linux-x86_64 1.2.4 OK
r-release-windows-ix86+x86_64 1.2.4 581.00 528.00 1109.00 NOTE
r-release-osx-x86_64 1.2.4 NOTE
r-oldrel-windows-ix86+x86_64 1.2.4 534.00 566.00 1100.00 NOTE
r-oldrel-osx-x86_64 1.2.4 NOTE

Additional issues

rchk

Check Details

Version: 1.2.4
Check: installed package size
Result: NOTE
     installed size is 16.1Mb
     sub-directories of 1Mb or more:
     R 1.4Mb
     help 1.1Mb
     libs 13.1Mb
Flavors: r-devel-linux-x86_64-fedora-clang, r-devel-windows-ix86+x86_64, r-patched-solaris-x86, r-release-windows-ix86+x86_64, r-release-osx-x86_64, r-oldrel-windows-ix86+x86_64, r-oldrel-osx-x86_64