CRAN Package Check Results for Package igraph

Last updated on 2019-04-22 02:53:35 CEST.

Flavor Version Tinstall Tcheck Ttotal Status Flags
r-devel-linux-x86_64-debian-clang 1.2.4 224.06 247.43 471.49 ERROR
r-devel-linux-x86_64-debian-gcc 1.2.4 163.29 195.58 358.87 ERROR
r-devel-linux-x86_64-fedora-clang 1.2.4 623.96 ERROR
r-devel-linux-x86_64-fedora-gcc 1.2.4 577.90 ERROR
r-devel-windows-ix86+x86_64 1.2.4 731.00 503.00 1234.00 ERROR
r-patched-linux-x86_64 1.2.4 186.20 248.90 435.10 ERROR
r-patched-solaris-x86 1.2.4 905.90 ERROR
r-release-linux-x86_64 1.2.4 184.19 251.22 435.41 OK
r-release-windows-ix86+x86_64 1.2.4 611.00 713.00 1324.00 NOTE
r-release-osx-x86_64 1.2.4 NOTE
r-oldrel-windows-ix86+x86_64 1.2.4 591.00 723.00 1314.00 NOTE
r-oldrel-osx-x86_64 1.2.4 NOTE

Check Details

Version: 1.2.4
Check: tests
Result: ERROR
     Running 'testthat.R' [76s/81s]
    Running the tests in 'tests/testthat.R' failed.
    Complete output:
     > library(testthat)
     > library(igraph)
    
     Attaching package: 'igraph'
    
     The following object is masked from 'package:testthat':
    
     compare
    
     The following objects are masked from 'package:stats':
    
     decompose, spectrum
    
     The following object is masked from 'package:base':
    
     union
    
     >
     > test_check("igraph")
     -- 1. Failure: vs printing (@test-vs-es-printing.R#16) ------------------------
     `print(V(g)[[1]])` does not match "+ 1/3 vertex, named, from 3928530:\n name color weight\n1 A red 10".
     Actual value: "+ 1/3 vertex, named, from 3928530:\n name color weight\n1 A red 1"
    
     -- 2. Failure: vs printing (@test-vs-es-printing.R#22) ------------------------
     `print(V(g)[[2]])` does not match "+ 1/3 vertex, named, from 3928530:\n name color weight\n2 B red 9".
     Actual value: "+ 1/3 vertex, named, from 3928530:\n name color weight\n2 B red 5"
    
     -- 3. Failure: vs printing (@test-vs-es-printing.R#28) ------------------------
     `print(V(g)[[1:2]])` does not match "+ 2/3 vertices, named, from 3928530:\n name color weight\n1 A red 10\n2 B red 9".
     Actual value: "+ 2/3 vertices, named, from 3928530:\n name color weight\n1 A red 1\n2 B red 5"
    
     -- 4. Failure: vs printing (@test-vs-es-printing.R#34) ------------------------
     `print(V(g)[[2:3]])` does not match "+ 2/3 vertices, named, from 3928530:\n name color weight\n2 B red 9\n3 C red 3".
     Actual value: "+ 2/3 vertices, named, from 3928530:\n name color weight\n2 B red 5\n3 C red 10"
    
     -- 5. Failure: vs printing, complex attributes (@test-vs-es-printing.R#52) ----
     `print(V(g)[[1]])` does not match "+ 1/3 vertex, named, from 6f64f0e:\n$name\n[1] \"A\"\n\n$color\n[1] \"red\"\n\n$weight\n[1] 10\n\n$cplx\n$cplx[[1]]\n[1] 1 2 3 4\n\n".
     Actual value: "+ 1/3 vertex, named, from 6f64f0e:\n$name\n[1] "A"\n\n$color\n[1] "red"\n\n$weight\n[1] 1\n\n$cplx\n$cplx[[1]]\n[1] 1 2 3 4\n\n"
    
     -- 6. Failure: vs printing, complex attributes (@test-vs-es-printing.R#60) ----
     `print(V(g)[[2:3]])` does not match "+ 2/3 vertices, named, from 6f64f0e:\n$name\n[1] \"B\" \"C\"\n\n$color\n[1] \"red\" \"red\"\n\n$weight\n[1] 9 3\n\n$cplx\n$cplx[[1]]\n[1] 1 2 3 4\n\n$cplx[[2]]\n[1] 1 2 3 4\n\n".
     Actual value: "+ 2/3 vertices, named, from 6f64f0e:\n$name\n[1] "B" "C"\n\n$color\n[1] "red" "red"\n\n$weight\n[1] 5 10\n\n$cplx\n$cplx[[1]]\n[1] 1 2 3 4\n\n$cplx[[2]]\n[1] 1 2 3 4\n\n"
    
     -- 7. Failure: es printing (@test-vs-es-printing.R#76) ------------------------
     `print(E(g)[[1]])` does not match "+ 1/3 edge from 3be10cb (vertex names):\n tail head tid hid color weight\n1 A B 1 2 red 10".
     Actual value: "+ 1/3 edge from 3be10cb (vertex names):\n tail head tid hid color weight\n1 A B 1 2 red 1"
    
     -- 8. Failure: es printing (@test-vs-es-printing.R#83) ------------------------
     `print(E(g)[[2:3]])` does not match "+ 2/3 edges from 3be10cb (vertex names):\n tail head tid hid color weight\n2 A C 1 3 red 9\n3 B C 2 3 red 3".
     Actual value: "+ 2/3 edges from 3be10cb (vertex names):\n tail head tid hid color weight\n2 A C 1 3 red 5\n3 B C 2 3 red 10"
    
     -- 9. Failure: es printing, complex attributes (@test-vs-es-printing.R#101) ---
     `print(E(g)[[1]])` does not match "+ 1/3 edge from b6cafb1 (vertex names):\n$color\n[1] \"red\"\n\n$weight\n[1] 10\n\n$cmpx\n$cmpx[[1]]\n[1] 1 2 3 4\n\n".
     Actual value: "+ 1/3 edge from b6cafb1 (vertex names):\n$color\n[1] "red"\n\n$weight\n[1] 1\n\n$cmpx\n$cmpx[[1]]\n[1] 1 2 3 4\n\n"
    
     -- 10. Failure: es printing, complex attributes (@test-vs-es-printing.R#108) --
     `print(E(g)[[2:3]])` does not match "+ 2/3 edges from b6cafb1 (vertex names):\n$color\n[1] \"red\" \"red\"\n\n$weight\n[1] 9 3\n\n$cmpx\n$cmpx[[1]]\n[1] 1 2 3 4\n\n$cmpx[[2]]\n[1] 1 2 3 4\n\n".
     Actual value: "+ 2/3 edges from b6cafb1 (vertex names):\n$color\n[1] "red" "red"\n\n$weight\n[1] 5 10\n\n$cmpx\n$cmpx[[1]]\n[1] 1 2 3 4\n\n$cmpx[[2]]\n[1] 1 2 3 4\n\n"
    
     -- 11. Failure: bipartite_projection works (@test_bipartite.projection.R#25) --
     `x` not equivalent to `expected`.
     16/25 mismatches (average diff: 1.25)
     [2] 1 - 2 == -1
     [3] 1 - 0 == 1
     [4] 0 - 2 == -2
     [5] 1 - 2 == -1
     [6] 1 - 2 == -1
     [9] 1 - 2 == -1
     [10] 1 - 2 == -1
     [11] 1 - 0 == 1
     [15] 1 - 0 == 1
     ...
    
     -- 12. Failure: bipartite_projection works (@test_bipartite.projection.R#29) --
     `x` not equivalent to `expected`.
     4/9 mismatches (average diff: 2)
     [2] 1 - 4 == -3
     [3] 0 - 1 == -1
     [4] 1 - 4 == -3
     [7] 0 - 1 == -1
    
     -- 13. Failure: contract works (@test_contract.vertices.R#20) -----------------
     `x` not equivalent to `expected`.
     15/25 mismatches (average diff: 4.53)
     [1] 1 - 10 == -9
     [2] 5 - 9 == -4
     [5] 3 - 7 == -4
     [6] 5 - 9 == -4
     [7] 10 - 3 == 7
     [8] 8 - 6 == 2
     [12] 8 - 6 == 2
     [13] 2 - 4 == -2
     [14] 4 - 8 == -4
     ...
    
     -- 14. Failure: LAD stress test (@test_graph.subisomorphic.lad.R#50) ----------
     `x` isn't false.
    
     -- 15. Failure: LAD stress test (@test_graph.subisomorphic.lad.R#50) ----------
     `x` isn't false.
    
     -- 16. Failure: weighted cluster_optimal works (@test_optimal.community.R#35) -
     `x` not equal to `expected`.
     1/1 mismatches
     [1] 0.434 - 0.403 == 0.0307
    
     -- 17. Failure: General scan-stat works, US, scan-0, weighted (@test_scan.R#
     `x` not equal to `expected`.
     1/1 mismatches
     x[1]: "41f71694259d9479383d4113f13eab3d"
     y[1]: "0f8d7ac831389cea04e0bfc5e2510c73"
    
     -- 18. Failure: General scan-stat works, US, scan-1, weighted (@test_scan.R#
     `x` not equal to `expected`.
     1/1 mismatches
     x[1]: "c450a7fa14874b96793eb54b1f67238d"
     y[1]: "af720916ae4b49881745d2dcdd614401"
    
     -- 19. Failure: General scan-stat works, US, scan-2, weighted (@test_scan.R#
     `x` not equal to `expected`.
     1/1 mismatches
     x[1]: "1f0913e1ed3fdf0c404812942b56df8a"
     y[1]: "e02e9d58168ee5d53850497f6d4c76b0"
    
     -- 20. Failure: General scan-stat works, THEM, scan-0, unweighted (@test_sca
     `x` not equal to `expected`.
     1/1 mismatches
     x[1]: "ef658f6b610ce9af554f266ef31376f6"
     y[1]: "f584f7d287f8f89f5f7882165ca41b8c"
    
     -- 21. Failure: General scan-stat works, THEM, scan-0, weighted (@test_scan.
     `x` not equal to `expected`.
     1/1 mismatches
     x[1]: "a88a1dc2c8df1df92c24a01e851ccc4b"
     y[1]: "213db8e7517d1e6406da3dbd55281ed1"
    
     -- 22. Failure: General scan-stat works, THEM, scan-1, unweighted (@test_sca
     `x` not equal to `expected`.
     1/1 mismatches
     x[1]: "2633ec68df530b3355b1817c18821c2b"
     y[1]: "e9ca740ebba2fd1db4abe939954b2638"
    
     -- 23. Failure: General scan-stat works, THEM, scan-1, weighted (@test_scan.
     `x` not equal to `expected`.
     1/1 mismatches
     x[1]: "761ea03ebdb0629f652e57a709f1b873"
     y[1]: "a98e9a03eda7feaae8524dc9348ad74b"
    
     -- 24. Failure: General scan-stat works, THEM, scan-2, unweighted (@test_sca
     `x` not equal to `expected`.
     1/1 mismatches
     x[1]: "c9d999606557319f8c57d9a70b7eb0c8"
     y[1]: "a3237a9a55e9d86ab471c81a291eb03b"
    
     -- 25. Failure: General scan-stat works, THEM, scan-2, weighted (@test_scan.
     `x` not equal to `expected`.
     1/1 mismatches
     x[1]: "9f3f1e67f9724997495ffb0bb69dc007"
     y[1]: "995d0b6a952834ff6e534efc2cfb917b"
    
     -- 26. Failure: Neighborhoods work for us (@test_scan.R#81) ---------------
     `x` not equal to `expected`.
     1/1 mismatches
     x[1]: "c450a7fa14874b96793eb54b1f67238d"
     y[1]: "af720916ae4b49881745d2dcdd614401"
    
     -- 27. Failure: Neighborhoods work for us (@test_scan.R#87) ---------------
     `x` not equal to `expected`.
     1/1 mismatches
     x[1]: "1f0913e1ed3fdf0c404812942b56df8a"
     y[1]: "e02e9d58168ee5d53850497f6d4c76b0"
    
     -- 28. Failure: Neighborhoods work for them (@test_scan.R#95) -------------
     `x` not equal to `expected`.
     1/1 mismatches
     x[1]: "2633ec68df530b3355b1817c18821c2b"
     y[1]: "e9ca740ebba2fd1db4abe939954b2638"
    
     -- 29. Failure: Neighborhoods work for them (@test_scan.R#97) -------------
     `x` not equal to `expected`.
     1/1 mismatches
     x[1]: "761ea03ebdb0629f652e57a709f1b873"
     y[1]: "a98e9a03eda7feaae8524dc9348ad74b"
    
     -- 30. Failure: Neighborhoods work for them (@test_scan.R#101) ------------
     `x` not equal to `expected`.
     1/1 mismatches
     x[1]: "c9d999606557319f8c57d9a70b7eb0c8"
     y[1]: "a3237a9a55e9d86ab471c81a291eb03b"
    
     -- 31. Failure: Neighborhoods work for them (@test_scan.R#103) ------------
     `x` not equal to `expected`.
     1/1 mismatches
     x[1]: "9f3f1e67f9724997495ffb0bb69dc007"
     y[1]: "995d0b6a952834ff6e534efc2cfb917b"
    
     -- 32. Failure: General scan-stat works, US, scan-1, weighted, directed (@te
     `x` not equal to `expected`.
     1/1 mismatches
     x[1]: "76711452c3360d7a6151fa755da158d8"
     y[1]: "da8e14f2ba63efc74b5fd7b9d8f79bbc"
    
     -- 33. Failure: General scan-stat works, US, scan-1, weighted, directed (@te
     `x` not equal to `expected`.
     1/1 mismatches
     x[1]: "dfa8749d4ceb636993e0bfceee4cb5b7"
     y[1]: "f5f07eebb907ae0a244195a20971be11"
    
     == testthat results =======================================================
     OK: 3278 SKIPPED: 4 FAILED: 33
     1. Failure: vs printing (@test-vs-es-printing.R#16)
     2. Failure: vs printing (@test-vs-es-printing.R#22)
     3. Failure: vs printing (@test-vs-es-printing.R#28)
     4. Failure: vs printing (@test-vs-es-printing.R#34)
     5. Failure: vs printing, complex attributes (@test-vs-es-printing.R#52)
     6. Failure: vs printing, complex attributes (@test-vs-es-printing.R#60)
     7. Failure: es printing (@test-vs-es-printing.R#76)
     8. Failure: es printing (@test-vs-es-printing.R#83)
     9. Failure: es printing, complex attributes (@test-vs-es-printing.R#101)
     1. ...
    
     Error: testthat unit tests failed
     Execution halted
Flavor: r-devel-linux-x86_64-debian-clang

Version: 1.2.4
Check: tests
Result: ERROR
     Running ‘testthat.R’ [63s/87s]
    Running the tests in ‘tests/testthat.R’ failed.
    Complete output:
     > library(testthat)
     > library(igraph)
    
     Attaching package: 'igraph'
    
     The following object is masked from 'package:testthat':
    
     compare
    
     The following objects are masked from 'package:stats':
    
     decompose, spectrum
    
     The following object is masked from 'package:base':
    
     union
    
     >
     > test_check("igraph")
     ── 1. Failure: vs printing (@test-vs-es-printing.R#16) ────────────────────────
     `print(V(g)[[1]])` does not match "+ 1/3 vertex, named, from da577ef:\n name color weight\n1 A red 10".
     Actual value: "+ 1/3 vertex, named, from da577ef:\n name color weight\n1 A red 1"
    
     ── 2. Failure: vs printing (@test-vs-es-printing.R#22) ────────────────────────
     `print(V(g)[[2]])` does not match "+ 1/3 vertex, named, from da577ef:\n name color weight\n2 B red 9".
     Actual value: "+ 1/3 vertex, named, from da577ef:\n name color weight\n2 B red 5"
    
     ── 3. Failure: vs printing (@test-vs-es-printing.R#28) ────────────────────────
     `print(V(g)[[1:2]])` does not match "+ 2/3 vertices, named, from da577ef:\n name color weight\n1 A red 10\n2 B red 9".
     Actual value: "+ 2/3 vertices, named, from da577ef:\n name color weight\n1 A red 1\n2 B red 5"
    
     ── 4. Failure: vs printing (@test-vs-es-printing.R#34) ────────────────────────
     `print(V(g)[[2:3]])` does not match "+ 2/3 vertices, named, from da577ef:\n name color weight\n2 B red 9\n3 C red 3".
     Actual value: "+ 2/3 vertices, named, from da577ef:\n name color weight\n2 B red 5\n3 C red 10"
    
     ── 5. Failure: vs printing, complex attributes (@test-vs-es-printing.R#52) ────
     `print(V(g)[[1]])` does not match "+ 1/3 vertex, named, from 79bca59:\n$name\n[1] \"A\"\n\n$color\n[1] \"red\"\n\n$weight\n[1] 10\n\n$cplx\n$cplx[[1]]\n[1] 1 2 3 4\n\n".
     Actual value: "+ 1/3 vertex, named, from 79bca59:\n$name\n[1] "A"\n\n$color\n[1] "red"\n\n$weight\n[1] 1\n\n$cplx\n$cplx[[1]]\n[1] 1 2 3 4\n\n"
    
     ── 6. Failure: vs printing, complex attributes (@test-vs-es-printing.R#60) ────
     `print(V(g)[[2:3]])` does not match "+ 2/3 vertices, named, from 79bca59:\n$name\n[1] \"B\" \"C\"\n\n$color\n[1] \"red\" \"red\"\n\n$weight\n[1] 9 3\n\n$cplx\n$cplx[[1]]\n[1] 1 2 3 4\n\n$cplx[[2]]\n[1] 1 2 3 4\n\n".
     Actual value: "+ 2/3 vertices, named, from 79bca59:\n$name\n[1] "B" "C"\n\n$color\n[1] "red" "red"\n\n$weight\n[1] 5 10\n\n$cplx\n$cplx[[1]]\n[1] 1 2 3 4\n\n$cplx[[2]]\n[1] 1 2 3 4\n\n"
    
     ── 7. Failure: es printing (@test-vs-es-printing.R#76) ────────────────────────
     `print(E(g)[[1]])` does not match "+ 1/3 edge from 479ac29 (vertex names):\n tail head tid hid color weight\n1 A B 1 2 red 10".
     Actual value: "+ 1/3 edge from 479ac29 (vertex names):\n tail head tid hid color weight\n1 A B 1 2 red 1"
    
     ── 8. Failure: es printing (@test-vs-es-printing.R#83) ────────────────────────
     `print(E(g)[[2:3]])` does not match "+ 2/3 edges from 479ac29 (vertex names):\n tail head tid hid color weight\n2 A C 1 3 red 9\n3 B C 2 3 red 3".
     Actual value: "+ 2/3 edges from 479ac29 (vertex names):\n tail head tid hid color weight\n2 A C 1 3 red 5\n3 B C 2 3 red 10"
    
     ── 9. Failure: es printing, complex attributes (@test-vs-es-printing.R#101) ───
     `print(E(g)[[1]])` does not match "+ 1/3 edge from ab3e301 (vertex names):\n$color\n[1] \"red\"\n\n$weight\n[1] 10\n\n$cmpx\n$cmpx[[1]]\n[1] 1 2 3 4\n\n".
     Actual value: "+ 1/3 edge from ab3e301 (vertex names):\n$color\n[1] "red"\n\n$weight\n[1] 1\n\n$cmpx\n$cmpx[[1]]\n[1] 1 2 3 4\n\n"
    
     ── 10. Failure: es printing, complex attributes (@test-vs-es-printing.R#108) ──
     `print(E(g)[[2:3]])` does not match "+ 2/3 edges from ab3e301 (vertex names):\n$color\n[1] \"red\" \"red\"\n\n$weight\n[1] 9 3\n\n$cmpx\n$cmpx[[1]]\n[1] 1 2 3 4\n\n$cmpx[[2]]\n[1] 1 2 3 4\n\n".
     Actual value: "+ 2/3 edges from ab3e301 (vertex names):\n$color\n[1] "red" "red"\n\n$weight\n[1] 5 10\n\n$cmpx\n$cmpx[[1]]\n[1] 1 2 3 4\n\n$cmpx[[2]]\n[1] 1 2 3 4\n\n"
    
     ── 11. Failure: bipartite_projection works (@test_bipartite.projection.R#25) ──
     `x` not equivalent to `expected`.
     16/25 mismatches (average diff: 1.25)
     [2] 1 - 2 == -1
     [3] 1 - 0 == 1
     [4] 0 - 2 == -2
     [5] 1 - 2 == -1
     [6] 1 - 2 == -1
     [9] 1 - 2 == -1
     [10] 1 - 2 == -1
     [11] 1 - 0 == 1
     [15] 1 - 0 == 1
     ...
    
     ── 12. Failure: bipartite_projection works (@test_bipartite.projection.R#29) ──
     `x` not equivalent to `expected`.
     4/9 mismatches (average diff: 2)
     [2] 1 - 4 == -3
     [3] 0 - 1 == -1
     [4] 1 - 4 == -3
     [7] 0 - 1 == -1
    
     ── 13. Failure: contract works (@test_contract.vertices.R#20) ─────────────────
     `x` not equivalent to `expected`.
     15/25 mismatches (average diff: 4.53)
     [1] 1 - 10 == -9
     [2] 5 - 9 == -4
     [5] 3 - 7 == -4
     [6] 5 - 9 == -4
     [7] 10 - 3 == 7
     [8] 8 - 6 == 2
     [12] 8 - 6 == 2
     [13] 2 - 4 == -2
     [14] 4 - 8 == -4
     ...
    
     ── 14. Failure: LAD stress test (@test_graph.subisomorphic.lad.R#50) ──────────
     `x` isn't false.
    
     ── 15. Failure: LAD stress test (@test_graph.subisomorphic.lad.R#50) ──────────
     `x` isn't false.
    
     ── 16. Failure: weighted cluster_optimal works (@test_optimal.community.R#35) ─
     `x` not equal to `expected`.
     1/1 mismatches
     [1] 0.434 - 0.403 == 0.0307
    
     ── 17. Failure: General scan-stat works, US, scan-0, weighted (@test_scan.R#
     `x` not equal to `expected`.
     1/1 mismatches
     x[1]: "41f71694259d9479383d4113f13eab3d"
     y[1]: "0f8d7ac831389cea04e0bfc5e2510c73"
    
     ── 18. Failure: General scan-stat works, US, scan-1, weighted (@test_scan.R#
     `x` not equal to `expected`.
     1/1 mismatches
     x[1]: "c450a7fa14874b96793eb54b1f67238d"
     y[1]: "af720916ae4b49881745d2dcdd614401"
    
     ── 19. Failure: General scan-stat works, US, scan-2, weighted (@test_scan.R#
     `x` not equal to `expected`.
     1/1 mismatches
     x[1]: "1f0913e1ed3fdf0c404812942b56df8a"
     y[1]: "e02e9d58168ee5d53850497f6d4c76b0"
    
     ── 20. Failure: General scan-stat works, THEM, scan-0, unweighted (@test_sca
     `x` not equal to `expected`.
     1/1 mismatches
     x[1]: "ef658f6b610ce9af554f266ef31376f6"
     y[1]: "f584f7d287f8f89f5f7882165ca41b8c"
    
     ── 21. Failure: General scan-stat works, THEM, scan-0, weighted (@test_scan.
     `x` not equal to `expected`.
     1/1 mismatches
     x[1]: "a88a1dc2c8df1df92c24a01e851ccc4b"
     y[1]: "213db8e7517d1e6406da3dbd55281ed1"
    
     ── 22. Failure: General scan-stat works, THEM, scan-1, unweighted (@test_sca
     `x` not equal to `expected`.
     1/1 mismatches
     x[1]: "2633ec68df530b3355b1817c18821c2b"
     y[1]: "e9ca740ebba2fd1db4abe939954b2638"
    
     ── 23. Failure: General scan-stat works, THEM, scan-1, weighted (@test_scan.
     `x` not equal to `expected`.
     1/1 mismatches
     x[1]: "761ea03ebdb0629f652e57a709f1b873"
     y[1]: "a98e9a03eda7feaae8524dc9348ad74b"
    
     ── 24. Failure: General scan-stat works, THEM, scan-2, unweighted (@test_sca
     `x` not equal to `expected`.
     1/1 mismatches
     x[1]: "c9d999606557319f8c57d9a70b7eb0c8"
     y[1]: "a3237a9a55e9d86ab471c81a291eb03b"
    
     ── 25. Failure: General scan-stat works, THEM, scan-2, weighted (@test_scan.
     `x` not equal to `expected`.
     1/1 mismatches
     x[1]: "9f3f1e67f9724997495ffb0bb69dc007"
     y[1]: "995d0b6a952834ff6e534efc2cfb917b"
    
     ── 26. Failure: Neighborhoods work for us (@test_scan.R#81) ───────────────
     `x` not equal to `expected`.
     1/1 mismatches
     x[1]: "c450a7fa14874b96793eb54b1f67238d"
     y[1]: "af720916ae4b49881745d2dcdd614401"
    
     ── 27. Failure: Neighborhoods work for us (@test_scan.R#87) ───────────────
     `x` not equal to `expected`.
     1/1 mismatches
     x[1]: "1f0913e1ed3fdf0c404812942b56df8a"
     y[1]: "e02e9d58168ee5d53850497f6d4c76b0"
    
     ── 28. Failure: Neighborhoods work for them (@test_scan.R#95) ─────────────
     `x` not equal to `expected`.
     1/1 mismatches
     x[1]: "2633ec68df530b3355b1817c18821c2b"
     y[1]: "e9ca740ebba2fd1db4abe939954b2638"
    
     ── 29. Failure: Neighborhoods work for them (@test_scan.R#97) ─────────────
     `x` not equal to `expected`.
     1/1 mismatches
     x[1]: "761ea03ebdb0629f652e57a709f1b873"
     y[1]: "a98e9a03eda7feaae8524dc9348ad74b"
    
     ── 30. Failure: Neighborhoods work for them (@test_scan.R#101) ────────────
     `x` not equal to `expected`.
     1/1 mismatches
     x[1]: "c9d999606557319f8c57d9a70b7eb0c8"
     y[1]: "a3237a9a55e9d86ab471c81a291eb03b"
    
     ── 31. Failure: Neighborhoods work for them (@test_scan.R#103) ────────────
     `x` not equal to `expected`.
     1/1 mismatches
     x[1]: "9f3f1e67f9724997495ffb0bb69dc007"
     y[1]: "995d0b6a952834ff6e534efc2cfb917b"
    
     ── 32. Failure: General scan-stat works, US, scan-1, weighted, directed (@te
     `x` not equal to `expected`.
     1/1 mismatches
     x[1]: "76711452c3360d7a6151fa755da158d8"
     y[1]: "da8e14f2ba63efc74b5fd7b9d8f79bbc"
    
     ── 33. Failure: General scan-stat works, US, scan-1, weighted, directed (@te
     `x` not equal to `expected`.
     1/1 mismatches
     x[1]: "dfa8749d4ceb636993e0bfceee4cb5b7"
     y[1]: "f5f07eebb907ae0a244195a20971be11"
    
     ══ testthat results ═══════════════════════════════════════════════════════
     OK: 3278 SKIPPED: 4 FAILED: 33
     1. Failure: vs printing (@test-vs-es-printing.R#16)
     2. Failure: vs printing (@test-vs-es-printing.R#22)
     3. Failure: vs printing (@test-vs-es-printing.R#28)
     4. Failure: vs printing (@test-vs-es-printing.R#34)
     5. Failure: vs printing, complex attributes (@test-vs-es-printing.R#52)
     6. Failure: vs printing, complex attributes (@test-vs-es-printing.R#60)
     7. Failure: es printing (@test-vs-es-printing.R#76)
     8. Failure: es printing (@test-vs-es-printing.R#83)
     9. Failure: es printing, complex attributes (@test-vs-es-printing.R#101)
     1. ...
    
     Error: testthat unit tests failed
     Execution halted
Flavor: r-devel-linux-x86_64-debian-gcc

Version: 1.2.4
Check: installed package size
Result: NOTE
     installed size is 16.1Mb
     sub-directories of 1Mb or more:
     R 1.4Mb
     help 1.1Mb
     libs 13.1Mb
Flavors: r-devel-linux-x86_64-fedora-clang, r-devel-windows-ix86+x86_64, r-patched-solaris-x86, r-release-windows-ix86+x86_64, r-release-osx-x86_64, r-oldrel-windows-ix86+x86_64, r-oldrel-osx-x86_64

Version: 1.2.4
Check: tests
Result: ERROR
     Running ‘testthat.R’ [89s/96s]
    Running the tests in ‘tests/testthat.R’ failed.
    Complete output:
     > library(testthat)
     > library(igraph)
    
     Attaching package: 'igraph'
    
     The following object is masked from 'package:testthat':
    
     compare
    
     The following objects are masked from 'package:stats':
    
     decompose, spectrum
    
     The following object is masked from 'package:base':
    
     union
    
     >
     > test_check("igraph")
     ── 1. Failure: vs printing (@test-vs-es-printing.R#16) ────────────────────────
     `print(V(g)[[1]])` does not match "+ 1/3 vertex, named, from b7935aa:\n name color weight\n1 A red 10".
     Actual value: "+ 1/3 vertex, named, from b7935aa:\n name color weight\n1 A red 1"
    
     ── 2. Failure: vs printing (@test-vs-es-printing.R#22) ────────────────────────
     `print(V(g)[[2]])` does not match "+ 1/3 vertex, named, from b7935aa:\n name color weight\n2 B red 9".
     Actual value: "+ 1/3 vertex, named, from b7935aa:\n name color weight\n2 B red 5"
    
     ── 3. Failure: vs printing (@test-vs-es-printing.R#28) ────────────────────────
     `print(V(g)[[1:2]])` does not match "+ 2/3 vertices, named, from b7935aa:\n name color weight\n1 A red 10\n2 B red 9".
     Actual value: "+ 2/3 vertices, named, from b7935aa:\n name color weight\n1 A red 1\n2 B red 5"
    
     ── 4. Failure: vs printing (@test-vs-es-printing.R#34) ────────────────────────
     `print(V(g)[[2:3]])` does not match "+ 2/3 vertices, named, from b7935aa:\n name color weight\n2 B red 9\n3 C red 3".
     Actual value: "+ 2/3 vertices, named, from b7935aa:\n name color weight\n2 B red 5\n3 C red 10"
    
     ── 5. Failure: vs printing, complex attributes (@test-vs-es-printing.R#52) ────
     `print(V(g)[[1]])` does not match "+ 1/3 vertex, named, from fcab221:\n$name\n[1] \"A\"\n\n$color\n[1] \"red\"\n\n$weight\n[1] 10\n\n$cplx\n$cplx[[1]]\n[1] 1 2 3 4\n\n".
     Actual value: "+ 1/3 vertex, named, from fcab221:\n$name\n[1] "A"\n\n$color\n[1] "red"\n\n$weight\n[1] 1\n\n$cplx\n$cplx[[1]]\n[1] 1 2 3 4\n\n"
    
     ── 6. Failure: vs printing, complex attributes (@test-vs-es-printing.R#60) ────
     `print(V(g)[[2:3]])` does not match "+ 2/3 vertices, named, from fcab221:\n$name\n[1] \"B\" \"C\"\n\n$color\n[1] \"red\" \"red\"\n\n$weight\n[1] 9 3\n\n$cplx\n$cplx[[1]]\n[1] 1 2 3 4\n\n$cplx[[2]]\n[1] 1 2 3 4\n\n".
     Actual value: "+ 2/3 vertices, named, from fcab221:\n$name\n[1] "B" "C"\n\n$color\n[1] "red" "red"\n\n$weight\n[1] 5 10\n\n$cplx\n$cplx[[1]]\n[1] 1 2 3 4\n\n$cplx[[2]]\n[1] 1 2 3 4\n\n"
    
     ── 7. Failure: es printing (@test-vs-es-printing.R#76) ────────────────────────
     `print(E(g)[[1]])` does not match "+ 1/3 edge from f348107 (vertex names):\n tail head tid hid color weight\n1 A B 1 2 red 10".
     Actual value: "+ 1/3 edge from f348107 (vertex names):\n tail head tid hid color weight\n1 A B 1 2 red 1"
    
     ── 8. Failure: es printing (@test-vs-es-printing.R#83) ────────────────────────
     `print(E(g)[[2:3]])` does not match "+ 2/3 edges from f348107 (vertex names):\n tail head tid hid color weight\n2 A C 1 3 red 9\n3 B C 2 3 red 3".
     Actual value: "+ 2/3 edges from f348107 (vertex names):\n tail head tid hid color weight\n2 A C 1 3 red 5\n3 B C 2 3 red 10"
    
     ── 9. Failure: es printing, complex attributes (@test-vs-es-printing.R#101) ───
     `print(E(g)[[1]])` does not match "+ 1/3 edge from 2ff8013 (vertex names):\n$color\n[1] \"red\"\n\n$weight\n[1] 10\n\n$cmpx\n$cmpx[[1]]\n[1] 1 2 3 4\n\n".
     Actual value: "+ 1/3 edge from 2ff8013 (vertex names):\n$color\n[1] "red"\n\n$weight\n[1] 1\n\n$cmpx\n$cmpx[[1]]\n[1] 1 2 3 4\n\n"
    
     ── 10. Failure: es printing, complex attributes (@test-vs-es-printing.R#108) ──
     `print(E(g)[[2:3]])` does not match "+ 2/3 edges from 2ff8013 (vertex names):\n$color\n[1] \"red\" \"red\"\n\n$weight\n[1] 9 3\n\n$cmpx\n$cmpx[[1]]\n[1] 1 2 3 4\n\n$cmpx[[2]]\n[1] 1 2 3 4\n\n".
     Actual value: "+ 2/3 edges from 2ff8013 (vertex names):\n$color\n[1] "red" "red"\n\n$weight\n[1] 5 10\n\n$cmpx\n$cmpx[[1]]\n[1] 1 2 3 4\n\n$cmpx[[2]]\n[1] 1 2 3 4\n\n"
    
     ── 11. Failure: bipartite_projection works (@test_bipartite.projection.R#25) ──
     `x` not equivalent to `expected`.
     16/25 mismatches (average diff: 1.25)
     [2] 1 - 2 == -1
     [3] 1 - 0 == 1
     [4] 0 - 2 == -2
     [5] 1 - 2 == -1
     [6] 1 - 2 == -1
     [9] 1 - 2 == -1
     [10] 1 - 2 == -1
     [11] 1 - 0 == 1
     [15] 1 - 0 == 1
     ...
    
     ── 12. Failure: bipartite_projection works (@test_bipartite.projection.R#29) ──
     `x` not equivalent to `expected`.
     4/9 mismatches (average diff: 2)
     [2] 1 - 4 == -3
     [3] 0 - 1 == -1
     [4] 1 - 4 == -3
     [7] 0 - 1 == -1
    
     ── 13. Failure: contract works (@test_contract.vertices.R#20) ─────────────────
     `x` not equivalent to `expected`.
     15/25 mismatches (average diff: 4.53)
     [1] 1 - 10 == -9
     [2] 5 - 9 == -4
     [5] 3 - 7 == -4
     [6] 5 - 9 == -4
     [7] 10 - 3 == 7
     [8] 8 - 6 == 2
     [12] 8 - 6 == 2
     [13] 2 - 4 == -2
     [14] 4 - 8 == -4
     ...
    
     ── 14. Failure: LAD stress test (@test_graph.subisomorphic.lad.R#50) ──────────
     `x` isn't false.
    
     ── 15. Failure: LAD stress test (@test_graph.subisomorphic.lad.R#50) ──────────
     `x` isn't false.
    
     ── 16. Failure: weighted cluster_optimal works (@test_optimal.community.R#35) ─
     `x` not equal to `expected`.
     1/1 mismatches
     [1] 0.434 - 0.403 == 0.0307
    
     ── 17. Failure: General scan-stat works, US, scan-0, weighted (@test_scan.R#
     `x` not equal to `expected`.
     1/1 mismatches
     x[1]: "41f71694259d9479383d4113f13eab3d"
     y[1]: "0f8d7ac831389cea04e0bfc5e2510c73"
    
     ── 18. Failure: General scan-stat works, US, scan-1, weighted (@test_scan.R#
     `x` not equal to `expected`.
     1/1 mismatches
     x[1]: "c450a7fa14874b96793eb54b1f67238d"
     y[1]: "af720916ae4b49881745d2dcdd614401"
    
     ── 19. Failure: General scan-stat works, US, scan-2, weighted (@test_scan.R#
     `x` not equal to `expected`.
     1/1 mismatches
     x[1]: "1f0913e1ed3fdf0c404812942b56df8a"
     y[1]: "e02e9d58168ee5d53850497f6d4c76b0"
    
     ── 20. Failure: General scan-stat works, THEM, scan-0, unweighted (@test_sca
     `x` not equal to `expected`.
     1/1 mismatches
     x[1]: "ef658f6b610ce9af554f266ef31376f6"
     y[1]: "f584f7d287f8f89f5f7882165ca41b8c"
    
     ── 21. Failure: General scan-stat works, THEM, scan-0, weighted (@test_scan.
     `x` not equal to `expected`.
     1/1 mismatches
     x[1]: "a88a1dc2c8df1df92c24a01e851ccc4b"
     y[1]: "213db8e7517d1e6406da3dbd55281ed1"
    
     ── 22. Failure: General scan-stat works, THEM, scan-1, unweighted (@test_sca
     `x` not equal to `expected`.
     1/1 mismatches
     x[1]: "2633ec68df530b3355b1817c18821c2b"
     y[1]: "e9ca740ebba2fd1db4abe939954b2638"
    
     ── 23. Failure: General scan-stat works, THEM, scan-1, weighted (@test_scan.
     `x` not equal to `expected`.
     1/1 mismatches
     x[1]: "761ea03ebdb0629f652e57a709f1b873"
     y[1]: "a98e9a03eda7feaae8524dc9348ad74b"
    
     ── 24. Failure: General scan-stat works, THEM, scan-2, unweighted (@test_sca
     `x` not equal to `expected`.
     1/1 mismatches
     x[1]: "c9d999606557319f8c57d9a70b7eb0c8"
     y[1]: "a3237a9a55e9d86ab471c81a291eb03b"
    
     ── 25. Failure: General scan-stat works, THEM, scan-2, weighted (@test_scan.
     `x` not equal to `expected`.
     1/1 mismatches
     x[1]: "9f3f1e67f9724997495ffb0bb69dc007"
     y[1]: "995d0b6a952834ff6e534efc2cfb917b"
    
     ── 26. Failure: Neighborhoods work for us (@test_scan.R#81) ───────────────
     `x` not equal to `expected`.
     1/1 mismatches
     x[1]: "c450a7fa14874b96793eb54b1f67238d"
     y[1]: "af720916ae4b49881745d2dcdd614401"
    
     ── 27. Failure: Neighborhoods work for us (@test_scan.R#87) ───────────────
     `x` not equal to `expected`.
     1/1 mismatches
     x[1]: "1f0913e1ed3fdf0c404812942b56df8a"
     y[1]: "e02e9d58168ee5d53850497f6d4c76b0"
    
     ── 28. Failure: Neighborhoods work for them (@test_scan.R#95) ─────────────
     `x` not equal to `expected`.
     1/1 mismatches
     x[1]: "2633ec68df530b3355b1817c18821c2b"
     y[1]: "e9ca740ebba2fd1db4abe939954b2638"
    
     ── 29. Failure: Neighborhoods work for them (@test_scan.R#97) ─────────────
     `x` not equal to `expected`.
     1/1 mismatches
     x[1]: "761ea03ebdb0629f652e57a709f1b873"
     y[1]: "a98e9a03eda7feaae8524dc9348ad74b"
    
     ── 30. Failure: Neighborhoods work for them (@test_scan.R#101) ────────────
     `x` not equal to `expected`.
     1/1 mismatches
     x[1]: "c9d999606557319f8c57d9a70b7eb0c8"
     y[1]: "a3237a9a55e9d86ab471c81a291eb03b"
    
     ── 31. Failure: Neighborhoods work for them (@test_scan.R#103) ────────────
     `x` not equal to `expected`.
     1/1 mismatches
     x[1]: "9f3f1e67f9724997495ffb0bb69dc007"
     y[1]: "995d0b6a952834ff6e534efc2cfb917b"
    
     ── 32. Failure: General scan-stat works, US, scan-1, weighted, directed (@te
     `x` not equal to `expected`.
     1/1 mismatches
     x[1]: "76711452c3360d7a6151fa755da158d8"
     y[1]: "da8e14f2ba63efc74b5fd7b9d8f79bbc"
    
     ── 33. Failure: General scan-stat works, US, scan-1, weighted, directed (@te
     `x` not equal to `expected`.
     1/1 mismatches
     x[1]: "dfa8749d4ceb636993e0bfceee4cb5b7"
     y[1]: "f5f07eebb907ae0a244195a20971be11"
    
     ══ testthat results ═══════════════════════════════════════════════════════
     OK: 3278 SKIPPED: 4 FAILED: 33
     1. Failure: vs printing (@test-vs-es-printing.R#16)
     2. Failure: vs printing (@test-vs-es-printing.R#22)
     3. Failure: vs printing (@test-vs-es-printing.R#28)
     4. Failure: vs printing (@test-vs-es-printing.R#34)
     5. Failure: vs printing, complex attributes (@test-vs-es-printing.R#52)
     6. Failure: vs printing, complex attributes (@test-vs-es-printing.R#60)
     7. Failure: es printing (@test-vs-es-printing.R#76)
     8. Failure: es printing (@test-vs-es-printing.R#83)
     9. Failure: es printing, complex attributes (@test-vs-es-printing.R#101)
     1. ...
    
     Error: testthat unit tests failed
     Execution halted
Flavor: r-devel-linux-x86_64-fedora-clang

Version: 1.2.4
Check: tests
Result: ERROR
     Running ‘testthat.R’ [98s/220s]
    Running the tests in ‘tests/testthat.R’ failed.
    Complete output:
     > library(testthat)
     > library(igraph)
    
     Attaching package: 'igraph'
    
     The following object is masked from 'package:testthat':
    
     compare
    
     The following objects are masked from 'package:stats':
    
     decompose, spectrum
    
     The following object is masked from 'package:base':
    
     union
    
     >
     > test_check("igraph")
     ── 1. Failure: vs printing (@test-vs-es-printing.R#16) ────────────────────────
     `print(V(g)[[1]])` does not match "+ 1/3 vertex, named, from a4f6d6f:\n name color weight\n1 A red 10".
     Actual value: "+ 1/3 vertex, named, from a4f6d6f:\n name color weight\n1 A red 1"
    
     ── 2. Failure: vs printing (@test-vs-es-printing.R#22) ────────────────────────
     `print(V(g)[[2]])` does not match "+ 1/3 vertex, named, from a4f6d6f:\n name color weight\n2 B red 9".
     Actual value: "+ 1/3 vertex, named, from a4f6d6f:\n name color weight\n2 B red 5"
    
     ── 3. Failure: vs printing (@test-vs-es-printing.R#28) ────────────────────────
     `print(V(g)[[1:2]])` does not match "+ 2/3 vertices, named, from a4f6d6f:\n name color weight\n1 A red 10\n2 B red 9".
     Actual value: "+ 2/3 vertices, named, from a4f6d6f:\n name color weight\n1 A red 1\n2 B red 5"
    
     ── 4. Failure: vs printing (@test-vs-es-printing.R#34) ────────────────────────
     `print(V(g)[[2:3]])` does not match "+ 2/3 vertices, named, from a4f6d6f:\n name color weight\n2 B red 9\n3 C red 3".
     Actual value: "+ 2/3 vertices, named, from a4f6d6f:\n name color weight\n2 B red 5\n3 C red 10"
    
     ── 5. Failure: vs printing, complex attributes (@test-vs-es-printing.R#52) ────
     `print(V(g)[[1]])` does not match "+ 1/3 vertex, named, from 8b04a52:\n$name\n[1] \"A\"\n\n$color\n[1] \"red\"\n\n$weight\n[1] 10\n\n$cplx\n$cplx[[1]]\n[1] 1 2 3 4\n\n".
     Actual value: "+ 1/3 vertex, named, from 8b04a52:\n$name\n[1] "A"\n\n$color\n[1] "red"\n\n$weight\n[1] 1\n\n$cplx\n$cplx[[1]]\n[1] 1 2 3 4\n\n"
    
     ── 6. Failure: vs printing, complex attributes (@test-vs-es-printing.R#60) ────
     `print(V(g)[[2:3]])` does not match "+ 2/3 vertices, named, from 8b04a52:\n$name\n[1] \"B\" \"C\"\n\n$color\n[1] \"red\" \"red\"\n\n$weight\n[1] 9 3\n\n$cplx\n$cplx[[1]]\n[1] 1 2 3 4\n\n$cplx[[2]]\n[1] 1 2 3 4\n\n".
     Actual value: "+ 2/3 vertices, named, from 8b04a52:\n$name\n[1] "B" "C"\n\n$color\n[1] "red" "red"\n\n$weight\n[1] 5 10\n\n$cplx\n$cplx[[1]]\n[1] 1 2 3 4\n\n$cplx[[2]]\n[1] 1 2 3 4\n\n"
    
     ── 7. Failure: es printing (@test-vs-es-printing.R#76) ────────────────────────
     `print(E(g)[[1]])` does not match "+ 1/3 edge from 1e7d910 (vertex names):\n tail head tid hid color weight\n1 A B 1 2 red 10".
     Actual value: "+ 1/3 edge from 1e7d910 (vertex names):\n tail head tid hid color weight\n1 A B 1 2 red 1"
    
     ── 8. Failure: es printing (@test-vs-es-printing.R#83) ────────────────────────
     `print(E(g)[[2:3]])` does not match "+ 2/3 edges from 1e7d910 (vertex names):\n tail head tid hid color weight\n2 A C 1 3 red 9\n3 B C 2 3 red 3".
     Actual value: "+ 2/3 edges from 1e7d910 (vertex names):\n tail head tid hid color weight\n2 A C 1 3 red 5\n3 B C 2 3 red 10"
    
     ── 9. Failure: es printing, complex attributes (@test-vs-es-printing.R#101) ───
     `print(E(g)[[1]])` does not match "+ 1/3 edge from 487313c (vertex names):\n$color\n[1] \"red\"\n\n$weight\n[1] 10\n\n$cmpx\n$cmpx[[1]]\n[1] 1 2 3 4\n\n".
     Actual value: "+ 1/3 edge from 487313c (vertex names):\n$color\n[1] "red"\n\n$weight\n[1] 1\n\n$cmpx\n$cmpx[[1]]\n[1] 1 2 3 4\n\n"
    
     ── 10. Failure: es printing, complex attributes (@test-vs-es-printing.R#108) ──
     `print(E(g)[[2:3]])` does not match "+ 2/3 edges from 487313c (vertex names):\n$color\n[1] \"red\" \"red\"\n\n$weight\n[1] 9 3\n\n$cmpx\n$cmpx[[1]]\n[1] 1 2 3 4\n\n$cmpx[[2]]\n[1] 1 2 3 4\n\n".
     Actual value: "+ 2/3 edges from 487313c (vertex names):\n$color\n[1] "red" "red"\n\n$weight\n[1] 5 10\n\n$cmpx\n$cmpx[[1]]\n[1] 1 2 3 4\n\n$cmpx[[2]]\n[1] 1 2 3 4\n\n"
    
     ── 11. Failure: bipartite_projection works (@test_bipartite.projection.R#25) ──
     `x` not equivalent to `expected`.
     16/25 mismatches (average diff: 1.25)
     [2] 1 - 2 == -1
     [3] 1 - 0 == 1
     [4] 0 - 2 == -2
     [5] 1 - 2 == -1
     [6] 1 - 2 == -1
     [9] 1 - 2 == -1
     [10] 1 - 2 == -1
     [11] 1 - 0 == 1
     [15] 1 - 0 == 1
     ...
    
     ── 12. Failure: bipartite_projection works (@test_bipartite.projection.R#29) ──
     `x` not equivalent to `expected`.
     4/9 mismatches (average diff: 2)
     [2] 1 - 4 == -3
     [3] 0 - 1 == -1
     [4] 1 - 4 == -3
     [7] 0 - 1 == -1
    
     ── 13. Failure: contract works (@test_contract.vertices.R#20) ─────────────────
     `x` not equivalent to `expected`.
     15/25 mismatches (average diff: 4.53)
     [1] 1 - 10 == -9
     [2] 5 - 9 == -4
     [5] 3 - 7 == -4
     [6] 5 - 9 == -4
     [7] 10 - 3 == 7
     [8] 8 - 6 == 2
     [12] 8 - 6 == 2
     [13] 2 - 4 == -2
     [14] 4 - 8 == -4
     ...
    
     ── 14. Failure: LAD stress test (@test_graph.subisomorphic.lad.R#50) ──────────
     `x` isn't false.
    
     ── 15. Failure: LAD stress test (@test_graph.subisomorphic.lad.R#50) ──────────
     `x` isn't false.
    
     ── 16. Failure: weighted cluster_optimal works (@test_optimal.community.R#35) ─
     `x` not equal to `expected`.
     1/1 mismatches
     [1] 0.434 - 0.403 == 0.0307
    
     ── 17. Failure: General scan-stat works, US, scan-0, weighted (@test_scan.R#
     `x` not equal to `expected`.
     1/1 mismatches
     x[1]: "41f71694259d9479383d4113f13eab3d"
     y[1]: "0f8d7ac831389cea04e0bfc5e2510c73"
    
     ── 18. Failure: General scan-stat works, US, scan-1, weighted (@test_scan.R#
     `x` not equal to `expected`.
     1/1 mismatches
     x[1]: "c450a7fa14874b96793eb54b1f67238d"
     y[1]: "af720916ae4b49881745d2dcdd614401"
    
     ── 19. Failure: General scan-stat works, US, scan-2, weighted (@test_scan.R#
     `x` not equal to `expected`.
     1/1 mismatches
     x[1]: "1f0913e1ed3fdf0c404812942b56df8a"
     y[1]: "e02e9d58168ee5d53850497f6d4c76b0"
    
     ── 20. Failure: General scan-stat works, THEM, scan-0, unweighted (@test_sca
     `x` not equal to `expected`.
     1/1 mismatches
     x[1]: "ef658f6b610ce9af554f266ef31376f6"
     y[1]: "f584f7d287f8f89f5f7882165ca41b8c"
    
     ── 21. Failure: General scan-stat works, THEM, scan-0, weighted (@test_scan.
     `x` not equal to `expected`.
     1/1 mismatches
     x[1]: "a88a1dc2c8df1df92c24a01e851ccc4b"
     y[1]: "213db8e7517d1e6406da3dbd55281ed1"
    
     ── 22. Failure: General scan-stat works, THEM, scan-1, unweighted (@test_sca
     `x` not equal to `expected`.
     1/1 mismatches
     x[1]: "2633ec68df530b3355b1817c18821c2b"
     y[1]: "e9ca740ebba2fd1db4abe939954b2638"
    
     ── 23. Failure: General scan-stat works, THEM, scan-1, weighted (@test_scan.
     `x` not equal to `expected`.
     1/1 mismatches
     x[1]: "761ea03ebdb0629f652e57a709f1b873"
     y[1]: "a98e9a03eda7feaae8524dc9348ad74b"
    
     ── 24. Failure: General scan-stat works, THEM, scan-2, unweighted (@test_sca
     `x` not equal to `expected`.
     1/1 mismatches
     x[1]: "c9d999606557319f8c57d9a70b7eb0c8"
     y[1]: "a3237a9a55e9d86ab471c81a291eb03b"
    
     ── 25. Failure: General scan-stat works, THEM, scan-2, weighted (@test_scan.
     `x` not equal to `expected`.
     1/1 mismatches
     x[1]: "9f3f1e67f9724997495ffb0bb69dc007"
     y[1]: "995d0b6a952834ff6e534efc2cfb917b"
    
     ── 26. Failure: Neighborhoods work for us (@test_scan.R#81) ───────────────
     `x` not equal to `expected`.
     1/1 mismatches
     x[1]: "c450a7fa14874b96793eb54b1f67238d"
     y[1]: "af720916ae4b49881745d2dcdd614401"
    
     ── 27. Failure: Neighborhoods work for us (@test_scan.R#87) ───────────────
     `x` not equal to `expected`.
     1/1 mismatches
     x[1]: "1f0913e1ed3fdf0c404812942b56df8a"
     y[1]: "e02e9d58168ee5d53850497f6d4c76b0"
    
     ── 28. Failure: Neighborhoods work for them (@test_scan.R#95) ─────────────
     `x` not equal to `expected`.
     1/1 mismatches
     x[1]: "2633ec68df530b3355b1817c18821c2b"
     y[1]: "e9ca740ebba2fd1db4abe939954b2638"
    
     ── 29. Failure: Neighborhoods work for them (@test_scan.R#97) ─────────────
     `x` not equal to `expected`.
     1/1 mismatches
     x[1]: "761ea03ebdb0629f652e57a709f1b873"
     y[1]: "a98e9a03eda7feaae8524dc9348ad74b"
    
     ── 30. Failure: Neighborhoods work for them (@test_scan.R#101) ────────────
     `x` not equal to `expected`.
     1/1 mismatches
     x[1]: "c9d999606557319f8c57d9a70b7eb0c8"
     y[1]: "a3237a9a55e9d86ab471c81a291eb03b"
    
     ── 31. Failure: Neighborhoods work for them (@test_scan.R#103) ────────────
     `x` not equal to `expected`.
     1/1 mismatches
     x[1]: "9f3f1e67f9724997495ffb0bb69dc007"
     y[1]: "995d0b6a952834ff6e534efc2cfb917b"
    
     ── 32. Failure: General scan-stat works, US, scan-1, weighted, directed (@te
     `x` not equal to `expected`.
     1/1 mismatches
     x[1]: "76711452c3360d7a6151fa755da158d8"
     y[1]: "da8e14f2ba63efc74b5fd7b9d8f79bbc"
    
     ── 33. Failure: General scan-stat works, US, scan-1, weighted, directed (@te
     `x` not equal to `expected`.
     1/1 mismatches
     x[1]: "dfa8749d4ceb636993e0bfceee4cb5b7"
     y[1]: "f5f07eebb907ae0a244195a20971be11"
    
     ══ testthat results ═══════════════════════════════════════════════════════
     OK: 3278 SKIPPED: 4 FAILED: 33
     1. Failure: vs printing (@test-vs-es-printing.R#16)
     2. Failure: vs printing (@test-vs-es-printing.R#22)
     3. Failure: vs printing (@test-vs-es-printing.R#28)
     4. Failure: vs printing (@test-vs-es-printing.R#34)
     5. Failure: vs printing, complex attributes (@test-vs-es-printing.R#52)
     6. Failure: vs printing, complex attributes (@test-vs-es-printing.R#60)
     7. Failure: es printing (@test-vs-es-printing.R#76)
     8. Failure: es printing (@test-vs-es-printing.R#83)
     9. Failure: es printing, complex attributes (@test-vs-es-printing.R#101)
     1. ...
    
     Error: testthat unit tests failed
     Execution halted
Flavor: r-devel-linux-x86_64-fedora-gcc

Version: 1.2.4
Check: whether package can be installed
Result: NOTE
    Found the following notes/warnings:
     Non-staged installation was used
Flavor: r-devel-windows-ix86+x86_64

Version: 1.2.4
Check: running tests for arch ‘i386’
Result: ERROR
     Running 'testthat.R' [103s]
    Running the tests in 'tests/testthat.R' failed.
    Complete output:
     > library(testthat)
     > library(igraph)
    
     Attaching package: 'igraph'
    
     The following object is masked from 'package:testthat':
    
     compare
    
     The following objects are masked from 'package:stats':
    
     decompose, spectrum
    
     The following object is masked from 'package:base':
    
     union
    
     >
     > test_check("igraph")
     -- 1. Failure: vs printing (@test-vs-es-printing.R#16) ------------------------
     `print(V(g)[[1]])` does not match "+ 1/3 vertex, named, from c204ec1:\n name color weight\n1 A red 10".
     Actual value: "+ 1/3 vertex, named, from c204ec1:\n name color weight\n1 A red 1"
    
     -- 2. Failure: vs printing (@test-vs-es-printing.R#22) ------------------------
     `print(V(g)[[2]])` does not match "+ 1/3 vertex, named, from c204ec1:\n name color weight\n2 B red 9".
     Actual value: "+ 1/3 vertex, named, from c204ec1:\n name color weight\n2 B red 5"
    
     -- 3. Failure: vs printing (@test-vs-es-printing.R#28) ------------------------
     `print(V(g)[[1:2]])` does not match "+ 2/3 vertices, named, from c204ec1:\n name color weight\n1 A red 10\n2 B red 9".
     Actual value: "+ 2/3 vertices, named, from c204ec1:\n name color weight\n1 A red 1\n2 B red 5"
    
     -- 4. Failure: vs printing (@test-vs-es-printing.R#34) ------------------------
     `print(V(g)[[2:3]])` does not match "+ 2/3 vertices, named, from c204ec1:\n name color weight\n2 B red 9\n3 C red 3".
     Actual value: "+ 2/3 vertices, named, from c204ec1:\n name color weight\n2 B red 5\n3 C red 10"
    
     -- 5. Failure: vs printing, complex attributes (@test-vs-es-printing.R#52) ----
     `print(V(g)[[1]])` does not match "+ 1/3 vertex, named, from c223227:\n$name\n[1] \"A\"\n\n$color\n[1] \"red\"\n\n$weight\n[1] 10\n\n$cplx\n$cplx[[1]]\n[1] 1 2 3 4\n\n".
     Actual value: "+ 1/3 vertex, named, from c223227:\n$name\n[1] "A"\n\n$color\n[1] "red"\n\n$weight\n[1] 1\n\n$cplx\n$cplx[[1]]\n[1] 1 2 3 4\n\n"
    
     -- 6. Failure: vs printing, complex attributes (@test-vs-es-printing.R#60) ----
     `print(V(g)[[2:3]])` does not match "+ 2/3 vertices, named, from c223227:\n$name\n[1] \"B\" \"C\"\n\n$color\n[1] \"red\" \"red\"\n\n$weight\n[1] 9 3\n\n$cplx\n$cplx[[1]]\n[1] 1 2 3 4\n\n$cplx[[2]]\n[1] 1 2 3 4\n\n".
     Actual value: "+ 2/3 vertices, named, from c223227:\n$name\n[1] "B" "C"\n\n$color\n[1] "red" "red"\n\n$weight\n[1] 5 10\n\n$cplx\n$cplx[[1]]\n[1] 1 2 3 4\n\n$cplx[[2]]\n[1] 1 2 3 4\n\n"
    
     -- 7. Failure: es printing (@test-vs-es-printing.R#76) ------------------------
     `print(E(g)[[1]])` does not match "+ 1/3 edge from c227b65 (vertex names):\n tail head tid hid color weight\n1 A B 1 2 red 10".
     Actual value: "+ 1/3 edge from c227b65 (vertex names):\n tail head tid hid color weight\n1 A B 1 2 red 1"
    
     -- 8. Failure: es printing (@test-vs-es-printing.R#83) ------------------------
     `print(E(g)[[2:3]])` does not match "+ 2/3 edges from c227b65 (vertex names):\n tail head tid hid color weight\n2 A C 1 3 red 9\n3 B C 2 3 red 3".
     Actual value: "+ 2/3 edges from c227b65 (vertex names):\n tail head tid hid color weight\n2 A C 1 3 red 5\n3 B C 2 3 red 10"
    
     -- 9. Failure: es printing, complex attributes (@test-vs-es-printing.R#101) ---
     `print(E(g)[[1]])` does not match "+ 1/3 edge from c22ebb3 (vertex names):\n$color\n[1] \"red\"\n\n$weight\n[1] 10\n\n$cmpx\n$cmpx[[1]]\n[1] 1 2 3 4\n\n".
     Actual value: "+ 1/3 edge from c22ebb3 (vertex names):\n$color\n[1] "red"\n\n$weight\n[1] 1\n\n$cmpx\n$cmpx[[1]]\n[1] 1 2 3 4\n\n"
    
     -- 10. Failure: es printing, complex attributes (@test-vs-es-printing.R#108) --
     `print(E(g)[[2:3]])` does not match "+ 2/3 edges from c22ebb3 (vertex names):\n$color\n[1] \"red\" \"red\"\n\n$weight\n[1] 9 3\n\n$cmpx\n$cmpx[[1]]\n[1] 1 2 3 4\n\n$cmpx[[2]]\n[1] 1 2 3 4\n\n".
     Actual value: "+ 2/3 edges from c22ebb3 (vertex names):\n$color\n[1] "red" "red"\n\n$weight\n[1] 5 10\n\n$cmpx\n$cmpx[[1]]\n[1] 1 2 3 4\n\n$cmpx[[2]]\n[1] 1 2 3 4\n\n"
    
     -- 11. Failure: bipartite_projection works (@test_bipartite.projection.R#25) --
     `x` not equivalent to `expected`.
     16/25 mismatches (average diff: 1.25)
     [2] 1 - 2 == -1
     [3] 1 - 0 == 1
     [4] 0 - 2 == -2
     [5] 1 - 2 == -1
     [6] 1 - 2 == -1
     [9] 1 - 2 == -1
     [10] 1 - 2 == -1
     [11] 1 - 0 == 1
     [15] 1 - 0 == 1
     ...
    
     -- 12. Failure: bipartite_projection works (@test_bipartite.projection.R#29) --
     `x` not equivalent to `expected`.
     4/9 mismatches (average diff: 2)
     [2] 1 - 4 == -3
     [3] 0 - 1 == -1
     [4] 1 - 4 == -3
     [7] 0 - 1 == -1
    
     -- 13. Failure: contract works (@test_contract.vertices.R#20) -----------------
     `x` not equivalent to `expected`.
     15/25 mismatches (average diff: 4.53)
     [1] 1 - 10 == -9
     [2] 5 - 9 == -4
     [5] 3 - 7 == -4
     [6] 5 - 9 == -4
     [7] 10 - 3 == 7
     [8] 8 - 6 == 2
     [12] 8 - 6 == 2
     [13] 2 - 4 == -2
     [14] 4 - 8 == -4
     ...
    
     -- 14. Failure: LAD stress test (@test_graph.subisomorphic.lad.R#50) ----------
     `x` isn't false.
    
     -- 15. Failure: LAD stress test (@test_graph.subisomorphic.lad.R#50) ----------
     `x` isn't false.
    
     -- 16. Failure: weighted cluster_optimal works (@test_optimal.community.R#35) -
     `x` not equal to `expected`.
     1/1 mismatches
     [1] 0.434 - 0.403 == 0.0307
    
     -- 17. Failure: General scan-stat works, US, scan-0, weighted (@test_scan.R#
     `x` not equal to `expected`.
     1/1 mismatches
     x[1]: "41f71694259d9479383d4113f13eab3d"
     y[1]: "0f8d7ac831389cea04e0bfc5e2510c73"
    
     -- 18. Failure: General scan-stat works, US, scan-1, weighted (@test_scan.R#
     `x` not equal to `expected`.
     1/1 mismatches
     x[1]: "c450a7fa14874b96793eb54b1f67238d"
     y[1]: "af720916ae4b49881745d2dcdd614401"
    
     -- 19. Failure: General scan-stat works, US, scan-2, weighted (@test_scan.R#
     `x` not equal to `expected`.
     1/1 mismatches
     x[1]: "1f0913e1ed3fdf0c404812942b56df8a"
     y[1]: "e02e9d58168ee5d53850497f6d4c76b0"
    
     -- 20. Failure: General scan-stat works, THEM, scan-0, unweighted (@test_sca
     `x` not equal to `expected`.
     1/1 mismatches
     x[1]: "ef658f6b610ce9af554f266ef31376f6"
     y[1]: "f584f7d287f8f89f5f7882165ca41b8c"
    
     -- 21. Failure: General scan-stat works, THEM, scan-0, weighted (@test_scan.
     `x` not equal to `expected`.
     1/1 mismatches
     x[1]: "a88a1dc2c8df1df92c24a01e851ccc4b"
     y[1]: "213db8e7517d1e6406da3dbd55281ed1"
    
     -- 22. Failure: General scan-stat works, THEM, scan-1, unweighted (@test_sca
     `x` not equal to `expected`.
     1/1 mismatches
     x[1]: "2633ec68df530b3355b1817c18821c2b"
     y[1]: "e9ca740ebba2fd1db4abe939954b2638"
    
     -- 23. Failure: General scan-stat works, THEM, scan-1, weighted (@test_scan.
     `x` not equal to `expected`.
     1/1 mismatches
     x[1]: "761ea03ebdb0629f652e57a709f1b873"
     y[1]: "a98e9a03eda7feaae8524dc9348ad74b"
    
     -- 24. Failure: General scan-stat works, THEM, scan-2, unweighted (@test_sca
     `x` not equal to `expected`.
     1/1 mismatches
     x[1]: "c9d999606557319f8c57d9a70b7eb0c8"
     y[1]: "a3237a9a55e9d86ab471c81a291eb03b"
    
     -- 25. Failure: General scan-stat works, THEM, scan-2, weighted (@test_scan.
     `x` not equal to `expected`.
     1/1 mismatches
     x[1]: "9f3f1e67f9724997495ffb0bb69dc007"
     y[1]: "995d0b6a952834ff6e534efc2cfb917b"
    
     -- 26. Failure: Neighborhoods work for us (@test_scan.R#81) ---------------
     `x` not equal to `expected`.
     1/1 mismatches
     x[1]: "c450a7fa14874b96793eb54b1f67238d"
     y[1]: "af720916ae4b49881745d2dcdd614401"
    
     -- 27. Failure: Neighborhoods work for us (@test_scan.R#87) ---------------
     `x` not equal to `expected`.
     1/1 mismatches
     x[1]: "1f0913e1ed3fdf0c404812942b56df8a"
     y[1]: "e02e9d58168ee5d53850497f6d4c76b0"
    
     -- 28. Failure: Neighborhoods work for them (@test_scan.R#95) -------------
     `x` not equal to `expected`.
     1/1 mismatches
     x[1]: "2633ec68df530b3355b1817c18821c2b"
     y[1]: "e9ca740ebba2fd1db4abe939954b2638"
    
     -- 29. Failure: Neighborhoods work for them (@test_scan.R#97) -------------
     `x` not equal to `expected`.
     1/1 mismatches
     x[1]: "761ea03ebdb0629f652e57a709f1b873"
     y[1]: "a98e9a03eda7feaae8524dc9348ad74b"
    
     -- 30. Failure: Neighborhoods work for them (@test_scan.R#101) ------------
     `x` not equal to `expected`.
     1/1 mismatches
     x[1]: "c9d999606557319f8c57d9a70b7eb0c8"
     y[1]: "a3237a9a55e9d86ab471c81a291eb03b"
    
     -- 31. Failure: Neighborhoods work for them (@test_scan.R#103) ------------
     `x` not equal to `expected`.
     1/1 mismatches
     x[1]: "9f3f1e67f9724997495ffb0bb69dc007"
     y[1]: "995d0b6a952834ff6e534efc2cfb917b"
    
     -- 32. Failure: General scan-stat works, US, scan-1, weighted, directed (@te
     `x` not equal to `expected`.
     1/1 mismatches
     x[1]: "76711452c3360d7a6151fa755da158d8"
     y[1]: "da8e14f2ba63efc74b5fd7b9d8f79bbc"
    
     -- 33. Failure: General scan-stat works, US, scan-1, weighted, directed (@te
     `x` not equal to `expected`.
     1/1 mismatches
     x[1]: "dfa8749d4ceb636993e0bfceee4cb5b7"
     y[1]: "f5f07eebb907ae0a244195a20971be11"
    
     == testthat results =======================================================
     OK: 3278 SKIPPED: 4 FAILED: 33
     1. Failure: vs printing (@test-vs-es-printing.R#16)
     2. Failure: vs printing (@test-vs-es-printing.R#22)
     3. Failure: vs printing (@test-vs-es-printing.R#28)
     4. Failure: vs printing (@test-vs-es-printing.R#34)
     5. Failure: vs printing, complex attributes (@test-vs-es-printing.R#52)
     6. Failure: vs printing, complex attributes (@test-vs-es-printing.R#60)
     7. Failure: es printing (@test-vs-es-printing.R#76)
     8. Failure: es printing (@test-vs-es-printing.R#83)
     9. Failure: es printing, complex attributes (@test-vs-es-printing.R#101)
     1. ...
    
     Error: testthat unit tests failed
     Execution halted
Flavor: r-devel-windows-ix86+x86_64

Version: 1.2.4
Check: running tests for arch ‘x64’
Result: ERROR
     Running 'testthat.R' [85s]
    Running the tests in 'tests/testthat.R' failed.
    Complete output:
     > library(testthat)
     > library(igraph)
    
     Attaching package: 'igraph'
    
     The following object is masked from 'package:testthat':
    
     compare
    
     The following objects are masked from 'package:stats':
    
     decompose, spectrum
    
     The following object is masked from 'package:base':
    
     union
    
     >
     > test_check("igraph")
     -- 1. Failure: vs printing (@test-vs-es-printing.R#16) ------------------------
     `print(V(g)[[1]])` does not match "+ 1/3 vertex, named, from 0075926:\n name color weight\n1 A red 10".
     Actual value: "+ 1/3 vertex, named, from 0075926:\n name color weight\n1 A red 1"
    
     -- 2. Failure: vs printing (@test-vs-es-printing.R#22) ------------------------
     `print(V(g)[[2]])` does not match "+ 1/3 vertex, named, from 0075926:\n name color weight\n2 B red 9".
     Actual value: "+ 1/3 vertex, named, from 0075926:\n name color weight\n2 B red 5"
    
     -- 3. Failure: vs printing (@test-vs-es-printing.R#28) ------------------------
     `print(V(g)[[1:2]])` does not match "+ 2/3 vertices, named, from 0075926:\n name color weight\n1 A red 10\n2 B red 9".
     Actual value: "+ 2/3 vertices, named, from 0075926:\n name color weight\n1 A red 1\n2 B red 5"
    
     -- 4. Failure: vs printing (@test-vs-es-printing.R#34) ------------------------
     `print(V(g)[[2:3]])` does not match "+ 2/3 vertices, named, from 0075926:\n name color weight\n2 B red 9\n3 C red 3".
     Actual value: "+ 2/3 vertices, named, from 0075926:\n name color weight\n2 B red 5\n3 C red 10"
    
     -- 5. Failure: vs printing, complex attributes (@test-vs-es-printing.R#52) ----
     `print(V(g)[[1]])` does not match "+ 1/3 vertex, named, from 0096aef:\n$name\n[1] \"A\"\n\n$color\n[1] \"red\"\n\n$weight\n[1] 10\n\n$cplx\n$cplx[[1]]\n[1] 1 2 3 4\n\n".
     Actual value: "+ 1/3 vertex, named, from 0096aef:\n$name\n[1] "A"\n\n$color\n[1] "red"\n\n$weight\n[1] 1\n\n$cplx\n$cplx[[1]]\n[1] 1 2 3 4\n\n"
    
     -- 6. Failure: vs printing, complex attributes (@test-vs-es-printing.R#60) ----
     `print(V(g)[[2:3]])` does not match "+ 2/3 vertices, named, from 0096aef:\n$name\n[1] \"B\" \"C\"\n\n$color\n[1] \"red\" \"red\"\n\n$weight\n[1] 9 3\n\n$cplx\n$cplx[[1]]\n[1] 1 2 3 4\n\n$cplx[[2]]\n[1] 1 2 3 4\n\n".
     Actual value: "+ 2/3 vertices, named, from 0096aef:\n$name\n[1] "B" "C"\n\n$color\n[1] "red" "red"\n\n$weight\n[1] 5 10\n\n$cplx\n$cplx[[1]]\n[1] 1 2 3 4\n\n$cplx[[2]]\n[1] 1 2 3 4\n\n"
    
     -- 7. Failure: es printing (@test-vs-es-printing.R#76) ------------------------
     `print(E(g)[[1]])` does not match "+ 1/3 edge from 009bb80 (vertex names):\n tail head tid hid color weight\n1 A B 1 2 red 10".
     Actual value: "+ 1/3 edge from 009bb80 (vertex names):\n tail head tid hid color weight\n1 A B 1 2 red 1"
    
     -- 8. Failure: es printing (@test-vs-es-printing.R#83) ------------------------
     `print(E(g)[[2:3]])` does not match "+ 2/3 edges from 009bb80 (vertex names):\n tail head tid hid color weight\n2 A C 1 3 red 9\n3 B C 2 3 red 3".
     Actual value: "+ 2/3 edges from 009bb80 (vertex names):\n tail head tid hid color weight\n2 A C 1 3 red 5\n3 B C 2 3 red 10"
    
     -- 9. Failure: es printing, complex attributes (@test-vs-es-printing.R#101) ---
     `print(E(g)[[1]])` does not match "+ 1/3 edge from 00a3592 (vertex names):\n$color\n[1] \"red\"\n\n$weight\n[1] 10\n\n$cmpx\n$cmpx[[1]]\n[1] 1 2 3 4\n\n".
     Actual value: "+ 1/3 edge from 00a3592 (vertex names):\n$color\n[1] "red"\n\n$weight\n[1] 1\n\n$cmpx\n$cmpx[[1]]\n[1] 1 2 3 4\n\n"
    
     -- 10. Failure: es printing, complex attributes (@test-vs-es-printing.R#108) --
     `print(E(g)[[2:3]])` does not match "+ 2/3 edges from 00a3592 (vertex names):\n$color\n[1] \"red\" \"red\"\n\n$weight\n[1] 9 3\n\n$cmpx\n$cmpx[[1]]\n[1] 1 2 3 4\n\n$cmpx[[2]]\n[1] 1 2 3 4\n\n".
     Actual value: "+ 2/3 edges from 00a3592 (vertex names):\n$color\n[1] "red" "red"\n\n$weight\n[1] 5 10\n\n$cmpx\n$cmpx[[1]]\n[1] 1 2 3 4\n\n$cmpx[[2]]\n[1] 1 2 3 4\n\n"
    
     -- 11. Failure: bipartite_projection works (@test_bipartite.projection.R#25) --
     `x` not equivalent to `expected`.
     16/25 mismatches (average diff: 1.25)
     [2] 1 - 2 == -1
     [3] 1 - 0 == 1
     [4] 0 - 2 == -2
     [5] 1 - 2 == -1
     [6] 1 - 2 == -1
     [9] 1 - 2 == -1
     [10] 1 - 2 == -1
     [11] 1 - 0 == 1
     [15] 1 - 0 == 1
     ...
    
     -- 12. Failure: bipartite_projection works (@test_bipartite.projection.R#29) --
     `x` not equivalent to `expected`.
     4/9 mismatches (average diff: 2)
     [2] 1 - 4 == -3
     [3] 0 - 1 == -1
     [4] 1 - 4 == -3
     [7] 0 - 1 == -1
    
     -- 13. Failure: contract works (@test_contract.vertices.R#20) -----------------
     `x` not equivalent to `expected`.
     15/25 mismatches (average diff: 4.53)
     [1] 1 - 10 == -9
     [2] 5 - 9 == -4
     [5] 3 - 7 == -4
     [6] 5 - 9 == -4
     [7] 10 - 3 == 7
     [8] 8 - 6 == 2
     [12] 8 - 6 == 2
     [13] 2 - 4 == -2
     [14] 4 - 8 == -4
     ...
    
     -- 14. Failure: LAD stress test (@test_graph.subisomorphic.lad.R#50) ----------
     `x` isn't false.
    
     -- 15. Failure: LAD stress test (@test_graph.subisomorphic.lad.R#50) ----------
     `x` isn't false.
    
     -- 16. Failure: weighted cluster_optimal works (@test_optimal.community.R#35) -
     `x` not equal to `expected`.
     1/1 mismatches
     [1] 0.434 - 0.403 == 0.0307
    
     -- 17. Failure: General scan-stat works, US, scan-0, weighted (@test_scan.R#
     `x` not equal to `expected`.
     1/1 mismatches
     x[1]: "41f71694259d9479383d4113f13eab3d"
     y[1]: "0f8d7ac831389cea04e0bfc5e2510c73"
    
     -- 18. Failure: General scan-stat works, US, scan-1, weighted (@test_scan.R#
     `x` not equal to `expected`.
     1/1 mismatches
     x[1]: "c450a7fa14874b96793eb54b1f67238d"
     y[1]: "af720916ae4b49881745d2dcdd614401"
    
     -- 19. Failure: General scan-stat works, US, scan-2, weighted (@test_scan.R#
     `x` not equal to `expected`.
     1/1 mismatches
     x[1]: "1f0913e1ed3fdf0c404812942b56df8a"
     y[1]: "e02e9d58168ee5d53850497f6d4c76b0"
    
     -- 20. Failure: General scan-stat works, THEM, scan-0, unweighted (@test_sca
     `x` not equal to `expected`.
     1/1 mismatches
     x[1]: "ef658f6b610ce9af554f266ef31376f6"
     y[1]: "f584f7d287f8f89f5f7882165ca41b8c"
    
     -- 21. Failure: General scan-stat works, THEM, scan-0, weighted (@test_scan.
     `x` not equal to `expected`.
     1/1 mismatches
     x[1]: "a88a1dc2c8df1df92c24a01e851ccc4b"
     y[1]: "213db8e7517d1e6406da3dbd55281ed1"
    
     -- 22. Failure: General scan-stat works, THEM, scan-1, unweighted (@test_sca
     `x` not equal to `expected`.
     1/1 mismatches
     x[1]: "2633ec68df530b3355b1817c18821c2b"
     y[1]: "e9ca740ebba2fd1db4abe939954b2638"
    
     -- 23. Failure: General scan-stat works, THEM, scan-1, weighted (@test_scan.
     `x` not equal to `expected`.
     1/1 mismatches
     x[1]: "761ea03ebdb0629f652e57a709f1b873"
     y[1]: "a98e9a03eda7feaae8524dc9348ad74b"
    
     -- 24. Failure: General scan-stat works, THEM, scan-2, unweighted (@test_sca
     `x` not equal to `expected`.
     1/1 mismatches
     x[1]: "c9d999606557319f8c57d9a70b7eb0c8"
     y[1]: "a3237a9a55e9d86ab471c81a291eb03b"
    
     -- 25. Failure: General scan-stat works, THEM, scan-2, weighted (@test_scan.
     `x` not equal to `expected`.
     1/1 mismatches
     x[1]: "9f3f1e67f9724997495ffb0bb69dc007"
     y[1]: "995d0b6a952834ff6e534efc2cfb917b"
    
     -- 26. Failure: Neighborhoods work for us (@test_scan.R#81) ---------------
     `x` not equal to `expected`.
     1/1 mismatches
     x[1]: "c450a7fa14874b96793eb54b1f67238d"
     y[1]: "af720916ae4b49881745d2dcdd614401"
    
     -- 27. Failure: Neighborhoods work for us (@test_scan.R#87) ---------------
     `x` not equal to `expected`.
     1/1 mismatches
     x[1]: "1f0913e1ed3fdf0c404812942b56df8a"
     y[1]: "e02e9d58168ee5d53850497f6d4c76b0"
    
     -- 28. Failure: Neighborhoods work for them (@test_scan.R#95) -------------
     `x` not equal to `expected`.
     1/1 mismatches
     x[1]: "2633ec68df530b3355b1817c18821c2b"
     y[1]: "e9ca740ebba2fd1db4abe939954b2638"
    
     -- 29. Failure: Neighborhoods work for them (@test_scan.R#97) -------------
     `x` not equal to `expected`.
     1/1 mismatches
     x[1]: "761ea03ebdb0629f652e57a709f1b873"
     y[1]: "a98e9a03eda7feaae8524dc9348ad74b"
    
     -- 30. Failure: Neighborhoods work for them (@test_scan.R#101) ------------
     `x` not equal to `expected`.
     1/1 mismatches
     x[1]: "c9d999606557319f8c57d9a70b7eb0c8"
     y[1]: "a3237a9a55e9d86ab471c81a291eb03b"
    
     -- 31. Failure: Neighborhoods work for them (@test_scan.R#103) ------------
     `x` not equal to `expected`.
     1/1 mismatches
     x[1]: "9f3f1e67f9724997495ffb0bb69dc007"
     y[1]: "995d0b6a952834ff6e534efc2cfb917b"
    
     -- 32. Failure: General scan-stat works, US, scan-1, weighted, directed (@te
     `x` not equal to `expected`.
     1/1 mismatches
     x[1]: "76711452c3360d7a6151fa755da158d8"
     y[1]: "da8e14f2ba63efc74b5fd7b9d8f79bbc"
    
     -- 33. Failure: General scan-stat works, US, scan-1, weighted, directed (@te
     `x` not equal to `expected`.
     1/1 mismatches
     x[1]: "dfa8749d4ceb636993e0bfceee4cb5b7"
     y[1]: "f5f07eebb907ae0a244195a20971be11"
    
     == testthat results =======================================================
     OK: 3278 SKIPPED: 4 FAILED: 33
     1. Failure: vs printing (@test-vs-es-printing.R#16)
     2. Failure: vs printing (@test-vs-es-printing.R#22)
     3. Failure: vs printing (@test-vs-es-printing.R#28)
     4. Failure: vs printing (@test-vs-es-printing.R#34)
     5. Failure: vs printing, complex attributes (@test-vs-es-printing.R#52)
     6. Failure: vs printing, complex attributes (@test-vs-es-printing.R#60)
     7. Failure: es printing (@test-vs-es-printing.R#76)
     8. Failure: es printing (@test-vs-es-printing.R#83)
     9. Failure: es printing, complex attributes (@test-vs-es-printing.R#101)
     1. ...
    
     Error: testthat unit tests failed
     Execution halted
Flavor: r-devel-windows-ix86+x86_64

Version: 1.2.4
Check: tests
Result: ERROR
     Running ‘testthat.R’ [78s/84s]
    Running the tests in ‘tests/testthat.R’ failed.
    Complete output:
     > library(testthat)
     > library(igraph)
    
     Attaching package: 'igraph'
    
     The following object is masked from 'package:testthat':
    
     compare
    
     The following objects are masked from 'package:stats':
    
     decompose, spectrum
    
     The following object is masked from 'package:base':
    
     union
    
     >
     > test_check("igraph")
     ── 1. Failure: vs printing (@test-vs-es-printing.R#16) ────────────────────────
     `print(V(g)[[1]])` does not match "+ 1/3 vertex, named, from fa4e41a:\n name color weight\n1 A red 10".
     Actual value: "+ 1/3 vertex, named, from fa4e41a:\n name color weight\n1 A red 1"
    
     ── 2. Failure: vs printing (@test-vs-es-printing.R#22) ────────────────────────
     `print(V(g)[[2]])` does not match "+ 1/3 vertex, named, from fa4e41a:\n name color weight\n2 B red 9".
     Actual value: "+ 1/3 vertex, named, from fa4e41a:\n name color weight\n2 B red 5"
    
     ── 3. Failure: vs printing (@test-vs-es-printing.R#28) ────────────────────────
     `print(V(g)[[1:2]])` does not match "+ 2/3 vertices, named, from fa4e41a:\n name color weight\n1 A red 10\n2 B red 9".
     Actual value: "+ 2/3 vertices, named, from fa4e41a:\n name color weight\n1 A red 1\n2 B red 5"
    
     ── 4. Failure: vs printing (@test-vs-es-printing.R#34) ────────────────────────
     `print(V(g)[[2:3]])` does not match "+ 2/3 vertices, named, from fa4e41a:\n name color weight\n2 B red 9\n3 C red 3".
     Actual value: "+ 2/3 vertices, named, from fa4e41a:\n name color weight\n2 B red 5\n3 C red 10"
    
     ── 5. Failure: vs printing, complex attributes (@test-vs-es-printing.R#52) ────
     `print(V(g)[[1]])` does not match "+ 1/3 vertex, named, from bf33555:\n$name\n[1] \"A\"\n\n$color\n[1] \"red\"\n\n$weight\n[1] 10\n\n$cplx\n$cplx[[1]]\n[1] 1 2 3 4\n\n".
     Actual value: "+ 1/3 vertex, named, from bf33555:\n$name\n[1] "A"\n\n$color\n[1] "red"\n\n$weight\n[1] 1\n\n$cplx\n$cplx[[1]]\n[1] 1 2 3 4\n\n"
    
     ── 6. Failure: vs printing, complex attributes (@test-vs-es-printing.R#60) ────
     `print(V(g)[[2:3]])` does not match "+ 2/3 vertices, named, from bf33555:\n$name\n[1] \"B\" \"C\"\n\n$color\n[1] \"red\" \"red\"\n\n$weight\n[1] 9 3\n\n$cplx\n$cplx[[1]]\n[1] 1 2 3 4\n\n$cplx[[2]]\n[1] 1 2 3 4\n\n".
     Actual value: "+ 2/3 vertices, named, from bf33555:\n$name\n[1] "B" "C"\n\n$color\n[1] "red" "red"\n\n$weight\n[1] 5 10\n\n$cplx\n$cplx[[1]]\n[1] 1 2 3 4\n\n$cplx[[2]]\n[1] 1 2 3 4\n\n"
    
     ── 7. Failure: es printing (@test-vs-es-printing.R#76) ────────────────────────
     `print(E(g)[[1]])` does not match "+ 1/3 edge from 43ca714 (vertex names):\n tail head tid hid color weight\n1 A B 1 2 red 10".
     Actual value: "+ 1/3 edge from 43ca714 (vertex names):\n tail head tid hid color weight\n1 A B 1 2 red 1"
    
     ── 8. Failure: es printing (@test-vs-es-printing.R#83) ────────────────────────
     `print(E(g)[[2:3]])` does not match "+ 2/3 edges from 43ca714 (vertex names):\n tail head tid hid color weight\n2 A C 1 3 red 9\n3 B C 2 3 red 3".
     Actual value: "+ 2/3 edges from 43ca714 (vertex names):\n tail head tid hid color weight\n2 A C 1 3 red 5\n3 B C 2 3 red 10"
    
     ── 9. Failure: es printing, complex attributes (@test-vs-es-printing.R#101) ───
     `print(E(g)[[1]])` does not match "+ 1/3 edge from 9d7d2fb (vertex names):\n$color\n[1] \"red\"\n\n$weight\n[1] 10\n\n$cmpx\n$cmpx[[1]]\n[1] 1 2 3 4\n\n".
     Actual value: "+ 1/3 edge from 9d7d2fb (vertex names):\n$color\n[1] "red"\n\n$weight\n[1] 1\n\n$cmpx\n$cmpx[[1]]\n[1] 1 2 3 4\n\n"
    
     ── 10. Failure: es printing, complex attributes (@test-vs-es-printing.R#108) ──
     `print(E(g)[[2:3]])` does not match "+ 2/3 edges from 9d7d2fb (vertex names):\n$color\n[1] \"red\" \"red\"\n\n$weight\n[1] 9 3\n\n$cmpx\n$cmpx[[1]]\n[1] 1 2 3 4\n\n$cmpx[[2]]\n[1] 1 2 3 4\n\n".
     Actual value: "+ 2/3 edges from 9d7d2fb (vertex names):\n$color\n[1] "red" "red"\n\n$weight\n[1] 5 10\n\n$cmpx\n$cmpx[[1]]\n[1] 1 2 3 4\n\n$cmpx[[2]]\n[1] 1 2 3 4\n\n"
    
     ── 11. Failure: bipartite_projection works (@test_bipartite.projection.R#25) ──
     `x` not equivalent to `expected`.
     16/25 mismatches (average diff: 1.25)
     [2] 1 - 2 == -1
     [3] 1 - 0 == 1
     [4] 0 - 2 == -2
     [5] 1 - 2 == -1
     [6] 1 - 2 == -1
     [9] 1 - 2 == -1
     [10] 1 - 2 == -1
     [11] 1 - 0 == 1
     [15] 1 - 0 == 1
     ...
    
     ── 12. Failure: bipartite_projection works (@test_bipartite.projection.R#29) ──
     `x` not equivalent to `expected`.
     4/9 mismatches (average diff: 2)
     [2] 1 - 4 == -3
     [3] 0 - 1 == -1
     [4] 1 - 4 == -3
     [7] 0 - 1 == -1
    
     ── 13. Failure: contract works (@test_contract.vertices.R#20) ─────────────────
     `x` not equivalent to `expected`.
     15/25 mismatches (average diff: 4.53)
     [1] 1 - 10 == -9
     [2] 5 - 9 == -4
     [5] 3 - 7 == -4
     [6] 5 - 9 == -4
     [7] 10 - 3 == 7
     [8] 8 - 6 == 2
     [12] 8 - 6 == 2
     [13] 2 - 4 == -2
     [14] 4 - 8 == -4
     ...
    
     ── 14. Failure: LAD stress test (@test_graph.subisomorphic.lad.R#50) ──────────
     `x` isn't false.
    
     ── 15. Failure: LAD stress test (@test_graph.subisomorphic.lad.R#50) ──────────
     `x` isn't false.
    
     ── 16. Failure: weighted cluster_optimal works (@test_optimal.community.R#35) ─
     `x` not equal to `expected`.
     1/1 mismatches
     [1] 0.434 - 0.403 == 0.0307
    
     ── 17. Failure: General scan-stat works, US, scan-0, weighted (@test_scan.R#
     `x` not equal to `expected`.
     1/1 mismatches
     x[1]: "41f71694259d9479383d4113f13eab3d"
     y[1]: "0f8d7ac831389cea04e0bfc5e2510c73"
    
     ── 18. Failure: General scan-stat works, US, scan-1, weighted (@test_scan.R#
     `x` not equal to `expected`.
     1/1 mismatches
     x[1]: "c450a7fa14874b96793eb54b1f67238d"
     y[1]: "af720916ae4b49881745d2dcdd614401"
    
     ── 19. Failure: General scan-stat works, US, scan-2, weighted (@test_scan.R#
     `x` not equal to `expected`.
     1/1 mismatches
     x[1]: "1f0913e1ed3fdf0c404812942b56df8a"
     y[1]: "e02e9d58168ee5d53850497f6d4c76b0"
    
     ── 20. Failure: General scan-stat works, THEM, scan-0, unweighted (@test_sca
     `x` not equal to `expected`.
     1/1 mismatches
     x[1]: "ef658f6b610ce9af554f266ef31376f6"
     y[1]: "f584f7d287f8f89f5f7882165ca41b8c"
    
     ── 21. Failure: General scan-stat works, THEM, scan-0, weighted (@test_scan.
     `x` not equal to `expected`.
     1/1 mismatches
     x[1]: "a88a1dc2c8df1df92c24a01e851ccc4b"
     y[1]: "213db8e7517d1e6406da3dbd55281ed1"
    
     ── 22. Failure: General scan-stat works, THEM, scan-1, unweighted (@test_sca
     `x` not equal to `expected`.
     1/1 mismatches
     x[1]: "2633ec68df530b3355b1817c18821c2b"
     y[1]: "e9ca740ebba2fd1db4abe939954b2638"
    
     ── 23. Failure: General scan-stat works, THEM, scan-1, weighted (@test_scan.
     `x` not equal to `expected`.
     1/1 mismatches
     x[1]: "761ea03ebdb0629f652e57a709f1b873"
     y[1]: "a98e9a03eda7feaae8524dc9348ad74b"
    
     ── 24. Failure: General scan-stat works, THEM, scan-2, unweighted (@test_sca
     `x` not equal to `expected`.
     1/1 mismatches
     x[1]: "c9d999606557319f8c57d9a70b7eb0c8"
     y[1]: "a3237a9a55e9d86ab471c81a291eb03b"
    
     ── 25. Failure: General scan-stat works, THEM, scan-2, weighted (@test_scan.
     `x` not equal to `expected`.
     1/1 mismatches
     x[1]: "9f3f1e67f9724997495ffb0bb69dc007"
     y[1]: "995d0b6a952834ff6e534efc2cfb917b"
    
     ── 26. Failure: Neighborhoods work for us (@test_scan.R#81) ───────────────
     `x` not equal to `expected`.
     1/1 mismatches
     x[1]: "c450a7fa14874b96793eb54b1f67238d"
     y[1]: "af720916ae4b49881745d2dcdd614401"
    
     ── 27. Failure: Neighborhoods work for us (@test_scan.R#87) ───────────────
     `x` not equal to `expected`.
     1/1 mismatches
     x[1]: "1f0913e1ed3fdf0c404812942b56df8a"
     y[1]: "e02e9d58168ee5d53850497f6d4c76b0"
    
     ── 28. Failure: Neighborhoods work for them (@test_scan.R#95) ─────────────
     `x` not equal to `expected`.
     1/1 mismatches
     x[1]: "2633ec68df530b3355b1817c18821c2b"
     y[1]: "e9ca740ebba2fd1db4abe939954b2638"
    
     ── 29. Failure: Neighborhoods work for them (@test_scan.R#97) ─────────────
     `x` not equal to `expected`.
     1/1 mismatches
     x[1]: "761ea03ebdb0629f652e57a709f1b873"
     y[1]: "a98e9a03eda7feaae8524dc9348ad74b"
    
     ── 30. Failure: Neighborhoods work for them (@test_scan.R#101) ────────────
     `x` not equal to `expected`.
     1/1 mismatches
     x[1]: "c9d999606557319f8c57d9a70b7eb0c8"
     y[1]: "a3237a9a55e9d86ab471c81a291eb03b"
    
     ── 31. Failure: Neighborhoods work for them (@test_scan.R#103) ────────────
     `x` not equal to `expected`.
     1/1 mismatches
     x[1]: "9f3f1e67f9724997495ffb0bb69dc007"
     y[1]: "995d0b6a952834ff6e534efc2cfb917b"
    
     ── 32. Failure: General scan-stat works, US, scan-1, weighted, directed (@te
     `x` not equal to `expected`.
     1/1 mismatches
     x[1]: "76711452c3360d7a6151fa755da158d8"
     y[1]: "da8e14f2ba63efc74b5fd7b9d8f79bbc"
    
     ── 33. Failure: General scan-stat works, US, scan-1, weighted, directed (@te
     `x` not equal to `expected`.
     1/1 mismatches
     x[1]: "dfa8749d4ceb636993e0bfceee4cb5b7"
     y[1]: "f5f07eebb907ae0a244195a20971be11"
    
     ══ testthat results ═══════════════════════════════════════════════════════
     OK: 3278 SKIPPED: 4 FAILED: 33
     1. Failure: vs printing (@test-vs-es-printing.R#16)
     2. Failure: vs printing (@test-vs-es-printing.R#22)
     3. Failure: vs printing (@test-vs-es-printing.R#28)
     4. Failure: vs printing (@test-vs-es-printing.R#34)
     5. Failure: vs printing, complex attributes (@test-vs-es-printing.R#52)
     6. Failure: vs printing, complex attributes (@test-vs-es-printing.R#60)
     7. Failure: es printing (@test-vs-es-printing.R#76)
     8. Failure: es printing (@test-vs-es-printing.R#83)
     9. Failure: es printing, complex attributes (@test-vs-es-printing.R#101)
     1. ...
    
     Error: testthat unit tests failed
     Execution halted
Flavor: r-patched-linux-x86_64

Version: 1.2.4
Check: tests
Result: ERROR
     Running ‘testthat.R’ [251s/333s]
    Running the tests in ‘tests/testthat.R’ failed.
    Complete output:
     > library(testthat)
     > library(igraph)
    
     Attaching package: 'igraph'
    
     The following object is masked from 'package:testthat':
    
     compare
    
     The following objects are masked from 'package:stats':
    
     decompose, spectrum
    
     The following object is masked from 'package:base':
    
     union
    
     >
     > test_check("igraph")
     ── 1. Failure: vs printing (@test-vs-es-printing.R#16) ────────────────────────
     `print(V(g)[[1]])` does not match "+ 1/3 vertex, named, from c82b24d:\n name color weight\n1 A red 10".
     Actual value: "+ 1/3 vertex, named, from c82b24d:\n name color weight\n1 A red 1"
    
     ── 2. Failure: vs printing (@test-vs-es-printing.R#22) ────────────────────────
     `print(V(g)[[2]])` does not match "+ 1/3 vertex, named, from c82b24d:\n name color weight\n2 B red 9".
     Actual value: "+ 1/3 vertex, named, from c82b24d:\n name color weight\n2 B red 5"
    
     ── 3. Failure: vs printing (@test-vs-es-printing.R#28) ────────────────────────
     `print(V(g)[[1:2]])` does not match "+ 2/3 vertices, named, from c82b24d:\n name color weight\n1 A red 10\n2 B red 9".
     Actual value: "+ 2/3 vertices, named, from c82b24d:\n name color weight\n1 A red 1\n2 B red 5"
    
     ── 4. Failure: vs printing (@test-vs-es-printing.R#34) ────────────────────────
     `print(V(g)[[2:3]])` does not match "+ 2/3 vertices, named, from c82b24d:\n name color weight\n2 B red 9\n3 C red 3".
     Actual value: "+ 2/3 vertices, named, from c82b24d:\n name color weight\n2 B red 5\n3 C red 10"
    
     ── 5. Failure: vs printing, complex attributes (@test-vs-es-printing.R#52) ────
     `print(V(g)[[1]])` does not match "+ 1/3 vertex, named, from aaa02e9:\n$name\n[1] \"A\"\n\n$color\n[1] \"red\"\n\n$weight\n[1] 10\n\n$cplx\n$cplx[[1]]\n[1] 1 2 3 4\n\n".
     Actual value: "+ 1/3 vertex, named, from aaa02e9:\n$name\n[1] "A"\n\n$color\n[1] "red"\n\n$weight\n[1] 1\n\n$cplx\n$cplx[[1]]\n[1] 1 2 3 4\n\n"
    
     ── 6. Failure: vs printing, complex attributes (@test-vs-es-printing.R#60) ────
     `print(V(g)[[2:3]])` does not match "+ 2/3 vertices, named, from aaa02e9:\n$name\n[1] \"B\" \"C\"\n\n$color\n[1] \"red\" \"red\"\n\n$weight\n[1] 9 3\n\n$cplx\n$cplx[[1]]\n[1] 1 2 3 4\n\n$cplx[[2]]\n[1] 1 2 3 4\n\n".
     Actual value: "+ 2/3 vertices, named, from aaa02e9:\n$name\n[1] "B" "C"\n\n$color\n[1] "red" "red"\n\n$weight\n[1] 5 10\n\n$cplx\n$cplx[[1]]\n[1] 1 2 3 4\n\n$cplx[[2]]\n[1] 1 2 3 4\n\n"
    
     ── 7. Failure: es printing (@test-vs-es-printing.R#76) ────────────────────────
     `print(E(g)[[1]])` does not match "+ 1/3 edge from 5c51c1a (vertex names):\n tail head tid hid color weight\n1 A B 1 2 red 10".
     Actual value: "+ 1/3 edge from 5c51c1a (vertex names):\n tail head tid hid color weight\n1 A B 1 2 red 1"
    
     ── 8. Failure: es printing (@test-vs-es-printing.R#83) ────────────────────────
     `print(E(g)[[2:3]])` does not match "+ 2/3 edges from 5c51c1a (vertex names):\n tail head tid hid color weight\n2 A C 1 3 red 9\n3 B C 2 3 red 3".
     Actual value: "+ 2/3 edges from 5c51c1a (vertex names):\n tail head tid hid color weight\n2 A C 1 3 red 5\n3 B C 2 3 red 10"
    
     ── 9. Failure: es printing, complex attributes (@test-vs-es-printing.R#101) ───
     `print(E(g)[[1]])` does not match "+ 1/3 edge from b182df2 (vertex names):\n$color\n[1] \"red\"\n\n$weight\n[1] 10\n\n$cmpx\n$cmpx[[1]]\n[1] 1 2 3 4\n\n".
     Actual value: "+ 1/3 edge from b182df2 (vertex names):\n$color\n[1] "red"\n\n$weight\n[1] 1\n\n$cmpx\n$cmpx[[1]]\n[1] 1 2 3 4\n\n"
    
     ── 10. Failure: es printing, complex attributes (@test-vs-es-printing.R#108) ──
     `print(E(g)[[2:3]])` does not match "+ 2/3 edges from b182df2 (vertex names):\n$color\n[1] \"red\" \"red\"\n\n$weight\n[1] 9 3\n\n$cmpx\n$cmpx[[1]]\n[1] 1 2 3 4\n\n$cmpx[[2]]\n[1] 1 2 3 4\n\n".
     Actual value: "+ 2/3 edges from b182df2 (vertex names):\n$color\n[1] "red" "red"\n\n$weight\n[1] 5 10\n\n$cmpx\n$cmpx[[1]]\n[1] 1 2 3 4\n\n$cmpx[[2]]\n[1] 1 2 3 4\n\n"
    
     ── 11. Failure: bipartite_projection works (@test_bipartite.projection.R#25) ──
     `x` not equivalent to `expected`.
     16/25 mismatches (average diff: 1.25)
     [2] 1 - 2 == -1
     [3] 1 - 0 == 1
     [4] 0 - 2 == -2
     [5] 1 - 2 == -1
     [6] 1 - 2 == -1
     [9] 1 - 2 == -1
     [10] 1 - 2 == -1
     [11] 1 - 0 == 1
     [15] 1 - 0 == 1
     ...
    
     ── 12. Failure: bipartite_projection works (@test_bipartite.projection.R#29) ──
     `x` not equivalent to `expected`.
     4/9 mismatches (average diff: 2)
     [2] 1 - 4 == -3
     [3] 0 - 1 == -1
     [4] 1 - 4 == -3
     [7] 0 - 1 == -1
    
     ── 13. Failure: contract works (@test_contract.vertices.R#20) ─────────────────
     `x` not equivalent to `expected`.
     15/25 mismatches (average diff: 4.53)
     [1] 1 - 10 == -9
     [2] 5 - 9 == -4
     [5] 3 - 7 == -4
     [6] 5 - 9 == -4
     [7] 10 - 3 == 7
     [8] 8 - 6 == 2
     [12] 8 - 6 == 2
     [13] 2 - 4 == -2
     [14] 4 - 8 == -4
     ...
    
     ── 14. Failure: LAD stress test (@test_graph.subisomorphic.lad.R#50) ──────────
     `x` isn't false.
    
     ── 15. Failure: LAD stress test (@test_graph.subisomorphic.lad.R#50) ──────────
     `x` isn't false.
    
     ── 16. Failure: weighted cluster_optimal works (@test_optimal.community.R#35) ─
     `x` not equal to `expected`.
     1/1 mismatches
     [1] 0.434 - 0.403 == 0.0307
    
     ── 17. Failure: General scan-stat works, US, scan-0, weighted (@test_scan.R#
     `x` not equal to `expected`.
     1/1 mismatches
     x[1]: "41f71694259d9479383d4113f13eab3d"
     y[1]: "0f8d7ac831389cea04e0bfc5e2510c73"
    
     ── 18. Failure: General scan-stat works, US, scan-1, weighted (@test_scan.R#
     `x` not equal to `expected`.
     1/1 mismatches
     x[1]: "c450a7fa14874b96793eb54b1f67238d"
     y[1]: "af720916ae4b49881745d2dcdd614401"
    
     ── 19. Failure: General scan-stat works, US, scan-2, weighted (@test_scan.R#
     `x` not equal to `expected`.
     1/1 mismatches
     x[1]: "1f0913e1ed3fdf0c404812942b56df8a"
     y[1]: "e02e9d58168ee5d53850497f6d4c76b0"
    
     ── 20. Failure: General scan-stat works, THEM, scan-0, unweighted (@test_sca
     `x` not equal to `expected`.
     1/1 mismatches
     x[1]: "ef658f6b610ce9af554f266ef31376f6"
     y[1]: "f584f7d287f8f89f5f7882165ca41b8c"
    
     ── 21. Failure: General scan-stat works, THEM, scan-0, weighted (@test_scan.
     `x` not equal to `expected`.
     1/1 mismatches
     x[1]: "a88a1dc2c8df1df92c24a01e851ccc4b"
     y[1]: "213db8e7517d1e6406da3dbd55281ed1"
    
     ── 22. Failure: General scan-stat works, THEM, scan-1, unweighted (@test_sca
     `x` not equal to `expected`.
     1/1 mismatches
     x[1]: "2633ec68df530b3355b1817c18821c2b"
     y[1]: "e9ca740ebba2fd1db4abe939954b2638"
    
     ── 23. Failure: General scan-stat works, THEM, scan-1, weighted (@test_scan.
     `x` not equal to `expected`.
     1/1 mismatches
     x[1]: "761ea03ebdb0629f652e57a709f1b873"
     y[1]: "a98e9a03eda7feaae8524dc9348ad74b"
    
     ── 24. Failure: General scan-stat works, THEM, scan-2, unweighted (@test_sca
     `x` not equal to `expected`.
     1/1 mismatches
     x[1]: "c9d999606557319f8c57d9a70b7eb0c8"
     y[1]: "a3237a9a55e9d86ab471c81a291eb03b"
    
     ── 25. Failure: General scan-stat works, THEM, scan-2, weighted (@test_scan.
     `x` not equal to `expected`.
     1/1 mismatches
     x[1]: "9f3f1e67f9724997495ffb0bb69dc007"
     y[1]: "995d0b6a952834ff6e534efc2cfb917b"
    
     ── 26. Failure: Neighborhoods work for us (@test_scan.R#81) ───────────────
     `x` not equal to `expected`.
     1/1 mismatches
     x[1]: "c450a7fa14874b96793eb54b1f67238d"
     y[1]: "af720916ae4b49881745d2dcdd614401"
    
     ── 27. Failure: Neighborhoods work for us (@test_scan.R#87) ───────────────
     `x` not equal to `expected`.
     1/1 mismatches
     x[1]: "1f0913e1ed3fdf0c404812942b56df8a"
     y[1]: "e02e9d58168ee5d53850497f6d4c76b0"
    
     ── 28. Failure: Neighborhoods work for them (@test_scan.R#95) ─────────────
     `x` not equal to `expected`.
     1/1 mismatches
     x[1]: "2633ec68df530b3355b1817c18821c2b"
     y[1]: "e9ca740ebba2fd1db4abe939954b2638"
    
     ── 29. Failure: Neighborhoods work for them (@test_scan.R#97) ─────────────
     `x` not equal to `expected`.
     1/1 mismatches
     x[1]: "761ea03ebdb0629f652e57a709f1b873"
     y[1]: "a98e9a03eda7feaae8524dc9348ad74b"
    
     ── 30. Failure: Neighborhoods work for them (@test_scan.R#101) ────────────
     `x` not equal to `expected`.
     1/1 mismatches
     x[1]: "c9d999606557319f8c57d9a70b7eb0c8"
     y[1]: "a3237a9a55e9d86ab471c81a291eb03b"
    
     ── 31. Failure: Neighborhoods work for them (@test_scan.R#103) ────────────
     `x` not equal to `expected`.
     1/1 mismatches
     x[1]: "9f3f1e67f9724997495ffb0bb69dc007"
     y[1]: "995d0b6a952834ff6e534efc2cfb917b"
    
     ── 32. Failure: General scan-stat works, US, scan-1, weighted, directed (@te
     `x` not equal to `expected`.
     1/1 mismatches
     x[1]: "76711452c3360d7a6151fa755da158d8"
     y[1]: "da8e14f2ba63efc74b5fd7b9d8f79bbc"
    
     ── 33. Failure: General scan-stat works, US, scan-1, weighted, directed (@te
     `x` not equal to `expected`.
     1/1 mismatches
     x[1]: "dfa8749d4ceb636993e0bfceee4cb5b7"
     y[1]: "f5f07eebb907ae0a244195a20971be11"
    
     ══ testthat results ═══════════════════════════════════════════════════════
     OK: 3275 SKIPPED: 6 FAILED: 33
     1. Failure: vs printing (@test-vs-es-printing.R#16)
     2. Failure: vs printing (@test-vs-es-printing.R#22)
     3. Failure: vs printing (@test-vs-es-printing.R#28)
     4. Failure: vs printing (@test-vs-es-printing.R#34)
     5. Failure: vs printing, complex attributes (@test-vs-es-printing.R#52)
     6. Failure: vs printing, complex attributes (@test-vs-es-printing.R#60)
     7. Failure: es printing (@test-vs-es-printing.R#76)
     8. Failure: es printing (@test-vs-es-printing.R#83)
     9. Failure: es printing, complex attributes (@test-vs-es-printing.R#101)
     1. ...
    
     Error: testthat unit tests failed
     Execution halted
Flavor: r-patched-solaris-x86