Last updated on 2022-07-05 23:55:43 CEST.
Flavor | Version | Tinstall | Tcheck | Ttotal | Status | Flags |
---|---|---|---|---|---|---|
r-devel-linux-x86_64-debian-clang | 3.3.0 | 11.44 | 272.13 | 283.57 | OK | |
r-devel-linux-x86_64-debian-gcc | 3.3.0 | 9.01 | 189.68 | 198.69 | OK | |
r-devel-linux-x86_64-fedora-clang | 3.3.0 | 323.39 | NOTE | |||
r-devel-linux-x86_64-fedora-gcc | 3.3.0 | 325.07 | NOTE | |||
r-devel-windows-x86_64 | 3.3.0 | 41.00 | 342.00 | 383.00 | OK | |
r-patched-linux-x86_64 | 3.3.0 | 18.57 | 245.94 | 264.51 | OK | |
r-release-linux-x86_64 | 3.3.0 | 10.52 | 245.79 | 256.31 | OK | |
r-release-macos-arm64 | 3.3.0 | 117.00 | NOTE | |||
r-release-macos-x86_64 | 3.3.0 | 176.00 | NOTE | |||
r-release-windows-x86_64 | 3.3.0 | 43.00 | 335.00 | 378.00 | OK | |
r-oldrel-macos-arm64 | 3.3.0 | 108.00 | NOTE | |||
r-oldrel-macos-x86_64 | 3.3.0 | 130.00 | NOTE | |||
r-oldrel-windows-ix86+x86_64 | 3.3.0 | 26.00 | 312.00 | 338.00 | OK |
Version: 3.3.0
Check: dependencies in R code
Result: NOTE
Namespace in Imports field not imported from: ‘plotly’
All declared Imports should be used.
Flavors: r-devel-linux-x86_64-fedora-clang, r-devel-linux-x86_64-fedora-gcc, r-release-macos-arm64, r-release-macos-x86_64, r-oldrel-macos-arm64, r-oldrel-macos-x86_64