CRAN Package Check Results for Package igate

Last updated on 2020-05-31 23:47:38 CEST.

Flavor Version Tinstall Tcheck Ttotal Status Flags
r-devel-linux-x86_64-debian-clang 0.3.3 6.49 63.74 70.23 OK
r-devel-linux-x86_64-debian-gcc 0.3.3 5.27 49.68 54.95 OK
r-devel-linux-x86_64-fedora-clang 0.3.3 91.27 NOTE
r-devel-linux-x86_64-fedora-gcc 0.3.3 84.30 NOTE
r-devel-windows-ix86+x86_64 0.3.3 23.00 116.00 139.00 OK
r-patched-linux-x86_64 0.3.3 5.67 63.77 69.44 OK
r-patched-solaris-x86 0.3.3 121.90 NOTE
r-release-linux-x86_64 0.3.3 5.95 64.08 70.03 OK
r-release-osx-x86_64 0.3.3 NOTE
r-release-windows-ix86+x86_64 0.3.3 17.00 162.00 179.00 OK
r-oldrel-osx-x86_64 0.3.3 NOTE
r-oldrel-windows-ix86+x86_64 0.3.3 14.00 82.00 96.00 OK

Check Details

Version: 0.3.3
Check: dependencies in R code
Result: NOTE
    Namespaces in Imports field not imported from:
     ‘kableExtra’ ‘knitr’ ‘xtable’
     All declared Imports should be used.
Flavors: r-devel-linux-x86_64-fedora-clang, r-devel-linux-x86_64-fedora-gcc, r-patched-solaris-x86, r-release-osx-x86_64, r-oldrel-osx-x86_64