CRAN Package Check Results for Package igate

Last updated on 2019-11-10 23:48:29 CET.

Flavor Version Tinstall Tcheck Ttotal Status Flags
r-devel-linux-x86_64-debian-clang 0.3.3 5.58 58.17 63.75 OK
r-devel-linux-x86_64-debian-gcc 0.3.3 4.44 44.99 49.43 OK
r-devel-linux-x86_64-fedora-clang 0.3.3 73.80 NOTE
r-devel-linux-x86_64-fedora-gcc 0.3.3 74.60 NOTE
r-devel-windows-ix86+x86_64 0.3.3 16.00 79.00 95.00 OK
r-patched-linux-x86_64 0.3.3 5.08 56.76 61.84 OK
r-patched-solaris-x86 0.3.3 107.50 NOTE
r-release-linux-x86_64 0.3.3 5.41 55.79 61.20 OK
r-release-windows-ix86+x86_64 0.3.3 18.00 82.00 100.00 OK
r-release-osx-x86_64 0.3.3 NOTE
r-oldrel-windows-ix86+x86_64 0.3.2 8.00 75.00 83.00 OK
r-oldrel-osx-x86_64 0.3.3 ERROR

Check Details

Version: 0.3.3
Check: dependencies in R code
Result: NOTE
    Namespaces in Imports field not imported from:
     ‘kableExtra’ ‘knitr’ ‘xtable’
     All declared Imports should be used.
Flavors: r-devel-linux-x86_64-fedora-clang, r-devel-linux-x86_64-fedora-gcc, r-patched-solaris-x86, r-release-osx-x86_64

Version: 0.3.3
Check: whether package can be installed
Result: ERROR
    Installation failed.
Flavor: r-oldrel-osx-x86_64